{"id":298564,"date":"2026-02-16T15:29:42","date_gmt":"2026-02-16T20:29:42","guid":{"rendered":"https:\/\/arriendo.com\/co\/%es_type%\/%address_city%\/%neighborhood%\/pereira-pinares-oficina-en-arriendo-6309dd\/"},"modified":"2026-02-16T15:29:42","modified_gmt":"2026-02-16T20:29:42","slug":"AR-298564","status":"publish","type":"properties","link":"https:\/\/arriendo.com\/co\/oficinas\/pereira\/pinares\/AR-298564\/","title":{"rendered":"Oficina en  Arriendo en Pinares, Pereira"},"content":{"rendered":"<p>Oficinas en Pinares: Espacio Ideal para Tu Negocio<br \/>\nDescubre una excepcional oportunidad de arrendamiento o venta de oficinas en la exclusiva zona de Pinares, un \u00e1rea de estrato 6 que te ofrece comodidad y prestigio.<\/p>\n<p>Caracter\u00edsticas Destacadas:<br \/>\n\u00c1rea Total: 338 m\u00b2<br \/>\nBa\u00f1os: 6 ba\u00f1os equipados<br \/>\nCocina: Cocina semintegral funcional<br \/>\nPisos: Elegantes pisos en porcelanato<br \/>\nEstacionamiento: Parqueadero cubierto<br \/>\nAmenidades del Edificio:<br \/>\nSeguridad: Porter\u00eda y vigilancia las 24 horas<br \/>\nAccesibilidad: Ascensor y parqueadero para visitantes<br \/>\nUbicaci\u00f3n Estrat\u00e9gica: A pocos pasos de supermercados, restaurantes, parques, centros comerciales, universidades y colegios. Transporte de f\u00e1cil acceso.<br \/>\nPrecios:<br \/>\nArriendo: $15,000,000 COP<br \/>\nVenta: $2,600,000,000 COP<br \/>\n\u00a1No pierdas esta oportunidad!<br \/>\nCont\u00e1ctanos para m\u00e1s informaci\u00f3n sobre el canon, administraci\u00f3n y IVA. Tu nuevo espacio de trabajo te espera en Pinares, donde la calidad y la comodidad se encuentran.<\/p>\n","protected":false},"excerpt":{"rendered":"Oficinas en Pinares: Espacio Ideal para Tu Negocio Descubre una...","protected":false},"author":1797,"featured_media":298567,"template":"","es_locations":[231,346,102],"es_categories":[124],"es_types":[116],"es_rent_periods":[],"es_labels":[],"es_statuses":[],"es_parkings":[],"es_roofs":[],"es_exterior_materials":[],"es_basements":[],"es_floor_coverings":[],"es_features":[131,2131,2216,2132,2272,2133,2134,2239,143,2136,2297,2137,2152],"es_amenities":[152,2139,156,2140,2273,158,2141,2256,2290,2143,2299,2144,2162],"es_neighborhoods":[],"es_tags":[],"class_list":["post-298564","properties","type-properties","status-publish","has-post-thumbnail","hentry","es_location-pereira","es_location-pinares","es_location-risaralda","es_category-arriendo","es_type-oficinas","es_feature-ascensor","es_feature-circuito-cerrado-de-tv","es_feature-parqueadero-visitantes","es_feature-parques-cercanos","es_feature-piso-en-baldosa-marmol","es_feature-porteria-recepcion","es_feature-servicios-publicos","es_feature-sobre-via-secundaria","es_feature-terraza","es_feature-trans-publico-cercano","es_feature-ubicada-en-edificio","es_feature-zona-comercial","es_feature-zona-residencial","es_amenity-ascensor-privado","es_amenity-circuito-cerrado-de-tv","es_amenity-parqueadero-visitantes","es_amenity-parques-cercanos","es_amenity-piso-en-baldosa-marmol","es_amenity-porteria-recepcion","es_amenity-servicios-publicos","es_amenity-sobre-via-secundaria","es_amenity-terraza","es_amenity-trans-publico-cercano","es_amenity-ubicada-en-edificio","es_amenity-zona-comercial","es_amenity-zona-residencial","es-post-entity"],"_links":{"self":[{"href":"https:\/\/arriendo.com\/co\/wp-json\/wp\/v2\/properties\/298564","targetHints":{"allow":["GET"]}}],"collection":[{"href":"https:\/\/arriendo.com\/co\/wp-json\/wp\/v2\/properties"}],"about":[{"href":"https:\/\/arriendo.com\/co\/wp-json\/wp\/v2\/types\/properties"}],"author":[{"embeddable":true,"href":"https:\/\/arriendo.com\/co\/wp-json\/wp\/v2\/users\/1797"}],"version-history":[{"count":0,"href":"https:\/\/arriendo.com\/co\/wp-json\/wp\/v2\/properties\/298564\/revisions"}],"wp:featuredmedia":[{"embeddable":true,"href":"https:\/\/arriendo.com\/co\/wp-json\/wp\/v2\/media\/298567"}],"wp:attachment":[{"href":"https:\/\/arriendo.com\/co\/wp-json\/wp\/v2\/media?parent=298564"}],"wp:term":[{"taxonomy":"es_location","embeddable":true,"href":"https:\/\/arriendo.com\/co\/wp-json\/wp\/v2\/es_locations?post=298564"},{"taxonomy":"es_category","embeddable":true,"href":"https:\/\/arriendo.com\/co\/wp-json\/wp\/v2\/es_categories?post=298564"},{"taxonomy":"es_type","embeddable":true,"href":"https:\/\/arriendo.com\/co\/wp-json\/wp\/v2\/es_types?post=298564"},{"taxonomy":"es_rent_period","embeddable":true,"href":"https:\/\/arriendo.com\/co\/wp-json\/wp\/v2\/es_rent_periods?post=298564"},{"taxonomy":"es_label","embeddable":true,"href":"https:\/\/arriendo.com\/co\/wp-json\/wp\/v2\/es_labels?post=298564"},{"taxonomy":"es_status","embeddable":true,"href":"https:\/\/arriendo.com\/co\/wp-json\/wp\/v2\/es_statuses?post=298564"},{"taxonomy":"es_parking","embeddable":true,"href":"https:\/\/arriendo.com\/co\/wp-json\/wp\/v2\/es_parkings?post=298564"},{"taxonomy":"es_roof","embeddable":true,"href":"https:\/\/arriendo.com\/co\/wp-json\/wp\/v2\/es_roofs?post=298564"},{"taxonomy":"es_exterior_material","embeddable":true,"href":"https:\/\/arriendo.com\/co\/wp-json\/wp\/v2\/es_exterior_materials?post=298564"},{"taxonomy":"es_basement","embeddable":true,"href":"https:\/\/arriendo.com\/co\/wp-json\/wp\/v2\/es_basements?post=298564"},{"taxonomy":"es_floor_covering","embeddable":true,"href":"https:\/\/arriendo.com\/co\/wp-json\/wp\/v2\/es_floor_coverings?post=298564"},{"taxonomy":"es_feature","embeddable":true,"href":"https:\/\/arriendo.com\/co\/wp-json\/wp\/v2\/es_features?post=298564"},{"taxonomy":"es_amenity","embeddable":true,"href":"https:\/\/arriendo.com\/co\/wp-json\/wp\/v2\/es_amenities?post=298564"},{"taxonomy":"es_neighborhood","embeddable":true,"href":"https:\/\/arriendo.com\/co\/wp-json\/wp\/v2\/es_neighborhoods?post=298564"},{"taxonomy":"es_tag","embeddable":true,"href":"https:\/\/arriendo.com\/co\/wp-json\/wp\/v2\/es_tags?post=298564"}],"curies":[{"name":"wp","href":"https:\/\/api.w.org\/{rel}","templated":true}]}}

<p>Oficinas en Pinares: Espacio Ideal para Tu Negocio<br />
Descubre una excepcional oportunidad de arrendamiento o venta de oficinas en la exclusiva zona de Pinares, un área de estrato 6 que te ofrece comodidad y prestigio.</p>
<p>Características Destacadas:<br />
Área Total: 338 m²<br />
Baños: 6 baños equipados<br />
Cocina: Cocina semintegral funcional<br />
Pisos: Elegantes pisos en porcelanato<br />
Estacionamiento: Parqueadero cubierto<br />
Amenidades del Edificio:<br />
Seguridad: Portería y vigilancia las 24 horas<br />
Accesibilidad: Ascensor y parqueadero para visitantes<br />
Ubicación Estratégica: A pocos pasos de supermercados, restaurantes, parques, centros comerciales, universidades y colegios. Transporte de fácil acceso.<br />
Precios:<br />
Arriendo: $15,000,000 COP<br />
Venta: $2,600,000,000 COP<br />
¡No pierdas esta oportunidad!<br />
Contáctanos para más información sobre el canon, administración y IVA. Tu nuevo espacio de trabajo te espera en Pinares, donde la calidad y la comodidad se encuentran.</p>
