{"id":298557,"date":"2026-02-16T15:29:24","date_gmt":"2026-02-16T20:29:24","guid":{"rendered":"https:\/\/arriendo.com\/co\/%es_type%\/%address_city%\/%neighborhood%\/pereira-pinares-oficina-en-arriendo-4e5450\/"},"modified":"2026-02-16T15:29:25","modified_gmt":"2026-02-16T20:29:25","slug":"AR-298557","status":"publish","type":"properties","link":"https:\/\/arriendo.com\/co\/oficinas\/pereira\/pinares\/AR-298557\/","title":{"rendered":"Oficina en  Arriendo en Pinares, Pereira"},"content":{"rendered":"<p>Oficina en Renta en Los Pinares, Pereira<br \/>\n\u00a1Oportunidad Perfecta para Tu Negocio!<\/p>\n<p>Moderna oficina de 18 m\u00b2 en el prestigioso sector de Pinares. Ideal para empresas que buscan un espacio funcional y bien ubicado.<\/p>\n<p>Caracter\u00edsticas:<br \/>\nUbicaci\u00f3n Estrat\u00e9gica: Acceso f\u00e1cil a v\u00edas principales y zonas comerciales.<br \/>\nDise\u00f1o Funcional: Espacios bien distribuidos con acabados de alta calidad.<br \/>\nComodidades: Ba\u00f1os p\u00fablicos para todos los visitantes.<br \/>\n\u00c1rea de Recepci\u00f3n: Amplia y acogedora.<br \/>\nParqueadero Privado: Comodidad para clientes y empleados.<br \/>\nSeguridad Privada: Protecci\u00f3n para tu inversi\u00f3n.<br \/>\nDetalles de Renta:<br \/>\nPrecio: $2,100,000 mensuales (incluida administraci\u00f3n).<br \/>\n\u00a1Cont\u00e1ctanos para m\u00e1s informaci\u00f3n y asegura tu espacio hoy mismo!<\/p>\n","protected":false},"excerpt":{"rendered":"Oficina en Renta en Los Pinares, Pereira \u00a1Oportunidad Perfecta para...","protected":false},"author":1797,"featured_media":298560,"template":"","es_locations":[231,346,102],"es_categories":[124],"es_types":[116],"es_rent_periods":[],"es_labels":[],"es_statuses":[],"es_parkings":[],"es_roofs":[],"es_exterior_materials":[],"es_basements":[],"es_floor_coverings":[],"es_features":[131,2130,2131,2430,2216,2132,2272,2133,2135,2136,2137,2152],"es_amenities":[152,2138,2139,2434,156,2140,2273,158,2142,2143,2144,2162],"es_neighborhoods":[],"es_tags":[],"class_list":["post-298557","properties","type-properties","status-publish","has-post-thumbnail","hentry","es_location-pereira","es_location-pinares","es_location-risaralda","es_category-arriendo","es_type-oficinas","es_feature-ascensor","es_feature-banos-comunales","es_feature-circuito-cerrado-de-tv","es_feature-deteccion-de-humo","es_feature-parqueadero-visitantes","es_feature-parques-cercanos","es_feature-piso-en-baldosa-marmol","es_feature-porteria-recepcion","es_feature-sobre-via-principal","es_feature-trans-publico-cercano","es_feature-zona-comercial","es_feature-zona-residencial","es_amenity-ascensor-privado","es_amenity-banos-comunales","es_amenity-circuito-cerrado-de-tv","es_amenity-deteccion-de-humo","es_amenity-parqueadero-visitantes","es_amenity-parques-cercanos","es_amenity-piso-en-baldosa-marmol","es_amenity-porteria-recepcion","es_amenity-sobre-via-principal","es_amenity-trans-publico-cercano","es_amenity-zona-comercial","es_amenity-zona-residencial","es-post-entity"],"_links":{"self":[{"href":"https:\/\/arriendo.com\/co\/wp-json\/wp\/v2\/properties\/298557","targetHints":{"allow":["GET"]}}],"collection":[{"href":"https:\/\/arriendo.com\/co\/wp-json\/wp\/v2\/properties"}],"about":[{"href":"https:\/\/arriendo.com\/co\/wp-json\/wp\/v2\/types\/properties"}],"author":[{"embeddable":true,"href":"https:\/\/arriendo.com\/co\/wp-json\/wp\/v2\/users\/1797"}],"version-history":[{"count":0,"href":"https:\/\/arriendo.com\/co\/wp-json\/wp\/v2\/properties\/298557\/revisions"}],"wp:featuredmedia":[{"embeddable":true,"href":"https:\/\/arriendo.com\/co\/wp-json\/wp\/v2\/media\/298560"}],"wp:attachment":[{"href":"https:\/\/arriendo.com\/co\/wp-json\/wp\/v2\/media?parent=298557"}],"wp:term":[{"taxonomy":"es_location","embeddable":true,"href":"https:\/\/arriendo.com\/co\/wp-json\/wp\/v2\/es_locations?post=298557"},{"taxonomy":"es_category","embeddable":true,"href":"https:\/\/arriendo.com\/co\/wp-json\/wp\/v2\/es_categories?post=298557"},{"taxonomy":"es_type","embeddable":true,"href":"https:\/\/arriendo.com\/co\/wp-json\/wp\/v2\/es_types?post=298557"},{"taxonomy":"es_rent_period","embeddable":true,"href":"https:\/\/arriendo.com\/co\/wp-json\/wp\/v2\/es_rent_periods?post=298557"},{"taxonomy":"es_label","embeddable":true,"href":"https:\/\/arriendo.com\/co\/wp-json\/wp\/v2\/es_labels?post=298557"},{"taxonomy":"es_status","embeddable":true,"href":"https:\/\/arriendo.com\/co\/wp-json\/wp\/v2\/es_statuses?post=298557"},{"taxonomy":"es_parking","embeddable":true,"href":"https:\/\/arriendo.com\/co\/wp-json\/wp\/v2\/es_parkings?post=298557"},{"taxonomy":"es_roof","embeddable":true,"href":"https:\/\/arriendo.com\/co\/wp-json\/wp\/v2\/es_roofs?post=298557"},{"taxonomy":"es_exterior_material","embeddable":true,"href":"https:\/\/arriendo.com\/co\/wp-json\/wp\/v2\/es_exterior_materials?post=298557"},{"taxonomy":"es_basement","embeddable":true,"href":"https:\/\/arriendo.com\/co\/wp-json\/wp\/v2\/es_basements?post=298557"},{"taxonomy":"es_floor_covering","embeddable":true,"href":"https:\/\/arriendo.com\/co\/wp-json\/wp\/v2\/es_floor_coverings?post=298557"},{"taxonomy":"es_feature","embeddable":true,"href":"https:\/\/arriendo.com\/co\/wp-json\/wp\/v2\/es_features?post=298557"},{"taxonomy":"es_amenity","embeddable":true,"href":"https:\/\/arriendo.com\/co\/wp-json\/wp\/v2\/es_amenities?post=298557"},{"taxonomy":"es_neighborhood","embeddable":true,"href":"https:\/\/arriendo.com\/co\/wp-json\/wp\/v2\/es_neighborhoods?post=298557"},{"taxonomy":"es_tag","embeddable":true,"href":"https:\/\/arriendo.com\/co\/wp-json\/wp\/v2\/es_tags?post=298557"}],"curies":[{"name":"wp","href":"https:\/\/api.w.org\/{rel}","templated":true}]}}

<p>Oficina en Renta en Los Pinares, Pereira<br />
¡Oportunidad Perfecta para Tu Negocio!</p>
<p>Moderna oficina de 18 m² en el prestigioso sector de Pinares. Ideal para empresas que buscan un espacio funcional y bien ubicado.</p>
<p>Características:<br />
Ubicación Estratégica: Acceso fácil a vías principales y zonas comerciales.<br />
Diseño Funcional: Espacios bien distribuidos con acabados de alta calidad.<br />
Comodidades: Baños públicos para todos los visitantes.<br />
Área de Recepción: Amplia y acogedora.<br />
Parqueadero Privado: Comodidad para clientes y empleados.<br />
Seguridad Privada: Protección para tu inversión.<br />
Detalles de Renta:<br />
Precio: $2,100,000 mensuales (incluida administración).<br />
¡Contáctanos para más información y asegura tu espacio hoy mismo!</p>
