{"id":298505,"date":"2026-02-16T15:19:47","date_gmt":"2026-02-16T20:19:47","guid":{"rendered":"https:\/\/arriendo.com\/co\/%es_type%\/%address_city%\/%neighborhood%\/pereira-sector-lago-uribe-local-en-arriendo-en-320c97\/"},"modified":"2026-02-16T15:19:47","modified_gmt":"2026-02-16T20:19:47","slug":"AR-298505","status":"publish","type":"properties","link":"https:\/\/arriendo.com\/co\/locales\/pereira\/sector-lago-uribe\/AR-298505\/","title":{"rendered":"Local en Arriendo en Sector lago uribe, Pereira"},"content":{"rendered":"<p>Local para Cl\u00ednica Odontol\u00f3gica &#8211; Frente al Parque El Lago, Pereira<br \/>\n\u00a1Oportunidad \u00danica en Ubicaci\u00f3n Premium!<\/p>\n<p>Arrendamos local completamente adaptado y equipado para cl\u00ednica odontol\u00f3gica, ubicado estrat\u00e9gicamente frente al ic\u00f3nico Parque El Lago en Pereira, Risaralda. Ideal para profesionales o grupos odontol\u00f3gicos que busquen operar inmediatamente en un lugar visible y de alto tr\u00e1fico.<\/p>\n<p>Caracter\u00edsticas Clave:<\/p>\n<p>3 Unidades Odontol\u00f3gicas: 1 unidad totalmente equipada y listas para uso.<\/p>\n<p>Sala Plomada para Radiograf\u00edas: Con c\u00e1mara interna, lista para operar.<\/p>\n<p>Infraestructura Certificada: Sala de esterilizaci\u00f3n aprobada por Secretar\u00eda de Salud (2025).<\/p>\n<p>\u00c1reas Especializadas: Zonas diferenciadas para residuos peligrosos y ordinarios, \u00e1rea de aseo general.<\/p>\n<p>Comodidad y Seguridad: Aire acondicionado central, circuito cerrado de TV (c\u00e1maras internas).<\/p>\n<p>Espacios Complementarios: Recepi\u00f3n profesional, amplia sala de espera, oficina privada.<\/p>\n<p>\u00c1rea de Personal: Zona de descanso equipada con cocineta y zona de servidores central.<\/p>\n<p>Accesibilidad: 3 ba\u00f1os en total, 2 adaptados para p\u00fablico con discapacidad.<\/p>\n<p>\u00c1rea Construida: 115 m\u00b2.<\/p>\n<p>Operativo y Listo: Este local cuenta con toda la infraestructura y equipamiento esencial necesario para iniciar operaciones odontol\u00f3gicas de forma r\u00e1pida y cumpliendo con las normativas.<\/p>\n<p>Inversi\u00f3n Mensual: $10.000.000 COP (Diez Millones de Pesos Colombianos).<\/p>\n<p>\u00a1No pierda esta oportunidad de establecerse en una de las mejores ubicaciones de Pereira!<\/p>\n","protected":false},"excerpt":{"rendered":"Local para Cl\u00ednica Odontol\u00f3gica &#8211; Frente al Parque El Lago,...","protected":false},"author":1797,"featured_media":298508,"template":"","es_locations":[231,102,2961],"es_categories":[124],"es_types":[117],"es_rent_periods":[],"es_labels":[],"es_statuses":[],"es_parkings":[],"es_roofs":[],"es_exterior_materials":[],"es_basements":[],"es_floor_coverings":[],"es_features":[149,2131,2302,151,2454,2296,2201,2488,2272,2181,2610,2135,2228,2241,2242,2137],"es_amenities":[2329,2139,2303,2270,2456,2298,2206,2489,2273,2611,2142,2258,161,2259,2260,2144],"es_neighborhoods":[],"es_tags":[],"class_list":["post-298505","properties","type-properties","status-publish","has-post-thumbnail","hentry","es_location-pereira","es_location-risaralda","es_location-sector-lago-uribe","es_category-arriendo","es_type-locales","es_feature-aire-acondicionado","es_feature-circuito-cerrado-de-tv","es_feature-cocineta","es_feature-deposito-bodega","es_feature-en-centro-comercial","es_feature-en-edificio","es_feature-en-zona-comercial","es_feature-pasaje-comercial","es_feature-piso-en-baldosa-marmol","es_feature-porteria-vigilancia","es_feature-sensor-de-movimiento","es_feature-sobre-via-principal","es_feature-ventilacion-natural","es_feature-vigilancia-24x7","es_feature-vigilancia-privada-247","es_feature-zona-comercial","es_amenity-aire-acondicionado","es_amenity-circuito-cerrado-de-tv","es_amenity-cocineta","es_amenity-deposito-bodega","es_amenity-en-centro-comercial","es_amenity-en-edificio","es_amenity-en-zona-comercial","es_amenity-pasaje-comercial","es_amenity-piso-en-baldosa-marmol","es_amenity-sensor-de-movimiento","es_amenity-sobre-via-principal","es_amenity-ventilacion-natural","es_amenity-vigilancia-24-7","es_amenity-vigilancia-24x7","es_amenity-vigilancia-privada-247","es_amenity-zona-comercial","es-post-entity"],"_links":{"self":[{"href":"https:\/\/arriendo.com\/co\/wp-json\/wp\/v2\/properties\/298505","targetHints":{"allow":["GET"]}}],"collection":[{"href":"https:\/\/arriendo.com\/co\/wp-json\/wp\/v2\/properties"}],"about":[{"href":"https:\/\/arriendo.com\/co\/wp-json\/wp\/v2\/types\/properties"}],"author":[{"embeddable":true,"href":"https:\/\/arriendo.com\/co\/wp-json\/wp\/v2\/users\/1797"}],"version-history":[{"count":0,"href":"https:\/\/arriendo.com\/co\/wp-json\/wp\/v2\/properties\/298505\/revisions"}],"wp:featuredmedia":[{"embeddable":true,"href":"https:\/\/arriendo.com\/co\/wp-json\/wp\/v2\/media\/298508"}],"wp:attachment":[{"href":"https:\/\/arriendo.com\/co\/wp-json\/wp\/v2\/media?parent=298505"}],"wp:term":[{"taxonomy":"es_location","embeddable":true,"href":"https:\/\/arriendo.com\/co\/wp-json\/wp\/v2\/es_locations?post=298505"},{"taxonomy":"es_category","embeddable":true,"href":"https:\/\/arriendo.com\/co\/wp-json\/wp\/v2\/es_categories?post=298505"},{"taxonomy":"es_type","embeddable":true,"href":"https:\/\/arriendo.com\/co\/wp-json\/wp\/v2\/es_types?post=298505"},{"taxonomy":"es_rent_period","embeddable":true,"href":"https:\/\/arriendo.com\/co\/wp-json\/wp\/v2\/es_rent_periods?post=298505"},{"taxonomy":"es_label","embeddable":true,"href":"https:\/\/arriendo.com\/co\/wp-json\/wp\/v2\/es_labels?post=298505"},{"taxonomy":"es_status","embeddable":true,"href":"https:\/\/arriendo.com\/co\/wp-json\/wp\/v2\/es_statuses?post=298505"},{"taxonomy":"es_parking","embeddable":true,"href":"https:\/\/arriendo.com\/co\/wp-json\/wp\/v2\/es_parkings?post=298505"},{"taxonomy":"es_roof","embeddable":true,"href":"https:\/\/arriendo.com\/co\/wp-json\/wp\/v2\/es_roofs?post=298505"},{"taxonomy":"es_exterior_material","embeddable":true,"href":"https:\/\/arriendo.com\/co\/wp-json\/wp\/v2\/es_exterior_materials?post=298505"},{"taxonomy":"es_basement","embeddable":true,"href":"https:\/\/arriendo.com\/co\/wp-json\/wp\/v2\/es_basements?post=298505"},{"taxonomy":"es_floor_covering","embeddable":true,"href":"https:\/\/arriendo.com\/co\/wp-json\/wp\/v2\/es_floor_coverings?post=298505"},{"taxonomy":"es_feature","embeddable":true,"href":"https:\/\/arriendo.com\/co\/wp-json\/wp\/v2\/es_features?post=298505"},{"taxonomy":"es_amenity","embeddable":true,"href":"https:\/\/arriendo.com\/co\/wp-json\/wp\/v2\/es_amenities?post=298505"},{"taxonomy":"es_neighborhood","embeddable":true,"href":"https:\/\/arriendo.com\/co\/wp-json\/wp\/v2\/es_neighborhoods?post=298505"},{"taxonomy":"es_tag","embeddable":true,"href":"https:\/\/arriendo.com\/co\/wp-json\/wp\/v2\/es_tags?post=298505"}],"curies":[{"name":"wp","href":"https:\/\/api.w.org\/{rel}","templated":true}]}}

<p>Local para Clínica Odontológica &#8211; Frente al Parque El Lago, Pereira<br />
¡Oportunidad Única en Ubicación Premium!</p>
<p>Arrendamos local completamente adaptado y equipado para clínica odontológica, ubicado estratégicamente frente al icónico Parque El Lago en Pereira, Risaralda. Ideal para profesionales o grupos odontológicos que busquen operar inmediatamente en un lugar visible y de alto tráfico.</p>
<p>Características Clave:</p>
<p>3 Unidades Odontológicas: 1 unidad totalmente equipada y listas para uso.</p>
<p>Sala Plomada para Radiografías: Con cámara interna, lista para operar.</p>
<p>Infraestructura Certificada: Sala de esterilización aprobada por Secretaría de Salud (2025).</p>
<p>Áreas Especializadas: Zonas diferenciadas para residuos peligrosos y ordinarios, área de aseo general.</p>
<p>Comodidad y Seguridad: Aire acondicionado central, circuito cerrado de TV (cámaras internas).</p>
<p>Espacios Complementarios: Recepión profesional, amplia sala de espera, oficina privada.</p>
<p>Área de Personal: Zona de descanso equipada con cocineta y zona de servidores central.</p>
<p>Accesibilidad: 3 baños en total, 2 adaptados para público con discapacidad.</p>
<p>Área Construida: 115 m².</p>
<p>Operativo y Listo: Este local cuenta con toda la infraestructura y equipamiento esencial necesario para iniciar operaciones odontológicas de forma rápida y cumpliendo con las normativas.</p>
<p>Inversión Mensual: $10.000.000 COP (Diez Millones de Pesos Colombianos).</p>
<p>¡No pierda esta oportunidad de establecerse en una de las mejores ubicaciones de Pereira!</p>

Local para Clínica Odontológica &#8211; Frente al Parque El Lago,...
