{"id":298045,"date":"2026-02-16T15:03:53","date_gmt":"2026-02-16T20:03:53","guid":{"rendered":"https:\/\/arriendo.com\/co\/%es_type%\/%address_city%\/%neighborhood%\/la-calera-centro-casa-en-arriendo-en-970124\/"},"modified":"2026-02-16T15:03:53","modified_gmt":"2026-02-16T20:03:53","slug":"AR-298045","status":"publish","type":"properties","link":"https:\/\/arriendo.com\/co\/casas\/la-calera\/centro\/AR-298045\/","title":{"rendered":"Casa en Arriendo en Centro, La calera"},"content":{"rendered":"<p>Espectacular casa con dise\u00f1o moderno y a la vanguardia rodeado de naturaleza en conjunto cerrado a tan solo 20 min de Bogot\u00e1 (antes del Peaje de Los Patios) con 1.000M2 de \u00e1rea construida y un lote de 2.600M2, 8 a\u00f1os de construido con materiales AAA, ventanales de piso a techo, iluminaci\u00f3n y sonido automatizado.<br \/>\nEn el primer nivel encontramos un amplio hall de entradas con vista a una gran terraza interior, ba\u00f1o social, zona social integrada con amplios espacios para sala y comedor que lo rodea de una terraza que da hacia un jard\u00edn, estudio con chimenea y acceso y a una terraza privada con jacuzzi para 10 personas climatizada, cocina amplia, moderna con comedor auxiliar y electrodom\u00e9sticos de alta gama, despensa, zona de lavander\u00eda y de servicio con dos ampl\u00edas alcobas cada una con su ba\u00f1o, y zona social.  En el segundo nivel se encuentran cuatro habitaciones amplias con acceso a terrazas y jardines, cada una con ba\u00f1o privado y amplios vistieres integrados, habitaci\u00f3n principal con walk in closet, ba\u00f1o con ducha doble independiente, estudio amplio con escritorios dobles, televisi\u00f3n, sof\u00e1 y estanter\u00edas, cuarto de juguetes. Garajes para 6 veh\u00edculos, cuarto de m\u00e1quinas y dep\u00f3sito. El subconjunto est\u00e1 compuesto por tres casas con vigilancia privada, jardinero y todero 24 horas.<\/p>\n","protected":false},"excerpt":{"rendered":"Espectacular casa con dise\u00f1o moderno y a la vanguardia rodeado...","protected":false},"author":7197,"featured_media":298048,"template":"","es_locations":[505,91,579],"es_categories":[124],"es_types":[115],"es_rent_periods":[],"es_labels":[],"es_statuses":[],"es_parkings":[],"es_roofs":[],"es_exterior_materials":[],"es_basements":[],"es_floor_coverings":[],"es_features":[132,134,2166,2146,2378,143,2136,144,2184,2185,2152],"es_amenities":[2186,2313,2189,2155,2381,2290,2143,2289,2172,2173,2162],"es_neighborhoods":[],"es_tags":[],"class_list":["post-298045","properties","type-properties","status-publish","has-post-thumbnail","hentry","es_location-centro","es_location-cundinamarca","es_location-la-calera","es_category-arriendo","es_type-casas","es_feature-balcon","es_feature-chimenea","es_feature-closet","es_feature-cocina-integral","es_feature-duplex","es_feature-terraza","es_feature-trans-publico-cercano","es_feature-vista-panoramica","es_feature-zona-de-bbq","es_feature-zona-infantil","es_feature-zona-residencial","es_amenity-balcon","es_amenity-chimenea","es_amenity-closet","es_amenity-cocina-integral","es_amenity-duplex","es_amenity-terraza","es_amenity-trans-publico-cercano","es_amenity-vista-panoramica","es_amenity-zona-de-bbq","es_amenity-zona-infantil","es_amenity-zona-residencial","es-post-entity"],"_links":{"self":[{"href":"https:\/\/arriendo.com\/co\/wp-json\/wp\/v2\/properties\/298045","targetHints":{"allow":["GET"]}}],"collection":[{"href":"https:\/\/arriendo.com\/co\/wp-json\/wp\/v2\/properties"}],"about":[{"href":"https:\/\/arriendo.com\/co\/wp-json\/wp\/v2\/types\/properties"}],"author":[{"embeddable":true,"href":"https:\/\/arriendo.com\/co\/wp-json\/wp\/v2\/users\/7197"}],"version-history":[{"count":0,"href":"https:\/\/arriendo.com\/co\/wp-json\/wp\/v2\/properties\/298045\/revisions"}],"wp:featuredmedia":[{"embeddable":true,"href":"https:\/\/arriendo.com\/co\/wp-json\/wp\/v2\/media\/298048"}],"wp:attachment":[{"href":"https:\/\/arriendo.com\/co\/wp-json\/wp\/v2\/media?parent=298045"}],"wp:term":[{"taxonomy":"es_location","embeddable":true,"href":"https:\/\/arriendo.com\/co\/wp-json\/wp\/v2\/es_locations?post=298045"},{"taxonomy":"es_category","embeddable":true,"href":"https:\/\/arriendo.com\/co\/wp-json\/wp\/v2\/es_categories?post=298045"},{"taxonomy":"es_type","embeddable":true,"href":"https:\/\/arriendo.com\/co\/wp-json\/wp\/v2\/es_types?post=298045"},{"taxonomy":"es_rent_period","embeddable":true,"href":"https:\/\/arriendo.com\/co\/wp-json\/wp\/v2\/es_rent_periods?post=298045"},{"taxonomy":"es_label","embeddable":true,"href":"https:\/\/arriendo.com\/co\/wp-json\/wp\/v2\/es_labels?post=298045"},{"taxonomy":"es_status","embeddable":true,"href":"https:\/\/arriendo.com\/co\/wp-json\/wp\/v2\/es_statuses?post=298045"},{"taxonomy":"es_parking","embeddable":true,"href":"https:\/\/arriendo.com\/co\/wp-json\/wp\/v2\/es_parkings?post=298045"},{"taxonomy":"es_roof","embeddable":true,"href":"https:\/\/arriendo.com\/co\/wp-json\/wp\/v2\/es_roofs?post=298045"},{"taxonomy":"es_exterior_material","embeddable":true,"href":"https:\/\/arriendo.com\/co\/wp-json\/wp\/v2\/es_exterior_materials?post=298045"},{"taxonomy":"es_basement","embeddable":true,"href":"https:\/\/arriendo.com\/co\/wp-json\/wp\/v2\/es_basements?post=298045"},{"taxonomy":"es_floor_covering","embeddable":true,"href":"https:\/\/arriendo.com\/co\/wp-json\/wp\/v2\/es_floor_coverings?post=298045"},{"taxonomy":"es_feature","embeddable":true,"href":"https:\/\/arriendo.com\/co\/wp-json\/wp\/v2\/es_features?post=298045"},{"taxonomy":"es_amenity","embeddable":true,"href":"https:\/\/arriendo.com\/co\/wp-json\/wp\/v2\/es_amenities?post=298045"},{"taxonomy":"es_neighborhood","embeddable":true,"href":"https:\/\/arriendo.com\/co\/wp-json\/wp\/v2\/es_neighborhoods?post=298045"},{"taxonomy":"es_tag","embeddable":true,"href":"https:\/\/arriendo.com\/co\/wp-json\/wp\/v2\/es_tags?post=298045"}],"curies":[{"name":"wp","href":"https:\/\/api.w.org\/{rel}","templated":true}]}}

<p>Espectacular casa con diseño moderno y a la vanguardia rodeado de naturaleza en conjunto cerrado a tan solo 20 min de Bogotá (antes del Peaje de Los Patios) con 1.000M2 de área construida y un lote de 2.600M2, 8 años de construido con materiales AAA, ventanales de piso a techo, iluminación y sonido automatizado.<br />
En el primer nivel encontramos un amplio hall de entradas con vista a una gran terraza interior, baño social, zona social integrada con amplios espacios para sala y comedor que lo rodea de una terraza que da hacia un jardín, estudio con chimenea y acceso y a una terraza privada con jacuzzi para 10 personas climatizada, cocina amplia, moderna con comedor auxiliar y electrodomésticos de alta gama, despensa, zona de lavandería y de servicio con dos amplías alcobas cada una con su baño, y zona social.  En el segundo nivel se encuentran cuatro habitaciones amplias con acceso a terrazas y jardines, cada una con baño privado y amplios vistieres integrados, habitación principal con walk in closet, baño con ducha doble independiente, estudio amplio con escritorios dobles, televisión, sofá y estanterías, cuarto de juguetes. Garajes para 6 vehículos, cuarto de máquinas y depósito. El subconjunto está compuesto por tres casas con vigilancia privada, jardinero y todero 24 horas.</p>

Espectacular casa con diseño moderno y a la vanguardia rodeado...
