{"id":297941,"date":"2026-02-16T15:01:58","date_gmt":"2026-02-16T20:01:58","guid":{"rendered":"https:\/\/arriendo.com\/co\/%es_type%\/%address_city%\/%neighborhood%\/el-retiro-los-salados-finca-en-arriendo-616a68\/"},"modified":"2026-02-16T15:01:58","modified_gmt":"2026-02-16T20:01:58","slug":"AR-297941","status":"publish","type":"properties","link":"https:\/\/arriendo.com\/co\/fincas\/el-retiro\/los-salados\/AR-297941\/","title":{"rendered":"Finca en  Arriendo en Los salados, El Retiro"},"content":{"rendered":"<p>Hermosa Finca Independiente en El Retiro, vereda Los Salados. Cuenta con un \u00e1rea total de 5.500 m2 y construidos 650 m2; distribuidos en imponente Casa Campestre de construcci\u00f3n tradicional, con diferentes acabados y materiales.<\/p>\n<p>Consta de 2 niveles, 1er. piso: Sala con chimenea y acceso a la terraza, comedor, ba\u00f1o social, cocina integral, alacena, comedor exterior, cuarto de ropas, cuarto de servicio, zona de BBQ; 3 habitaciones con ba\u00f1o y vestier cada una, garaje cubierto para 2 veh\u00edculos, parqueadero adoquinado para visitantes y cuarto \u00fatil.<\/p>\n<p>2\u00ba. piso: 2 Habitaciones con ba\u00f1o y vestier c\/u y una de ellas con chimenea.<\/p>\n<p>Estrato: 5, predial trimestral: $2.000.000, administraci\u00f3n: $150.000 (incluye servicio de vigilancia en el sector y agua), portada el\u00e9ctrica.<\/p>\n<p>Nota: Tambi\u00e9n se puede vender con 10.500 m2 en $3.390 millones.<\/p>\n<p>Agente Inmobiliario: Sebasti\u00e1n V.<\/p>\n<p>ACLARACI\u00d3N: Toda la informaci\u00f3n proviene de fuentes que se consideran fidedignas y est\u00e1 sujeta a cambios de precio, \u00e1reas u otras condiciones, la venta, o la retirada sin previo aviso. No se hace declaraci\u00f3n en cuanto a la exactitud de la descripci\u00f3n. Todas las \u00e1reas y detalles son aproximados y la informaci\u00f3n deber\u00e1 ser confirmada por el cliente. Todos los derechos sobre los contenidos, fotograf\u00edas, videos y gr\u00e1ficos son reservados y no podr\u00e1n ser usados en otro sitio web.<\/p>\n","protected":false},"excerpt":{"rendered":"Hermosa Finca Independiente en El Retiro, vereda Los Salados. Cuenta...","protected":false},"author":7024,"featured_media":297944,"template":"","es_locations":[79,278,3232],"es_categories":[124],"es_types":[118],"es_rent_periods":[],"es_labels":[],"es_statuses":[],"es_parkings":[],"es_roofs":[],"es_exterior_materials":[],"es_basements":[],"es_floor_coverings":[],"es_features":[132,2212,2164,134,2175,2146,2312,2331,2225,2216,2306,2151,2204],"es_amenities":[2186,2217,2187,2313,2190,2155,2314,2332,2250,156,2308,162,2209],"es_neighborhoods":[],"es_tags":[],"class_list":["post-297941","properties","type-properties","status-publish","has-post-thumbnail","hentry","es_location-antioquia","es_location-el-retiro","es_location-los-salados","es_category-arriendo","es_type-fincas","es_feature-balcon","es_feature-bano-auxiliar","es_feature-bano-independiente","es_feature-chimenea","es_feature-cochera","es_feature-cocina-integral","es_feature-comedor-auxiliar","es_feature-cuarto-de-servicio","es_feature-despensa","es_feature-parqueadero-visitantes","es_feature-zona-campestre","es_feature-zona-de-lavanderia","es_feature-zonas-verdes","es_amenity-balcon","es_amenity-bano-auxiliar","es_amenity-bano-independiente","es_amenity-chimenea","es_amenity-cochera","es_amenity-cocina-integral","es_amenity-comedor-auxiliar","es_amenity-cuarto-de-servicio","es_amenity-despensa","es_amenity-parqueadero-visitantes","es_amenity-zona-campestre","es_amenity-zona-de-lavanderia","es_amenity-zonas-verdes","es-post-entity"],"_links":{"self":[{"href":"https:\/\/arriendo.com\/co\/wp-json\/wp\/v2\/properties\/297941","targetHints":{"allow":["GET"]}}],"collection":[{"href":"https:\/\/arriendo.com\/co\/wp-json\/wp\/v2\/properties"}],"about":[{"href":"https:\/\/arriendo.com\/co\/wp-json\/wp\/v2\/types\/properties"}],"author":[{"embeddable":true,"href":"https:\/\/arriendo.com\/co\/wp-json\/wp\/v2\/users\/7024"}],"version-history":[{"count":0,"href":"https:\/\/arriendo.com\/co\/wp-json\/wp\/v2\/properties\/297941\/revisions"}],"wp:featuredmedia":[{"embeddable":true,"href":"https:\/\/arriendo.com\/co\/wp-json\/wp\/v2\/media\/297944"}],"wp:attachment":[{"href":"https:\/\/arriendo.com\/co\/wp-json\/wp\/v2\/media?parent=297941"}],"wp:term":[{"taxonomy":"es_location","embeddable":true,"href":"https:\/\/arriendo.com\/co\/wp-json\/wp\/v2\/es_locations?post=297941"},{"taxonomy":"es_category","embeddable":true,"href":"https:\/\/arriendo.com\/co\/wp-json\/wp\/v2\/es_categories?post=297941"},{"taxonomy":"es_type","embeddable":true,"href":"https:\/\/arriendo.com\/co\/wp-json\/wp\/v2\/es_types?post=297941"},{"taxonomy":"es_rent_period","embeddable":true,"href":"https:\/\/arriendo.com\/co\/wp-json\/wp\/v2\/es_rent_periods?post=297941"},{"taxonomy":"es_label","embeddable":true,"href":"https:\/\/arriendo.com\/co\/wp-json\/wp\/v2\/es_labels?post=297941"},{"taxonomy":"es_status","embeddable":true,"href":"https:\/\/arriendo.com\/co\/wp-json\/wp\/v2\/es_statuses?post=297941"},{"taxonomy":"es_parking","embeddable":true,"href":"https:\/\/arriendo.com\/co\/wp-json\/wp\/v2\/es_parkings?post=297941"},{"taxonomy":"es_roof","embeddable":true,"href":"https:\/\/arriendo.com\/co\/wp-json\/wp\/v2\/es_roofs?post=297941"},{"taxonomy":"es_exterior_material","embeddable":true,"href":"https:\/\/arriendo.com\/co\/wp-json\/wp\/v2\/es_exterior_materials?post=297941"},{"taxonomy":"es_basement","embeddable":true,"href":"https:\/\/arriendo.com\/co\/wp-json\/wp\/v2\/es_basements?post=297941"},{"taxonomy":"es_floor_covering","embeddable":true,"href":"https:\/\/arriendo.com\/co\/wp-json\/wp\/v2\/es_floor_coverings?post=297941"},{"taxonomy":"es_feature","embeddable":true,"href":"https:\/\/arriendo.com\/co\/wp-json\/wp\/v2\/es_features?post=297941"},{"taxonomy":"es_amenity","embeddable":true,"href":"https:\/\/arriendo.com\/co\/wp-json\/wp\/v2\/es_amenities?post=297941"},{"taxonomy":"es_neighborhood","embeddable":true,"href":"https:\/\/arriendo.com\/co\/wp-json\/wp\/v2\/es_neighborhoods?post=297941"},{"taxonomy":"es_tag","embeddable":true,"href":"https:\/\/arriendo.com\/co\/wp-json\/wp\/v2\/es_tags?post=297941"}],"curies":[{"name":"wp","href":"https:\/\/api.w.org\/{rel}","templated":true}]}}

<p>Hermosa Finca Independiente en El Retiro, vereda Los Salados. Cuenta con un área total de 5.500 m2 y construidos 650 m2; distribuidos en imponente Casa Campestre de construcción tradicional, con diferentes acabados y materiales.</p>
<p>Consta de 2 niveles, 1er. piso: Sala con chimenea y acceso a la terraza, comedor, baño social, cocina integral, alacena, comedor exterior, cuarto de ropas, cuarto de servicio, zona de BBQ; 3 habitaciones con baño y vestier cada una, garaje cubierto para 2 vehículos, parqueadero adoquinado para visitantes y cuarto útil.</p>
<p>2º. piso: 2 Habitaciones con baño y vestier c/u y una de ellas con chimenea.</p>
<p>Estrato: 5, predial trimestral: $2.000.000, administración: $150.000 (incluye servicio de vigilancia en el sector y agua), portada eléctrica.</p>
<p>Nota: También se puede vender con 10.500 m2 en $3.390 millones.</p>
<p>Agente Inmobiliario: Sebastián V.</p>
<p>ACLARACIÓN: Toda la información proviene de fuentes que se consideran fidedignas y está sujeta a cambios de precio, áreas u otras condiciones, la venta, o la retirada sin previo aviso. No se hace declaración en cuanto a la exactitud de la descripción. Todas las áreas y detalles son aproximados y la información deberá ser confirmada por el cliente. Todos los derechos sobre los contenidos, fotografías, videos y gráficos son reservados y no podrán ser usados en otro sitio web.</p>
