{"id":297783,"date":"2026-02-16T14:50:35","date_gmt":"2026-02-16T19:50:35","guid":{"rendered":"https:\/\/arriendo.com\/co\/%es_type%\/%address_city%\/%neighborhood%\/rionegro-llano-grande-apartamento-en-arriendo-b441dd\/"},"modified":"2026-02-16T14:50:35","modified_gmt":"2026-02-16T19:50:35","slug":"AR-297783","status":"publish","type":"properties","link":"https:\/\/arriendo.com\/co\/apartamentos\/rionegro\/llano-grande\/AR-297783\/","title":{"rendered":"Apartamento en  Arriendo en Llano Grande, Rionegro"},"content":{"rendered":"<p>Arriendo de apartamento para estrenar, totalmente independiente; ubicado dentro de parcelaci\u00f3n, en el exclusivo sector de Llanogrande; cerca al hospital San Vicente Fundaci\u00f3n y aeropuerto JMC. Cuenta con 112 m2 construidos, distribuidos en dos niveles. Primer piso: Sala comedor, cocina integral, zona de ropas, 1 ba\u00f1o social completo, 1 alcoba de servicio o hu\u00e9spedes con cl\u00f3set. Segundo piso: 2 habitaciones con cl\u00f3set, principal con balc\u00f3n y 1 ba\u00f1o completo para ambas.<\/p>\n<p>Nota: El apartamento se encuentra situado en el subnivel de la casa (ver imagen 1).<\/p>\n<p>Unidad cerrada con porter\u00eda y vigilancia 24\/7.<\/p>\n<p>Agente Inmobiliario: Viviana A.<\/p>\n<p>ACLARACI\u00d3N: Toda la informaci\u00f3n proviene de fuentes que se consideran fidedignas y est\u00e1 sujeta a cambios de precio, \u00e1reas u otras condiciones, la venta, o la retirada sin previo aviso. No se hace declaraci\u00f3n en cuanto a la exactitud de la descripci\u00f3n. Todas las \u00e1reas y detalles son aproximados y la informaci\u00f3n deber\u00e1 ser confirmada por el cliente. Todos los derechos sobre los contenidos, fotograf\u00edas, videos y gr\u00e1ficos son reservados y no podr\u00e1n ser usados en otro sitio web.<\/p>\n","protected":false},"excerpt":{"rendered":"Arriendo de apartamento para estrenar, totalmente independiente; ubicado dentro de...","protected":false},"author":7024,"featured_media":297786,"template":"","es_locations":[79,1566,502],"es_categories":[124],"es_types":[114],"es_rent_periods":[],"es_labels":[],"es_statuses":[],"es_parkings":[],"es_roofs":[],"es_exterior_materials":[],"es_basements":[],"es_floor_coverings":[],"es_features":[2292,132,2166,2196,2133,2181,2136,2306,2151,2204],"es_amenities":[2294,2186,2189,2197,158,2143,161,2308,162,2209],"es_neighborhoods":[],"es_tags":[],"class_list":["post-297783","properties","type-properties","status-publish","has-post-thumbnail","hentry","es_location-antioquia","es_location-llano-grande","es_location-rionegro","es_category-arriendo","es_type-apartamentos","es_feature-acceso-pavimentado","es_feature-balcon","es_feature-closet","es_feature-en-conjunto-cerrado","es_feature-porteria-recepcion","es_feature-porteria-vigilancia","es_feature-trans-publico-cercano","es_feature-zona-campestre","es_feature-zona-de-lavanderia","es_feature-zonas-verdes","es_amenity-acceso-pavimentado","es_amenity-balcon","es_amenity-closet","es_amenity-en-conjunto-cerrado","es_amenity-porteria-recepcion","es_amenity-trans-publico-cercano","es_amenity-vigilancia-24-7","es_amenity-zona-campestre","es_amenity-zona-de-lavanderia","es_amenity-zonas-verdes","es-post-entity"],"_links":{"self":[{"href":"https:\/\/arriendo.com\/co\/wp-json\/wp\/v2\/properties\/297783","targetHints":{"allow":["GET"]}}],"collection":[{"href":"https:\/\/arriendo.com\/co\/wp-json\/wp\/v2\/properties"}],"about":[{"href":"https:\/\/arriendo.com\/co\/wp-json\/wp\/v2\/types\/properties"}],"author":[{"embeddable":true,"href":"https:\/\/arriendo.com\/co\/wp-json\/wp\/v2\/users\/7024"}],"version-history":[{"count":0,"href":"https:\/\/arriendo.com\/co\/wp-json\/wp\/v2\/properties\/297783\/revisions"}],"wp:featuredmedia":[{"embeddable":true,"href":"https:\/\/arriendo.com\/co\/wp-json\/wp\/v2\/media\/297786"}],"wp:attachment":[{"href":"https:\/\/arriendo.com\/co\/wp-json\/wp\/v2\/media?parent=297783"}],"wp:term":[{"taxonomy":"es_location","embeddable":true,"href":"https:\/\/arriendo.com\/co\/wp-json\/wp\/v2\/es_locations?post=297783"},{"taxonomy":"es_category","embeddable":true,"href":"https:\/\/arriendo.com\/co\/wp-json\/wp\/v2\/es_categories?post=297783"},{"taxonomy":"es_type","embeddable":true,"href":"https:\/\/arriendo.com\/co\/wp-json\/wp\/v2\/es_types?post=297783"},{"taxonomy":"es_rent_period","embeddable":true,"href":"https:\/\/arriendo.com\/co\/wp-json\/wp\/v2\/es_rent_periods?post=297783"},{"taxonomy":"es_label","embeddable":true,"href":"https:\/\/arriendo.com\/co\/wp-json\/wp\/v2\/es_labels?post=297783"},{"taxonomy":"es_status","embeddable":true,"href":"https:\/\/arriendo.com\/co\/wp-json\/wp\/v2\/es_statuses?post=297783"},{"taxonomy":"es_parking","embeddable":true,"href":"https:\/\/arriendo.com\/co\/wp-json\/wp\/v2\/es_parkings?post=297783"},{"taxonomy":"es_roof","embeddable":true,"href":"https:\/\/arriendo.com\/co\/wp-json\/wp\/v2\/es_roofs?post=297783"},{"taxonomy":"es_exterior_material","embeddable":true,"href":"https:\/\/arriendo.com\/co\/wp-json\/wp\/v2\/es_exterior_materials?post=297783"},{"taxonomy":"es_basement","embeddable":true,"href":"https:\/\/arriendo.com\/co\/wp-json\/wp\/v2\/es_basements?post=297783"},{"taxonomy":"es_floor_covering","embeddable":true,"href":"https:\/\/arriendo.com\/co\/wp-json\/wp\/v2\/es_floor_coverings?post=297783"},{"taxonomy":"es_feature","embeddable":true,"href":"https:\/\/arriendo.com\/co\/wp-json\/wp\/v2\/es_features?post=297783"},{"taxonomy":"es_amenity","embeddable":true,"href":"https:\/\/arriendo.com\/co\/wp-json\/wp\/v2\/es_amenities?post=297783"},{"taxonomy":"es_neighborhood","embeddable":true,"href":"https:\/\/arriendo.com\/co\/wp-json\/wp\/v2\/es_neighborhoods?post=297783"},{"taxonomy":"es_tag","embeddable":true,"href":"https:\/\/arriendo.com\/co\/wp-json\/wp\/v2\/es_tags?post=297783"}],"curies":[{"name":"wp","href":"https:\/\/api.w.org\/{rel}","templated":true}]}}

<p>Arriendo de apartamento para estrenar, totalmente independiente; ubicado dentro de parcelación, en el exclusivo sector de Llanogrande; cerca al hospital San Vicente Fundación y aeropuerto JMC. Cuenta con 112 m2 construidos, distribuidos en dos niveles. Primer piso: Sala comedor, cocina integral, zona de ropas, 1 baño social completo, 1 alcoba de servicio o huéspedes con clóset. Segundo piso: 2 habitaciones con clóset, principal con balcón y 1 baño completo para ambas.</p>
<p>Nota: El apartamento se encuentra situado en el subnivel de la casa (ver imagen 1).</p>
<p>Unidad cerrada con portería y vigilancia 24/7.</p>
<p>Agente Inmobiliario: Viviana A.</p>
<p>ACLARACIÓN: Toda la información proviene de fuentes que se consideran fidedignas y está sujeta a cambios de precio, áreas u otras condiciones, la venta, o la retirada sin previo aviso. No se hace declaración en cuanto a la exactitud de la descripción. Todas las áreas y detalles son aproximados y la información deberá ser confirmada por el cliente. Todos los derechos sobre los contenidos, fotografías, videos y gráficos son reservados y no podrán ser usados en otro sitio web.</p>
