{"id":297610,"date":"2026-02-16T14:34:35","date_gmt":"2026-02-16T19:34:35","guid":{"rendered":"https:\/\/arriendo.com\/co\/%es_type%\/%address_city%\/%neighborhood%\/itagui-centro-local-en-arriendo-en-b282f6\/"},"modified":"2026-02-16T14:34:35","modified_gmt":"2026-02-16T19:34:35","slug":"AR-297610","status":"publish","type":"properties","link":"https:\/\/arriendo.com\/co\/locales\/itagui\/centro\/AR-297610\/","title":{"rendered":"Local en Arriendo en Centro, Itagu\u00ed"},"content":{"rendered":"<p>Amplio local comercial ubicado en el segundo piso, con una excelente distribuci\u00f3n interna y \u00f3ptimas condiciones para diferentes tipos de uso comercial, institucional o empresarial.<\/p>\n<p>El inmueble cuenta con:<\/p>\n<p>Tres (3) espacios amplios con posibilidad de subdivisi\u00f3n o adecuaci\u00f3n.<\/p>\n<p>Dos (2) ba\u00f1os dobles, ideales para personal y\/o p\u00fablico.<\/p>\n<p>Excelente iluminaci\u00f3n natural y ventilaci\u00f3n.<\/p>\n<p>Pisos en muy buen estado.<\/p>\n<p>Acceso peatonal directo y f\u00e1cil identificaci\u00f3n comercial.<\/p>\n<p>Ubicaci\u00f3n estrat\u00e9gica:<br \/>\nSituado en una de las zonas m\u00e1s representativas del Centro de Medell\u00edn, frente a la Plaza Botero y junto a la Iglesia de la Veracruz, sector caracterizado por su alto flujo peatonal, tur\u00edstico y comercial.<\/p>\n<p>Cercano a:<\/p>\n<p>Estaci\u00f3n del Metro Parque Berr\u00edo.<\/p>\n<p>Museos, centros culturales y entidades bancarias.<\/p>\n<p>Importantes v\u00edas de acceso y transporte p\u00fablico.<\/p>\n<p>Uso recomendado:<br \/>\nIdeal para oficinas administrativas, instituciones educativas, centros de servicios, academias, call centers, entidades p\u00fablicas o privadas, entre otros.<\/p>\n","protected":false},"excerpt":{"rendered":"Amplio local comercial ubicado en el segundo piso, con una...","protected":false},"author":4102,"featured_media":297613,"template":"","es_locations":[79,505,475],"es_categories":[124],"es_types":[117],"es_rent_periods":[],"es_labels":[],"es_statuses":[],"es_parkings":[],"es_roofs":[],"es_exterior_materials":[],"es_basements":[],"es_floor_coverings":[],"es_features":[2201,2132,2137],"es_amenities":[2206,2140,2144],"es_neighborhoods":[],"es_tags":[],"class_list":["post-297610","properties","type-properties","status-publish","has-post-thumbnail","hentry","es_location-antioquia","es_location-centro","es_location-itagui","es_category-arriendo","es_type-locales","es_feature-en-zona-comercial","es_feature-parques-cercanos","es_feature-zona-comercial","es_amenity-en-zona-comercial","es_amenity-parques-cercanos","es_amenity-zona-comercial","es-post-entity"],"_links":{"self":[{"href":"https:\/\/arriendo.com\/co\/wp-json\/wp\/v2\/properties\/297610","targetHints":{"allow":["GET"]}}],"collection":[{"href":"https:\/\/arriendo.com\/co\/wp-json\/wp\/v2\/properties"}],"about":[{"href":"https:\/\/arriendo.com\/co\/wp-json\/wp\/v2\/types\/properties"}],"author":[{"embeddable":true,"href":"https:\/\/arriendo.com\/co\/wp-json\/wp\/v2\/users\/4102"}],"version-history":[{"count":0,"href":"https:\/\/arriendo.com\/co\/wp-json\/wp\/v2\/properties\/297610\/revisions"}],"wp:featuredmedia":[{"embeddable":true,"href":"https:\/\/arriendo.com\/co\/wp-json\/wp\/v2\/media\/297613"}],"wp:attachment":[{"href":"https:\/\/arriendo.com\/co\/wp-json\/wp\/v2\/media?parent=297610"}],"wp:term":[{"taxonomy":"es_location","embeddable":true,"href":"https:\/\/arriendo.com\/co\/wp-json\/wp\/v2\/es_locations?post=297610"},{"taxonomy":"es_category","embeddable":true,"href":"https:\/\/arriendo.com\/co\/wp-json\/wp\/v2\/es_categories?post=297610"},{"taxonomy":"es_type","embeddable":true,"href":"https:\/\/arriendo.com\/co\/wp-json\/wp\/v2\/es_types?post=297610"},{"taxonomy":"es_rent_period","embeddable":true,"href":"https:\/\/arriendo.com\/co\/wp-json\/wp\/v2\/es_rent_periods?post=297610"},{"taxonomy":"es_label","embeddable":true,"href":"https:\/\/arriendo.com\/co\/wp-json\/wp\/v2\/es_labels?post=297610"},{"taxonomy":"es_status","embeddable":true,"href":"https:\/\/arriendo.com\/co\/wp-json\/wp\/v2\/es_statuses?post=297610"},{"taxonomy":"es_parking","embeddable":true,"href":"https:\/\/arriendo.com\/co\/wp-json\/wp\/v2\/es_parkings?post=297610"},{"taxonomy":"es_roof","embeddable":true,"href":"https:\/\/arriendo.com\/co\/wp-json\/wp\/v2\/es_roofs?post=297610"},{"taxonomy":"es_exterior_material","embeddable":true,"href":"https:\/\/arriendo.com\/co\/wp-json\/wp\/v2\/es_exterior_materials?post=297610"},{"taxonomy":"es_basement","embeddable":true,"href":"https:\/\/arriendo.com\/co\/wp-json\/wp\/v2\/es_basements?post=297610"},{"taxonomy":"es_floor_covering","embeddable":true,"href":"https:\/\/arriendo.com\/co\/wp-json\/wp\/v2\/es_floor_coverings?post=297610"},{"taxonomy":"es_feature","embeddable":true,"href":"https:\/\/arriendo.com\/co\/wp-json\/wp\/v2\/es_features?post=297610"},{"taxonomy":"es_amenity","embeddable":true,"href":"https:\/\/arriendo.com\/co\/wp-json\/wp\/v2\/es_amenities?post=297610"},{"taxonomy":"es_neighborhood","embeddable":true,"href":"https:\/\/arriendo.com\/co\/wp-json\/wp\/v2\/es_neighborhoods?post=297610"},{"taxonomy":"es_tag","embeddable":true,"href":"https:\/\/arriendo.com\/co\/wp-json\/wp\/v2\/es_tags?post=297610"}],"curies":[{"name":"wp","href":"https:\/\/api.w.org\/{rel}","templated":true}]}}

Local en Arriendo en Centro, Itaguí

<p>Amplio local comercial ubicado en el segundo piso, con una excelente distribución interna y óptimas condiciones para diferentes tipos de uso comercial, institucional o empresarial.</p>
<p>El inmueble cuenta con:</p>
<p>Tres (3) espacios amplios con posibilidad de subdivisión o adecuación.</p>
<p>Dos (2) baños dobles, ideales para personal y/o público.</p>
<p>Excelente iluminación natural y ventilación.</p>
<p>Pisos en muy buen estado.</p>
<p>Acceso peatonal directo y fácil identificación comercial.</p>
<p>Ubicación estratégica:<br />
Situado en una de las zonas más representativas del Centro de Medellín, frente a la Plaza Botero y junto a la Iglesia de la Veracruz, sector caracterizado por su alto flujo peatonal, turístico y comercial.</p>
<p>Cercano a:</p>
<p>Estación del Metro Parque Berrío.</p>
<p>Museos, centros culturales y entidades bancarias.</p>
<p>Importantes vías de acceso y transporte público.</p>
<p>Uso recomendado:<br />
Ideal para oficinas administrativas, instituciones educativas, centros de servicios, academias, call centers, entidades públicas o privadas, entre otros.</p>
