{"id":297107,"date":"2026-02-16T14:13:07","date_gmt":"2026-02-16T19:13:07","guid":{"rendered":"https:\/\/arriendo.com\/co\/%es_type%\/%address_city%\/%neighborhood%\/chia-delicias-norte-local-en-arriendo-330640\/"},"modified":"2026-02-16T14:13:07","modified_gmt":"2026-02-16T19:13:07","slug":"AR-297107","status":"publish","type":"properties","link":"https:\/\/arriendo.com\/co\/locales\/chia\/delicias-norte\/AR-297107\/","title":{"rendered":"Local en  Arriendo en Delicias Norte, Ch\u00eda"},"content":{"rendered":"<p>Amplio local en el centro comercial plaza Mayor Ch\u00eda, sobre la avenida pradilla, antes de llegar a Centro Ch\u00eda, 100 m en primer nivel con Mezannine de 50 m, 10 millones de pesos m\u00e1s IVA m\u00e1s Administracion<\/p>\n","protected":false},"excerpt":{"rendered":"Amplio local en el centro comercial plaza Mayor Ch\u00eda, sobre...","protected":false},"author":6995,"featured_media":297110,"template":"","es_locations":[203,91,1082],"es_categories":[124],"es_types":[117],"es_rent_periods":[],"es_labels":[],"es_statuses":[],"es_parkings":[],"es_roofs":[],"es_exterior_materials":[],"es_basements":[],"es_floor_coverings":[],"es_features":[150,131,2131,2302,2454,2296,2201,2176,2149,2203,2385,2455,2216,2132,2488,2440,2272,2337,2418,2365,2181,2610,2283,2135,2239,2228,2241,2242,2137,2152],"es_amenities":[2387,152,2139,2303,2456,2298,2206,2191,2159,2208,2386,2457,156,2140,2489,2441,2273,2340,2419,2366,2611,2288,2142,2256,2258,161,2259,2260,2144,2162],"es_neighborhoods":[],"es_tags":[],"class_list":["post-297107","properties","type-properties","status-publish","has-post-thumbnail","hentry","es_location-chia","es_location-cundinamarca","es_location-delicias-norte","es_category-arriendo","es_type-locales","es_feature-alarma","es_feature-ascensor","es_feature-circuito-cerrado-de-tv","es_feature-cocineta","es_feature-en-centro-comercial","es_feature-en-edificio","es_feature-en-zona-comercial","es_feature-en-zona-residencial","es_feature-garajes","es_feature-jardines-exteriores","es_feature-local-exterior","es_feature-local-interior","es_feature-parqueadero-visitantes","es_feature-parques-cercanos","es_feature-pasaje-comercial","es_feature-patio-interno","es_feature-piso-en-baldosa-marmol","es_feature-piso-en-cemento","es_feature-piso-en-madera","es_feature-planta-electrica","es_feature-porteria-vigilancia","es_feature-sensor-de-movimiento","es_feature-servicio-de-internet","es_feature-sobre-via-principal","es_feature-sobre-via-secundaria","es_feature-ventilacion-natural","es_feature-vigilancia-24x7","es_feature-vigilancia-privada-247","es_feature-zona-comercial","es_feature-zona-residencial","es_amenity-alarma","es_amenity-ascensor-privado","es_amenity-circuito-cerrado-de-tv","es_amenity-cocineta","es_amenity-en-centro-comercial","es_amenity-en-edificio","es_amenity-en-zona-comercial","es_amenity-en-zona-residencial","es_amenity-garajes","es_amenity-jardines-exteriores","es_amenity-local-exterior","es_amenity-local-interior","es_amenity-parqueadero-visitantes","es_amenity-parques-cercanos","es_amenity-pasaje-comercial","es_amenity-patio-interno","es_amenity-piso-en-baldosa-marmol","es_amenity-piso-en-cemento","es_amenity-piso-en-madera","es_amenity-planta-electrica","es_amenity-sensor-de-movimiento","es_amenity-servicio-de-internet","es_amenity-sobre-via-principal","es_amenity-sobre-via-secundaria","es_amenity-ventilacion-natural","es_amenity-vigilancia-24-7","es_amenity-vigilancia-24x7","es_amenity-vigilancia-privada-247","es_amenity-zona-comercial","es_amenity-zona-residencial","es-post-entity"],"_links":{"self":[{"href":"https:\/\/arriendo.com\/co\/wp-json\/wp\/v2\/properties\/297107","targetHints":{"allow":["GET"]}}],"collection":[{"href":"https:\/\/arriendo.com\/co\/wp-json\/wp\/v2\/properties"}],"about":[{"href":"https:\/\/arriendo.com\/co\/wp-json\/wp\/v2\/types\/properties"}],"author":[{"embeddable":true,"href":"https:\/\/arriendo.com\/co\/wp-json\/wp\/v2\/users\/6995"}],"version-history":[{"count":0,"href":"https:\/\/arriendo.com\/co\/wp-json\/wp\/v2\/properties\/297107\/revisions"}],"wp:featuredmedia":[{"embeddable":true,"href":"https:\/\/arriendo.com\/co\/wp-json\/wp\/v2\/media\/297110"}],"wp:attachment":[{"href":"https:\/\/arriendo.com\/co\/wp-json\/wp\/v2\/media?parent=297107"}],"wp:term":[{"taxonomy":"es_location","embeddable":true,"href":"https:\/\/arriendo.com\/co\/wp-json\/wp\/v2\/es_locations?post=297107"},{"taxonomy":"es_category","embeddable":true,"href":"https:\/\/arriendo.com\/co\/wp-json\/wp\/v2\/es_categories?post=297107"},{"taxonomy":"es_type","embeddable":true,"href":"https:\/\/arriendo.com\/co\/wp-json\/wp\/v2\/es_types?post=297107"},{"taxonomy":"es_rent_period","embeddable":true,"href":"https:\/\/arriendo.com\/co\/wp-json\/wp\/v2\/es_rent_periods?post=297107"},{"taxonomy":"es_label","embeddable":true,"href":"https:\/\/arriendo.com\/co\/wp-json\/wp\/v2\/es_labels?post=297107"},{"taxonomy":"es_status","embeddable":true,"href":"https:\/\/arriendo.com\/co\/wp-json\/wp\/v2\/es_statuses?post=297107"},{"taxonomy":"es_parking","embeddable":true,"href":"https:\/\/arriendo.com\/co\/wp-json\/wp\/v2\/es_parkings?post=297107"},{"taxonomy":"es_roof","embeddable":true,"href":"https:\/\/arriendo.com\/co\/wp-json\/wp\/v2\/es_roofs?post=297107"},{"taxonomy":"es_exterior_material","embeddable":true,"href":"https:\/\/arriendo.com\/co\/wp-json\/wp\/v2\/es_exterior_materials?post=297107"},{"taxonomy":"es_basement","embeddable":true,"href":"https:\/\/arriendo.com\/co\/wp-json\/wp\/v2\/es_basements?post=297107"},{"taxonomy":"es_floor_covering","embeddable":true,"href":"https:\/\/arriendo.com\/co\/wp-json\/wp\/v2\/es_floor_coverings?post=297107"},{"taxonomy":"es_feature","embeddable":true,"href":"https:\/\/arriendo.com\/co\/wp-json\/wp\/v2\/es_features?post=297107"},{"taxonomy":"es_amenity","embeddable":true,"href":"https:\/\/arriendo.com\/co\/wp-json\/wp\/v2\/es_amenities?post=297107"},{"taxonomy":"es_neighborhood","embeddable":true,"href":"https:\/\/arriendo.com\/co\/wp-json\/wp\/v2\/es_neighborhoods?post=297107"},{"taxonomy":"es_tag","embeddable":true,"href":"https:\/\/arriendo.com\/co\/wp-json\/wp\/v2\/es_tags?post=297107"}],"curies":[{"name":"wp","href":"https:\/\/api.w.org\/{rel}","templated":true}]}}

Local en  Arriendo en Delicias Norte, Chía

<p>Amplio local en el centro comercial plaza Mayor Chía, sobre la avenida pradilla, antes de llegar a Centro Chía, 100 m en primer nivel con Mezannine de 50 m, 10 millones de pesos más IVA más Administracion</p>

Amplio local en el centro comercial plaza Mayor Chía, sobre...
