{"id":297034,"date":"2026-02-16T14:10:38","date_gmt":"2026-02-16T19:10:38","guid":{"rendered":"https:\/\/arriendo.com\/co\/%es_type%\/%address_city%\/%neighborhood%\/chia-villa-olimpica-local-en-arriendo-en-e4d633\/"},"modified":"2026-02-16T14:10:38","modified_gmt":"2026-02-16T19:10:38","slug":"AR-297034","status":"publish","type":"properties","link":"https:\/\/arriendo.com\/co\/locales\/chia\/villa-olimpica\/AR-297034\/","title":{"rendered":"Local en Arriendo en Villa olimpica, Ch\u00eda"},"content":{"rendered":"<p>Local comercial en CENTRO comercial, plaza Mayor Ch\u00eda, cerca del centro comercial, CENTRO Ch\u00eda, sobre la avenida Padilla de 140 m, consta de 100 m en primer nivel con Mezannine de 50 m centro comercial ver video adjunto<\/p>\n","protected":false},"excerpt":{"rendered":"Local comercial en CENTRO comercial, plaza Mayor Ch\u00eda, cerca del...","protected":false},"author":6995,"featured_media":297037,"template":"","es_locations":[203,91,2816],"es_categories":[124],"es_types":[117],"es_rent_periods":[],"es_labels":[],"es_statuses":[],"es_parkings":[],"es_roofs":[],"es_exterior_materials":[],"es_basements":[],"es_floor_coverings":[],"es_features":[2131,2454,2296,2201,2149,2385,2216,2132,2272,2365,2181,2135,2239,2242,2137,2300,2152],"es_amenities":[2139,2456,2298,2206,2159,2386,156,2140,2273,2366,2142,2256,161,2260,2144,2301,2162],"es_neighborhoods":[],"es_tags":[],"class_list":["post-297034","properties","type-properties","status-publish","has-post-thumbnail","hentry","es_location-chia","es_location-cundinamarca","es_location-villa-olimpica","es_category-arriendo","es_type-locales","es_feature-circuito-cerrado-de-tv","es_feature-en-centro-comercial","es_feature-en-edificio","es_feature-en-zona-comercial","es_feature-garajes","es_feature-local-exterior","es_feature-parqueadero-visitantes","es_feature-parques-cercanos","es_feature-piso-en-baldosa-marmol","es_feature-planta-electrica","es_feature-porteria-vigilancia","es_feature-sobre-via-principal","es_feature-sobre-via-secundaria","es_feature-vigilancia-privada-247","es_feature-zona-comercial","es_feature-zona-industrial","es_feature-zona-residencial","es_amenity-circuito-cerrado-de-tv","es_amenity-en-centro-comercial","es_amenity-en-edificio","es_amenity-en-zona-comercial","es_amenity-garajes","es_amenity-local-exterior","es_amenity-parqueadero-visitantes","es_amenity-parques-cercanos","es_amenity-piso-en-baldosa-marmol","es_amenity-planta-electrica","es_amenity-sobre-via-principal","es_amenity-sobre-via-secundaria","es_amenity-vigilancia-24-7","es_amenity-vigilancia-privada-247","es_amenity-zona-comercial","es_amenity-zona-industrial","es_amenity-zona-residencial","es-post-entity"],"_links":{"self":[{"href":"https:\/\/arriendo.com\/co\/wp-json\/wp\/v2\/properties\/297034","targetHints":{"allow":["GET"]}}],"collection":[{"href":"https:\/\/arriendo.com\/co\/wp-json\/wp\/v2\/properties"}],"about":[{"href":"https:\/\/arriendo.com\/co\/wp-json\/wp\/v2\/types\/properties"}],"author":[{"embeddable":true,"href":"https:\/\/arriendo.com\/co\/wp-json\/wp\/v2\/users\/6995"}],"version-history":[{"count":0,"href":"https:\/\/arriendo.com\/co\/wp-json\/wp\/v2\/properties\/297034\/revisions"}],"wp:featuredmedia":[{"embeddable":true,"href":"https:\/\/arriendo.com\/co\/wp-json\/wp\/v2\/media\/297037"}],"wp:attachment":[{"href":"https:\/\/arriendo.com\/co\/wp-json\/wp\/v2\/media?parent=297034"}],"wp:term":[{"taxonomy":"es_location","embeddable":true,"href":"https:\/\/arriendo.com\/co\/wp-json\/wp\/v2\/es_locations?post=297034"},{"taxonomy":"es_category","embeddable":true,"href":"https:\/\/arriendo.com\/co\/wp-json\/wp\/v2\/es_categories?post=297034"},{"taxonomy":"es_type","embeddable":true,"href":"https:\/\/arriendo.com\/co\/wp-json\/wp\/v2\/es_types?post=297034"},{"taxonomy":"es_rent_period","embeddable":true,"href":"https:\/\/arriendo.com\/co\/wp-json\/wp\/v2\/es_rent_periods?post=297034"},{"taxonomy":"es_label","embeddable":true,"href":"https:\/\/arriendo.com\/co\/wp-json\/wp\/v2\/es_labels?post=297034"},{"taxonomy":"es_status","embeddable":true,"href":"https:\/\/arriendo.com\/co\/wp-json\/wp\/v2\/es_statuses?post=297034"},{"taxonomy":"es_parking","embeddable":true,"href":"https:\/\/arriendo.com\/co\/wp-json\/wp\/v2\/es_parkings?post=297034"},{"taxonomy":"es_roof","embeddable":true,"href":"https:\/\/arriendo.com\/co\/wp-json\/wp\/v2\/es_roofs?post=297034"},{"taxonomy":"es_exterior_material","embeddable":true,"href":"https:\/\/arriendo.com\/co\/wp-json\/wp\/v2\/es_exterior_materials?post=297034"},{"taxonomy":"es_basement","embeddable":true,"href":"https:\/\/arriendo.com\/co\/wp-json\/wp\/v2\/es_basements?post=297034"},{"taxonomy":"es_floor_covering","embeddable":true,"href":"https:\/\/arriendo.com\/co\/wp-json\/wp\/v2\/es_floor_coverings?post=297034"},{"taxonomy":"es_feature","embeddable":true,"href":"https:\/\/arriendo.com\/co\/wp-json\/wp\/v2\/es_features?post=297034"},{"taxonomy":"es_amenity","embeddable":true,"href":"https:\/\/arriendo.com\/co\/wp-json\/wp\/v2\/es_amenities?post=297034"},{"taxonomy":"es_neighborhood","embeddable":true,"href":"https:\/\/arriendo.com\/co\/wp-json\/wp\/v2\/es_neighborhoods?post=297034"},{"taxonomy":"es_tag","embeddable":true,"href":"https:\/\/arriendo.com\/co\/wp-json\/wp\/v2\/es_tags?post=297034"}],"curies":[{"name":"wp","href":"https:\/\/api.w.org\/{rel}","templated":true}]}}

Local en Arriendo en Villa olimpica, Chía

<p>Local comercial en CENTRO comercial, plaza Mayor Chía, cerca del centro comercial, CENTRO Chía, sobre la avenida Padilla de 140 m, consta de 100 m en primer nivel con Mezannine de 50 m centro comercial ver video adjunto</p>

Local comercial en CENTRO comercial, plaza Mayor Chía, cerca del...
