{"id":296239,"date":"2026-02-16T13:56:57","date_gmt":"2026-02-16T18:56:57","guid":{"rendered":"https:\/\/arriendo.com\/co\/%es_type%\/%address_city%\/%neighborhood%\/pereira-cerritos-apartamento-en-arriendo-en-9be96f\/"},"modified":"2026-02-16T13:56:57","modified_gmt":"2026-02-16T18:56:57","slug":"AR-296239","status":"publish","type":"properties","link":"https:\/\/arriendo.com\/co\/apartamentos\/pereira\/cerritos\/AR-296239\/","title":{"rendered":"Apartamento en Arriendo en Cerritos, Pereira"},"content":{"rendered":"<p>?\u2728 SE ARRIENDA APARTAMENTO PARA ESTRENAR \u2013 CERRITOS, PEREIRA ?<\/p>\n<p>Vive en un entorno exclusivo donde el confort, la naturaleza y el dise\u00f1o moderno se unen. Este apartamento para estrenar se encuentra en un conjunto cerrado de alta valorizaci\u00f3n, rodeado de aire puro, hermosos paisajes y amplias zonas verdes ideales para disfrutar en familia.<\/p>\n<p>? \u00c1rea total: 93 m\u00b2 + 10 m\u00b2 de terraza<br \/>\n?\ufe0f Habitaciones: 2<br \/>\n? Ba\u00f1os: 3<br \/>\n? Cocina integral moderna<br \/>\n? Cuarto \u00fatil<br \/>\n? Dos parqueaderos<br \/>\n? Ascensor directo al apartamento<br \/>\n? Pisos en cer\u00e1mica y excelentes acabados<\/p>\n<p>\u2728 Zonas sociales por torre:<\/p>\n<p> Gimnasio ?\ufe0f\u200d\u2640\ufe0f<\/p>\n<p> Coworking ?<\/p>\n<p> Sala de cine ?<\/p>\n<p> Juegos para ni\u00f1os ?<\/p>\n<p> \u00c1reas verdes y senderos ?<\/p>\n<p>? Canon de arrendamiento: $4.400.000 (administraci\u00f3n incluida)<\/p>\n<p>? Ubicaci\u00f3n privilegiada en Cerritos, Pereira, una zona tranquila, segura y con gran proyecci\u00f3n.<\/p>\n<p>? Cont\u00e1ctanos para m\u00e1s informaci\u00f3n o agendar visita.<br \/>\n\u00a1Disfruta de la vida moderna rodeada de naturaleza! ?<\/p>\n","protected":false},"excerpt":{"rendered":"?\u2728 SE ARRIENDA APARTAMENTO PARA ESTRENAR \u2013 CERRITOS, PEREIRA ?...","protected":false},"author":4102,"featured_media":296242,"template":"","es_locations":[232,231,102],"es_categories":[124],"es_types":[114],"es_rent_periods":[],"es_labels":[],"es_statuses":[],"es_parkings":[],"es_roofs":[],"es_exterior_materials":[],"es_basements":[],"es_floor_coverings":[],"es_features":[2292,131,2212,2164,2145,2211,2166,2146,151,2149,145,2216,2180,2133,2181,2151,2185,2152,2204],"es_amenities":[2294,152,2217,2187,2153,2210,2189,2155,2270,2159,2160,156,157,158,161,162,2173,2162,2209],"es_neighborhoods":[],"es_tags":[],"class_list":["post-296239","properties","type-properties","status-publish","has-post-thumbnail","hentry","es_location-cerritos","es_location-pereira","es_location-risaralda","es_category-arriendo","es_type-apartamentos","es_feature-acceso-pavimentado","es_feature-ascensor","es_feature-bano-auxiliar","es_feature-bano-independiente","es_feature-calentador","es_feature-canchas-deportivas","es_feature-closet","es_feature-cocina-integral","es_feature-deposito-bodega","es_feature-garajes","es_feature-instalacion-de-gas","es_feature-parqueadero-visitantes","es_feature-piscina","es_feature-porteria-recepcion","es_feature-porteria-vigilancia","es_feature-zona-de-lavanderia","es_feature-zona-infantil","es_feature-zona-residencial","es_feature-zonas-verdes","es_amenity-acceso-pavimentado","es_amenity-ascensor-privado","es_amenity-bano-auxiliar","es_amenity-bano-independiente","es_amenity-calentador","es_amenity-canchas-deportivas","es_amenity-closet","es_amenity-cocina-integral","es_amenity-deposito-bodega","es_amenity-garajes","es_amenity-instalacion-de-gas","es_amenity-parqueadero-visitantes","es_amenity-piscina","es_amenity-porteria-recepcion","es_amenity-vigilancia-24-7","es_amenity-zona-de-lavanderia","es_amenity-zona-infantil","es_amenity-zona-residencial","es_amenity-zonas-verdes","es-post-entity"],"_links":{"self":[{"href":"https:\/\/arriendo.com\/co\/wp-json\/wp\/v2\/properties\/296239","targetHints":{"allow":["GET"]}}],"collection":[{"href":"https:\/\/arriendo.com\/co\/wp-json\/wp\/v2\/properties"}],"about":[{"href":"https:\/\/arriendo.com\/co\/wp-json\/wp\/v2\/types\/properties"}],"author":[{"embeddable":true,"href":"https:\/\/arriendo.com\/co\/wp-json\/wp\/v2\/users\/4102"}],"version-history":[{"count":0,"href":"https:\/\/arriendo.com\/co\/wp-json\/wp\/v2\/properties\/296239\/revisions"}],"wp:featuredmedia":[{"embeddable":true,"href":"https:\/\/arriendo.com\/co\/wp-json\/wp\/v2\/media\/296242"}],"wp:attachment":[{"href":"https:\/\/arriendo.com\/co\/wp-json\/wp\/v2\/media?parent=296239"}],"wp:term":[{"taxonomy":"es_location","embeddable":true,"href":"https:\/\/arriendo.com\/co\/wp-json\/wp\/v2\/es_locations?post=296239"},{"taxonomy":"es_category","embeddable":true,"href":"https:\/\/arriendo.com\/co\/wp-json\/wp\/v2\/es_categories?post=296239"},{"taxonomy":"es_type","embeddable":true,"href":"https:\/\/arriendo.com\/co\/wp-json\/wp\/v2\/es_types?post=296239"},{"taxonomy":"es_rent_period","embeddable":true,"href":"https:\/\/arriendo.com\/co\/wp-json\/wp\/v2\/es_rent_periods?post=296239"},{"taxonomy":"es_label","embeddable":true,"href":"https:\/\/arriendo.com\/co\/wp-json\/wp\/v2\/es_labels?post=296239"},{"taxonomy":"es_status","embeddable":true,"href":"https:\/\/arriendo.com\/co\/wp-json\/wp\/v2\/es_statuses?post=296239"},{"taxonomy":"es_parking","embeddable":true,"href":"https:\/\/arriendo.com\/co\/wp-json\/wp\/v2\/es_parkings?post=296239"},{"taxonomy":"es_roof","embeddable":true,"href":"https:\/\/arriendo.com\/co\/wp-json\/wp\/v2\/es_roofs?post=296239"},{"taxonomy":"es_exterior_material","embeddable":true,"href":"https:\/\/arriendo.com\/co\/wp-json\/wp\/v2\/es_exterior_materials?post=296239"},{"taxonomy":"es_basement","embeddable":true,"href":"https:\/\/arriendo.com\/co\/wp-json\/wp\/v2\/es_basements?post=296239"},{"taxonomy":"es_floor_covering","embeddable":true,"href":"https:\/\/arriendo.com\/co\/wp-json\/wp\/v2\/es_floor_coverings?post=296239"},{"taxonomy":"es_feature","embeddable":true,"href":"https:\/\/arriendo.com\/co\/wp-json\/wp\/v2\/es_features?post=296239"},{"taxonomy":"es_amenity","embeddable":true,"href":"https:\/\/arriendo.com\/co\/wp-json\/wp\/v2\/es_amenities?post=296239"},{"taxonomy":"es_neighborhood","embeddable":true,"href":"https:\/\/arriendo.com\/co\/wp-json\/wp\/v2\/es_neighborhoods?post=296239"},{"taxonomy":"es_tag","embeddable":true,"href":"https:\/\/arriendo.com\/co\/wp-json\/wp\/v2\/es_tags?post=296239"}],"curies":[{"name":"wp","href":"https:\/\/api.w.org\/{rel}","templated":true}]}}

<p>?✨ SE ARRIENDA APARTAMENTO PARA ESTRENAR – CERRITOS, PEREIRA ?</p>
<p>Vive en un entorno exclusivo donde el confort, la naturaleza y el diseño moderno se unen. Este apartamento para estrenar se encuentra en un conjunto cerrado de alta valorización, rodeado de aire puro, hermosos paisajes y amplias zonas verdes ideales para disfrutar en familia.</p>
<p>? Área total: 93 m² + 10 m² de terraza<br />
?️ Habitaciones: 2<br />
? Baños: 3<br />
? Cocina integral moderna<br />
? Cuarto útil<br />
? Dos parqueaderos<br />
? Ascensor directo al apartamento<br />
? Pisos en cerámica y excelentes acabados</p>
<p>✨ Zonas sociales por torre:</p>
<p> Gimnasio ?️‍♀️</p>
<p> Coworking ?</p>
<p> Sala de cine ?</p>
<p> Juegos para niños ?</p>
<p> Áreas verdes y senderos ?</p>
<p>? Canon de arrendamiento: $4.400.000 (administración incluida)</p>
<p>? Ubicación privilegiada en Cerritos, Pereira, una zona tranquila, segura y con gran proyección.</p>
<p>? Contáctanos para más información o agendar visita.<br />
¡Disfruta de la vida moderna rodeada de naturaleza! ?</p>
