{"id":296227,"date":"2026-02-16T13:56:46","date_gmt":"2026-02-16T18:56:46","guid":{"rendered":"https:\/\/arriendo.com\/co\/%es_type%\/%address_city%\/%neighborhood%\/pereira-centro-apartamento-en-arriendo-en-e29175\/"},"modified":"2026-02-16T13:56:46","modified_gmt":"2026-02-16T18:56:46","slug":"AR-296227","status":"publish","type":"properties","link":"https:\/\/arriendo.com\/co\/apartamentos\/pereira\/centro\/AR-296227\/","title":{"rendered":"Apartamento en Arriendo en Centro, Pereira"},"content":{"rendered":"<p>? Apartamento Amoblado en Arriendo \u2013 Conjunto T\u00e1ngara, Cerritos, Pereira<\/p>\n<p>? Canon de arriendo: $3.500.000 (Administraci\u00f3n incluida)<\/p>\n<p>Disfruta del confort, la elegancia y la tranquilidad que ofrece este espectacular apartamento completamente amoblado, ubicado en el exclusivo Conjunto T\u00e1ngara en el sector Cerritos de Pereira.<\/p>\n<p>?\ufe0f Caracter\u00edsticas del Apartamento:<\/p>\n<p> Apartamento de un solo nivel<\/p>\n<p> Totalmente amoblado con mobiliario de alta calidad<\/p>\n<p> 3 habitaciones amplias y confortables<\/p>\n<p> Cocina integral equipada con barra tipo americana<\/p>\n<p> Sala y comedor con excelente iluminaci\u00f3n<\/p>\n<p> Zona de ropas<\/p>\n<p> Balc\u00f3n con vista natural<\/p>\n<p> Parqueadero privado<\/p>\n<p>? Zonas Comunes del Conjunto:<\/p>\n<p> Piscina para adultos y ni\u00f1os<\/p>\n<p> Jacuzzi, sauna y turco<\/p>\n<p> Gimnasio completamente dotado<\/p>\n<p> Sal\u00f3n social y zona BBQ<\/p>\n<p> Senderos peatonales y zonas verdes<\/p>\n<p> Parque infantil<\/p>\n<p> Vigilancia 24\/7 y circuito cerrado de TV<\/p>\n<p>? Ubicado en uno de los sectores m\u00e1s exclusivos y tranquilos de Pereira, a pocos minutos de centros comerciales, colegios, supermercados y excelentes v\u00edas de acceso.<\/p>\n<p>? Cont\u00e1ctanos para m\u00e1s informaci\u00f3n y agenda tu visita. \u00a1Este hogar amoblado en Cerritos te est\u00e1 esperando!<\/p>\n","protected":false},"excerpt":{"rendered":"? Apartamento Amoblado en Arriendo \u2013 Conjunto T\u00e1ngara, Cerritos, Pereira...","protected":false},"author":4102,"featured_media":296230,"template":"","es_locations":[505,231,102],"es_categories":[124],"es_types":[114],"es_rent_periods":[],"es_labels":[],"es_statuses":[],"es_parkings":[],"es_roofs":[],"es_exterior_materials":[],"es_basements":[],"es_floor_coverings":[],"es_features":[2292,131,2212,2164,2145,2211,2146,2149,2179,145,2180,2133,2181,2182,2136,2151,2185,2152],"es_amenities":[2294,152,2217,2187,2153,2210,2155,2159,154,2160,157,158,159,2143,161,162,2173,2162],"es_neighborhoods":[],"es_tags":[],"class_list":["post-296227","properties","type-properties","status-publish","has-post-thumbnail","hentry","es_location-centro","es_location-pereira","es_location-risaralda","es_category-arriendo","es_type-apartamentos","es_feature-acceso-pavimentado","es_feature-ascensor","es_feature-bano-auxiliar","es_feature-bano-independiente","es_feature-calentador","es_feature-canchas-deportivas","es_feature-cocina-integral","es_feature-garajes","es_feature-gimnasio","es_feature-instalacion-de-gas","es_feature-piscina","es_feature-porteria-recepcion","es_feature-porteria-vigilancia","es_feature-salon-comunal","es_feature-trans-publico-cercano","es_feature-zona-de-lavanderia","es_feature-zona-infantil","es_feature-zona-residencial","es_amenity-acceso-pavimentado","es_amenity-ascensor-privado","es_amenity-bano-auxiliar","es_amenity-bano-independiente","es_amenity-calentador","es_amenity-canchas-deportivas","es_amenity-cocina-integral","es_amenity-garajes","es_amenity-gimnasio","es_amenity-instalacion-de-gas","es_amenity-piscina","es_amenity-porteria-recepcion","es_amenity-salon-comunal","es_amenity-trans-publico-cercano","es_amenity-vigilancia-24-7","es_amenity-zona-de-lavanderia","es_amenity-zona-infantil","es_amenity-zona-residencial","es-post-entity"],"_links":{"self":[{"href":"https:\/\/arriendo.com\/co\/wp-json\/wp\/v2\/properties\/296227","targetHints":{"allow":["GET"]}}],"collection":[{"href":"https:\/\/arriendo.com\/co\/wp-json\/wp\/v2\/properties"}],"about":[{"href":"https:\/\/arriendo.com\/co\/wp-json\/wp\/v2\/types\/properties"}],"author":[{"embeddable":true,"href":"https:\/\/arriendo.com\/co\/wp-json\/wp\/v2\/users\/4102"}],"version-history":[{"count":0,"href":"https:\/\/arriendo.com\/co\/wp-json\/wp\/v2\/properties\/296227\/revisions"}],"wp:featuredmedia":[{"embeddable":true,"href":"https:\/\/arriendo.com\/co\/wp-json\/wp\/v2\/media\/296230"}],"wp:attachment":[{"href":"https:\/\/arriendo.com\/co\/wp-json\/wp\/v2\/media?parent=296227"}],"wp:term":[{"taxonomy":"es_location","embeddable":true,"href":"https:\/\/arriendo.com\/co\/wp-json\/wp\/v2\/es_locations?post=296227"},{"taxonomy":"es_category","embeddable":true,"href":"https:\/\/arriendo.com\/co\/wp-json\/wp\/v2\/es_categories?post=296227"},{"taxonomy":"es_type","embeddable":true,"href":"https:\/\/arriendo.com\/co\/wp-json\/wp\/v2\/es_types?post=296227"},{"taxonomy":"es_rent_period","embeddable":true,"href":"https:\/\/arriendo.com\/co\/wp-json\/wp\/v2\/es_rent_periods?post=296227"},{"taxonomy":"es_label","embeddable":true,"href":"https:\/\/arriendo.com\/co\/wp-json\/wp\/v2\/es_labels?post=296227"},{"taxonomy":"es_status","embeddable":true,"href":"https:\/\/arriendo.com\/co\/wp-json\/wp\/v2\/es_statuses?post=296227"},{"taxonomy":"es_parking","embeddable":true,"href":"https:\/\/arriendo.com\/co\/wp-json\/wp\/v2\/es_parkings?post=296227"},{"taxonomy":"es_roof","embeddable":true,"href":"https:\/\/arriendo.com\/co\/wp-json\/wp\/v2\/es_roofs?post=296227"},{"taxonomy":"es_exterior_material","embeddable":true,"href":"https:\/\/arriendo.com\/co\/wp-json\/wp\/v2\/es_exterior_materials?post=296227"},{"taxonomy":"es_basement","embeddable":true,"href":"https:\/\/arriendo.com\/co\/wp-json\/wp\/v2\/es_basements?post=296227"},{"taxonomy":"es_floor_covering","embeddable":true,"href":"https:\/\/arriendo.com\/co\/wp-json\/wp\/v2\/es_floor_coverings?post=296227"},{"taxonomy":"es_feature","embeddable":true,"href":"https:\/\/arriendo.com\/co\/wp-json\/wp\/v2\/es_features?post=296227"},{"taxonomy":"es_amenity","embeddable":true,"href":"https:\/\/arriendo.com\/co\/wp-json\/wp\/v2\/es_amenities?post=296227"},{"taxonomy":"es_neighborhood","embeddable":true,"href":"https:\/\/arriendo.com\/co\/wp-json\/wp\/v2\/es_neighborhoods?post=296227"},{"taxonomy":"es_tag","embeddable":true,"href":"https:\/\/arriendo.com\/co\/wp-json\/wp\/v2\/es_tags?post=296227"}],"curies":[{"name":"wp","href":"https:\/\/api.w.org\/{rel}","templated":true}]}}

<p>? Apartamento Amoblado en Arriendo – Conjunto Tángara, Cerritos, Pereira</p>
<p>? Canon de arriendo: $3.500.000 (Administración incluida)</p>
<p>Disfruta del confort, la elegancia y la tranquilidad que ofrece este espectacular apartamento completamente amoblado, ubicado en el exclusivo Conjunto Tángara en el sector Cerritos de Pereira.</p>
<p>?️ Características del Apartamento:</p>
<p> Apartamento de un solo nivel</p>
<p> Totalmente amoblado con mobiliario de alta calidad</p>
<p> 3 habitaciones amplias y confortables</p>
<p> Cocina integral equipada con barra tipo americana</p>
<p> Sala y comedor con excelente iluminación</p>
<p> Zona de ropas</p>
<p> Balcón con vista natural</p>
<p> Parqueadero privado</p>
<p>? Zonas Comunes del Conjunto:</p>
<p> Piscina para adultos y niños</p>
<p> Jacuzzi, sauna y turco</p>
<p> Gimnasio completamente dotado</p>
<p> Salón social y zona BBQ</p>
<p> Senderos peatonales y zonas verdes</p>
<p> Parque infantil</p>
<p> Vigilancia 24/7 y circuito cerrado de TV</p>
<p>? Ubicado en uno de los sectores más exclusivos y tranquilos de Pereira, a pocos minutos de centros comerciales, colegios, supermercados y excelentes vías de acceso.</p>
<p>? Contáctanos para más información y agenda tu visita. ¡Este hogar amoblado en Cerritos te está esperando!</p>

? Apartamento Amoblado en Arriendo – Conjunto Tángara, Cerritos, Pereira...
