{"id":296157,"date":"2026-02-16T13:55:32","date_gmt":"2026-02-16T18:55:32","guid":{"rendered":"https:\/\/arriendo.com\/co\/%es_type%\/%address_city%\/%neighborhood%\/pereira-pinares-apartamento-en-arriendo-en-463570\/"},"modified":"2026-02-16T13:55:32","modified_gmt":"2026-02-16T18:55:32","slug":"AR-296157","status":"publish","type":"properties","link":"https:\/\/arriendo.com\/co\/apartamentos\/pereira\/pinares\/AR-296157\/","title":{"rendered":"Apartamento en Arriendo en Pinares, Pereira"},"content":{"rendered":"<p>?SE ARRIENDA APARTAMENTO EN PINARES \u2013 PEREIRA ?<\/p>\n<p>? Canon: $2.600.000 (incluye administraci\u00f3n)<br \/>\n? \u00c1rea: 98 m\u00b2<br \/>\n? Ubicaci\u00f3n: Barrio Pinares \u2013 Pereira<\/p>\n<p>Disfruta de vivir en uno de los sectores m\u00e1s privilegiados y tranquilos de la ciudad, rodeado de zonas verdes, cl\u00ednicas, supermercados, restaurantes y con excelentes v\u00edas de acceso.<\/p>\n<p>? Distribuci\u00f3n del Apartamento:<\/p>\n<p>\u25aa\ufe0f 3 habitaciones c\u00f3modas y bien iluminadas<br \/>\n\u25aa\ufe0f 2 ba\u00f1os completos (uno en habitaci\u00f3n principal, otro social)<br \/>\n\u25aa\ufe0f Sala amplia<br \/>\n\u25aa\ufe0f Comedor independiente<br \/>\n\u25aa\ufe0f Cocina moderna<br \/>\n\u25aa\ufe0f Zona de ropas<br \/>\n\u25aa\ufe0f Balc\u00f3n con excelente vista<br \/>\n\u25aa\ufe0f Parqueadero cubierto en primer nivel (cabe carro + moto)<br \/>\n\u25aa\ufe0f Estacionamiento para bicicletas contiguo al parqueadero<\/p>\n<p>? Caracter\u00edsticas del Edificio:<\/p>\n<p>\u25aa\ufe0f Porter\u00eda y vigilancia 24\/7<br \/>\n\u25aa\ufe0f Sal\u00f3n social<br \/>\n\u25aa\ufe0f Ascensores<br \/>\n\u25aa\ufe0f Amplios corredores<br \/>\n\u25aa\ufe0f Shut de basuras<br \/>\n\u25aa\ufe0f 2 terrazas comunales para el disfrute de los residentes<\/p>\n<p>? Cont\u00e1ctanos para agendar tu visita y vive con estilo y comodidad en Pinares de San Mart\u00edn.<br \/>\n\u00a1Disponible ya! \u2705<\/p>\n","protected":false},"excerpt":{"rendered":"?SE ARRIENDA APARTAMENTO EN PINARES \u2013 PEREIRA ? ? Canon:...","protected":false},"author":4102,"featured_media":296160,"template":"","es_locations":[231,346,102],"es_categories":[124],"es_types":[114],"es_rent_periods":[],"es_labels":[],"es_statuses":[],"es_parkings":[],"es_roofs":[],"es_exterior_materials":[],"es_basements":[],"es_floor_coverings":[],"es_features":[2292,131,2212,2164,2145,2166,2146,151,2196,145,2132,2220,2133,2181,143,2151,2152],"es_amenities":[2294,152,2217,2187,2153,2189,2155,2270,2197,2160,2140,2221,158,2290,161,162,2162],"es_neighborhoods":[],"es_tags":[],"class_list":["post-296157","properties","type-properties","status-publish","has-post-thumbnail","hentry","es_location-pereira","es_location-pinares","es_location-risaralda","es_category-arriendo","es_type-apartamentos","es_feature-acceso-pavimentado","es_feature-ascensor","es_feature-bano-auxiliar","es_feature-bano-independiente","es_feature-calentador","es_feature-closet","es_feature-cocina-integral","es_feature-deposito-bodega","es_feature-en-conjunto-cerrado","es_feature-instalacion-de-gas","es_feature-parques-cercanos","es_feature-patio","es_feature-porteria-recepcion","es_feature-porteria-vigilancia","es_feature-terraza","es_feature-zona-de-lavanderia","es_feature-zona-residencial","es_amenity-acceso-pavimentado","es_amenity-ascensor-privado","es_amenity-bano-auxiliar","es_amenity-bano-independiente","es_amenity-calentador","es_amenity-closet","es_amenity-cocina-integral","es_amenity-deposito-bodega","es_amenity-en-conjunto-cerrado","es_amenity-instalacion-de-gas","es_amenity-parques-cercanos","es_amenity-patio","es_amenity-porteria-recepcion","es_amenity-terraza","es_amenity-vigilancia-24-7","es_amenity-zona-de-lavanderia","es_amenity-zona-residencial","es-post-entity"],"_links":{"self":[{"href":"https:\/\/arriendo.com\/co\/wp-json\/wp\/v2\/properties\/296157","targetHints":{"allow":["GET"]}}],"collection":[{"href":"https:\/\/arriendo.com\/co\/wp-json\/wp\/v2\/properties"}],"about":[{"href":"https:\/\/arriendo.com\/co\/wp-json\/wp\/v2\/types\/properties"}],"author":[{"embeddable":true,"href":"https:\/\/arriendo.com\/co\/wp-json\/wp\/v2\/users\/4102"}],"version-history":[{"count":0,"href":"https:\/\/arriendo.com\/co\/wp-json\/wp\/v2\/properties\/296157\/revisions"}],"wp:featuredmedia":[{"embeddable":true,"href":"https:\/\/arriendo.com\/co\/wp-json\/wp\/v2\/media\/296160"}],"wp:attachment":[{"href":"https:\/\/arriendo.com\/co\/wp-json\/wp\/v2\/media?parent=296157"}],"wp:term":[{"taxonomy":"es_location","embeddable":true,"href":"https:\/\/arriendo.com\/co\/wp-json\/wp\/v2\/es_locations?post=296157"},{"taxonomy":"es_category","embeddable":true,"href":"https:\/\/arriendo.com\/co\/wp-json\/wp\/v2\/es_categories?post=296157"},{"taxonomy":"es_type","embeddable":true,"href":"https:\/\/arriendo.com\/co\/wp-json\/wp\/v2\/es_types?post=296157"},{"taxonomy":"es_rent_period","embeddable":true,"href":"https:\/\/arriendo.com\/co\/wp-json\/wp\/v2\/es_rent_periods?post=296157"},{"taxonomy":"es_label","embeddable":true,"href":"https:\/\/arriendo.com\/co\/wp-json\/wp\/v2\/es_labels?post=296157"},{"taxonomy":"es_status","embeddable":true,"href":"https:\/\/arriendo.com\/co\/wp-json\/wp\/v2\/es_statuses?post=296157"},{"taxonomy":"es_parking","embeddable":true,"href":"https:\/\/arriendo.com\/co\/wp-json\/wp\/v2\/es_parkings?post=296157"},{"taxonomy":"es_roof","embeddable":true,"href":"https:\/\/arriendo.com\/co\/wp-json\/wp\/v2\/es_roofs?post=296157"},{"taxonomy":"es_exterior_material","embeddable":true,"href":"https:\/\/arriendo.com\/co\/wp-json\/wp\/v2\/es_exterior_materials?post=296157"},{"taxonomy":"es_basement","embeddable":true,"href":"https:\/\/arriendo.com\/co\/wp-json\/wp\/v2\/es_basements?post=296157"},{"taxonomy":"es_floor_covering","embeddable":true,"href":"https:\/\/arriendo.com\/co\/wp-json\/wp\/v2\/es_floor_coverings?post=296157"},{"taxonomy":"es_feature","embeddable":true,"href":"https:\/\/arriendo.com\/co\/wp-json\/wp\/v2\/es_features?post=296157"},{"taxonomy":"es_amenity","embeddable":true,"href":"https:\/\/arriendo.com\/co\/wp-json\/wp\/v2\/es_amenities?post=296157"},{"taxonomy":"es_neighborhood","embeddable":true,"href":"https:\/\/arriendo.com\/co\/wp-json\/wp\/v2\/es_neighborhoods?post=296157"},{"taxonomy":"es_tag","embeddable":true,"href":"https:\/\/arriendo.com\/co\/wp-json\/wp\/v2\/es_tags?post=296157"}],"curies":[{"name":"wp","href":"https:\/\/api.w.org\/{rel}","templated":true}]}}

<p>?SE ARRIENDA APARTAMENTO EN PINARES – PEREIRA ?</p>
<p>? Canon: $2.600.000 (incluye administración)<br />
? Área: 98 m²<br />
? Ubicación: Barrio Pinares – Pereira</p>
<p>Disfruta de vivir en uno de los sectores más privilegiados y tranquilos de la ciudad, rodeado de zonas verdes, clínicas, supermercados, restaurantes y con excelentes vías de acceso.</p>
<p>? Distribución del Apartamento:</p>
<p>▪️ 3 habitaciones cómodas y bien iluminadas<br />
▪️ 2 baños completos (uno en habitación principal, otro social)<br />
▪️ Sala amplia<br />
▪️ Comedor independiente<br />
▪️ Cocina moderna<br />
▪️ Zona de ropas<br />
▪️ Balcón con excelente vista<br />
▪️ Parqueadero cubierto en primer nivel (cabe carro + moto)<br />
▪️ Estacionamiento para bicicletas contiguo al parqueadero</p>
<p>? Características del Edificio:</p>
<p>▪️ Portería y vigilancia 24/7<br />
▪️ Salón social<br />
▪️ Ascensores<br />
▪️ Amplios corredores<br />
▪️ Shut de basuras<br />
▪️ 2 terrazas comunales para el disfrute de los residentes</p>
<p>? Contáctanos para agendar tu visita y vive con estilo y comodidad en Pinares de San Martín.<br />
¡Disponible ya! ✅</p>
