{"id":295860,"date":"2026-02-16T13:50:44","date_gmt":"2026-02-16T18:50:44","guid":{"rendered":"https:\/\/arriendo.com\/co\/%es_type%\/%address_city%\/%neighborhood%\/pereira-centro-local-en-arriendo-en-4181d6\/"},"modified":"2026-02-16T13:50:44","modified_gmt":"2026-02-16T18:50:44","slug":"AR-295860","status":"publish","type":"properties","link":"https:\/\/arriendo.com\/co\/locales\/pereira\/centro\/AR-295860\/","title":{"rendered":"Local en Arriendo en Centro, Pereira"},"content":{"rendered":"<p>\u00a1Oportunidad de Renta en el Coraz\u00f3n Comercial de Pereira!<\/p>\n<p>\u00bfBuscas un espacio estrat\u00e9gico para tu negocio? Este local de 70 m\u00b2, ubicado a solo 3 cuadras de la Plaza de Bol\u00edvar, te ofrece la visibilidad y el flujo de clientes que necesitas para crecer.<\/p>\n<p> Ubicaci\u00f3n privilegiada: sobre v\u00eda principal en un sector altamente comercial y transitado.<br \/>\n Distribuci\u00f3n funcional: 3 ambientes ideales para adaptar oficinas, consultorios o \u00e1reas de atenci\u00f3n al p\u00fablico, adem\u00e1s de 1 ba\u00f1o.<br \/>\n Alto tr\u00e1fico peatonal y vehicular, lo que garantiza exposici\u00f3n constante y oportunidades de venta.<\/p>\n<p>Ideal para: tiendas, barber\u00edas, centros de est\u00e9tica, consultorios, oficinas, entre otros.<\/p>\n<p>Disponibilidad inmediata<br \/>\n \u00a1Instala tu negocio en una zona estrat\u00e9gica y comienza a crecer!<\/p>\n<p> Cont\u00e1ctanos ahora para agendar tu visita y conocer esta excelente oportunidad.<br \/>\n*** &#8211; ***<\/p>\n","protected":false},"excerpt":{"rendered":"\u00a1Oportunidad de Renta en el Coraz\u00f3n Comercial de Pereira! \u00bfBuscas...","protected":false},"author":4102,"featured_media":295863,"template":"","es_locations":[505,231,102],"es_categories":[124],"es_types":[117],"es_rent_periods":[],"es_labels":[],"es_statuses":[],"es_parkings":[],"es_roofs":[],"es_exterior_materials":[],"es_basements":[],"es_floor_coverings":[],"es_features":[2166,145],"es_amenities":[2189,2160],"es_neighborhoods":[],"es_tags":[],"class_list":["post-295860","properties","type-properties","status-publish","has-post-thumbnail","hentry","es_location-centro","es_location-pereira","es_location-risaralda","es_category-arriendo","es_type-locales","es_feature-closet","es_feature-instalacion-de-gas","es_amenity-closet","es_amenity-instalacion-de-gas","es-post-entity"],"_links":{"self":[{"href":"https:\/\/arriendo.com\/co\/wp-json\/wp\/v2\/properties\/295860","targetHints":{"allow":["GET"]}}],"collection":[{"href":"https:\/\/arriendo.com\/co\/wp-json\/wp\/v2\/properties"}],"about":[{"href":"https:\/\/arriendo.com\/co\/wp-json\/wp\/v2\/types\/properties"}],"author":[{"embeddable":true,"href":"https:\/\/arriendo.com\/co\/wp-json\/wp\/v2\/users\/4102"}],"version-history":[{"count":0,"href":"https:\/\/arriendo.com\/co\/wp-json\/wp\/v2\/properties\/295860\/revisions"}],"wp:featuredmedia":[{"embeddable":true,"href":"https:\/\/arriendo.com\/co\/wp-json\/wp\/v2\/media\/295863"}],"wp:attachment":[{"href":"https:\/\/arriendo.com\/co\/wp-json\/wp\/v2\/media?parent=295860"}],"wp:term":[{"taxonomy":"es_location","embeddable":true,"href":"https:\/\/arriendo.com\/co\/wp-json\/wp\/v2\/es_locations?post=295860"},{"taxonomy":"es_category","embeddable":true,"href":"https:\/\/arriendo.com\/co\/wp-json\/wp\/v2\/es_categories?post=295860"},{"taxonomy":"es_type","embeddable":true,"href":"https:\/\/arriendo.com\/co\/wp-json\/wp\/v2\/es_types?post=295860"},{"taxonomy":"es_rent_period","embeddable":true,"href":"https:\/\/arriendo.com\/co\/wp-json\/wp\/v2\/es_rent_periods?post=295860"},{"taxonomy":"es_label","embeddable":true,"href":"https:\/\/arriendo.com\/co\/wp-json\/wp\/v2\/es_labels?post=295860"},{"taxonomy":"es_status","embeddable":true,"href":"https:\/\/arriendo.com\/co\/wp-json\/wp\/v2\/es_statuses?post=295860"},{"taxonomy":"es_parking","embeddable":true,"href":"https:\/\/arriendo.com\/co\/wp-json\/wp\/v2\/es_parkings?post=295860"},{"taxonomy":"es_roof","embeddable":true,"href":"https:\/\/arriendo.com\/co\/wp-json\/wp\/v2\/es_roofs?post=295860"},{"taxonomy":"es_exterior_material","embeddable":true,"href":"https:\/\/arriendo.com\/co\/wp-json\/wp\/v2\/es_exterior_materials?post=295860"},{"taxonomy":"es_basement","embeddable":true,"href":"https:\/\/arriendo.com\/co\/wp-json\/wp\/v2\/es_basements?post=295860"},{"taxonomy":"es_floor_covering","embeddable":true,"href":"https:\/\/arriendo.com\/co\/wp-json\/wp\/v2\/es_floor_coverings?post=295860"},{"taxonomy":"es_feature","embeddable":true,"href":"https:\/\/arriendo.com\/co\/wp-json\/wp\/v2\/es_features?post=295860"},{"taxonomy":"es_amenity","embeddable":true,"href":"https:\/\/arriendo.com\/co\/wp-json\/wp\/v2\/es_amenities?post=295860"},{"taxonomy":"es_neighborhood","embeddable":true,"href":"https:\/\/arriendo.com\/co\/wp-json\/wp\/v2\/es_neighborhoods?post=295860"},{"taxonomy":"es_tag","embeddable":true,"href":"https:\/\/arriendo.com\/co\/wp-json\/wp\/v2\/es_tags?post=295860"}],"curies":[{"name":"wp","href":"https:\/\/api.w.org\/{rel}","templated":true}]}}

<p>¡Oportunidad de Renta en el Corazón Comercial de Pereira!</p>
<p>¿Buscas un espacio estratégico para tu negocio? Este local de 70 m², ubicado a solo 3 cuadras de la Plaza de Bolívar, te ofrece la visibilidad y el flujo de clientes que necesitas para crecer.</p>
<p> Ubicación privilegiada: sobre vía principal en un sector altamente comercial y transitado.<br />
 Distribución funcional: 3 ambientes ideales para adaptar oficinas, consultorios o áreas de atención al público, además de 1 baño.<br />
 Alto tráfico peatonal y vehicular, lo que garantiza exposición constante y oportunidades de venta.</p>
<p>Ideal para: tiendas, barberías, centros de estética, consultorios, oficinas, entre otros.</p>
<p>Disponibilidad inmediata<br />
 ¡Instala tu negocio en una zona estratégica y comienza a crecer!</p>
<p> Contáctanos ahora para agendar tu visita y conocer esta excelente oportunidad.<br />
*** &#8211; ***</p>

¡Oportunidad de Renta en el Corazón Comercial de Pereira! ¿Buscas...
