{"id":295213,"date":"2026-02-16T13:36:52","date_gmt":"2026-02-16T18:36:52","guid":{"rendered":"https:\/\/arriendo.com\/co\/%es_type%\/%address_city%\/%neighborhood%\/bello-niquia-local-en-arriendo-en-40b8f0\/"},"modified":"2026-02-16T13:36:52","modified_gmt":"2026-02-16T18:36:52","slug":"AR-295213","status":"publish","type":"properties","link":"https:\/\/arriendo.com\/co\/locales\/bello\/niquia\/AR-295213\/","title":{"rendered":"Local en Arriendo en Niquia, Bello"},"content":{"rendered":"<p>Local en arriendo en Bello \u2013 Segundo piso, al lado de zona de comidas<\/p>\n<p>Arrienda un local comercial de 13.58 m\u00b2 ubicado en el segundo piso, junto a la zona de comidas, ideal para productos de impulso, servicios especializados o marcas que buscan alto flujo peatonal en espacios estrat\u00e9gicos.<\/p>\n<p>Espacio funcional con excelente visibilidad dentro del centro comercial, en un entorno din\u00e1mico y concurrido. F\u00e1cil acceso desde la estaci\u00f3n Niqu\u00eda del Metro, la Avenida Regional y la Autopista Norte.<\/p>\n<p>Canon mensual: $1.400.000 + administraci\u00f3n.<\/p>\n<p>Ideal para emprendedores o marcas que buscan posicionarse en un punto comercial con alta rotaci\u00f3n de visitantes.<\/p>\n<p>Cont\u00e1ctanos para m\u00e1s informaci\u00f3n y agenda tu visita.<\/p>\n","protected":false},"excerpt":{"rendered":"Local en arriendo en Bello \u2013 Segundo piso, al lado...","protected":false},"author":8019,"featured_media":295216,"template":"","es_locations":[79,538,763],"es_categories":[124],"es_types":[117],"es_rent_periods":[],"es_labels":[],"es_statuses":[],"es_parkings":[],"es_roofs":[],"es_exterior_materials":[],"es_basements":[],"es_floor_coverings":[],"es_features":[2292,131,2181,2150,2136,2137],"es_amenities":[2294,152,2161,2143,161,2144],"es_neighborhoods":[],"es_tags":[],"class_list":["post-295213","properties","type-properties","status-publish","has-post-thumbnail","hentry","es_location-antioquia","es_location-bello","es_location-niquia","es_category-arriendo","es_type-locales","es_feature-acceso-pavimentado","es_feature-ascensor","es_feature-porteria-vigilancia","es_feature-supermercados-c-comerciales","es_feature-trans-publico-cercano","es_feature-zona-comercial","es_amenity-acceso-pavimentado","es_amenity-ascensor-privado","es_amenity-supermercados-c-comerciales","es_amenity-trans-publico-cercano","es_amenity-vigilancia-24-7","es_amenity-zona-comercial","es-post-entity"],"_links":{"self":[{"href":"https:\/\/arriendo.com\/co\/wp-json\/wp\/v2\/properties\/295213","targetHints":{"allow":["GET"]}}],"collection":[{"href":"https:\/\/arriendo.com\/co\/wp-json\/wp\/v2\/properties"}],"about":[{"href":"https:\/\/arriendo.com\/co\/wp-json\/wp\/v2\/types\/properties"}],"author":[{"embeddable":true,"href":"https:\/\/arriendo.com\/co\/wp-json\/wp\/v2\/users\/8019"}],"version-history":[{"count":0,"href":"https:\/\/arriendo.com\/co\/wp-json\/wp\/v2\/properties\/295213\/revisions"}],"wp:featuredmedia":[{"embeddable":true,"href":"https:\/\/arriendo.com\/co\/wp-json\/wp\/v2\/media\/295216"}],"wp:attachment":[{"href":"https:\/\/arriendo.com\/co\/wp-json\/wp\/v2\/media?parent=295213"}],"wp:term":[{"taxonomy":"es_location","embeddable":true,"href":"https:\/\/arriendo.com\/co\/wp-json\/wp\/v2\/es_locations?post=295213"},{"taxonomy":"es_category","embeddable":true,"href":"https:\/\/arriendo.com\/co\/wp-json\/wp\/v2\/es_categories?post=295213"},{"taxonomy":"es_type","embeddable":true,"href":"https:\/\/arriendo.com\/co\/wp-json\/wp\/v2\/es_types?post=295213"},{"taxonomy":"es_rent_period","embeddable":true,"href":"https:\/\/arriendo.com\/co\/wp-json\/wp\/v2\/es_rent_periods?post=295213"},{"taxonomy":"es_label","embeddable":true,"href":"https:\/\/arriendo.com\/co\/wp-json\/wp\/v2\/es_labels?post=295213"},{"taxonomy":"es_status","embeddable":true,"href":"https:\/\/arriendo.com\/co\/wp-json\/wp\/v2\/es_statuses?post=295213"},{"taxonomy":"es_parking","embeddable":true,"href":"https:\/\/arriendo.com\/co\/wp-json\/wp\/v2\/es_parkings?post=295213"},{"taxonomy":"es_roof","embeddable":true,"href":"https:\/\/arriendo.com\/co\/wp-json\/wp\/v2\/es_roofs?post=295213"},{"taxonomy":"es_exterior_material","embeddable":true,"href":"https:\/\/arriendo.com\/co\/wp-json\/wp\/v2\/es_exterior_materials?post=295213"},{"taxonomy":"es_basement","embeddable":true,"href":"https:\/\/arriendo.com\/co\/wp-json\/wp\/v2\/es_basements?post=295213"},{"taxonomy":"es_floor_covering","embeddable":true,"href":"https:\/\/arriendo.com\/co\/wp-json\/wp\/v2\/es_floor_coverings?post=295213"},{"taxonomy":"es_feature","embeddable":true,"href":"https:\/\/arriendo.com\/co\/wp-json\/wp\/v2\/es_features?post=295213"},{"taxonomy":"es_amenity","embeddable":true,"href":"https:\/\/arriendo.com\/co\/wp-json\/wp\/v2\/es_amenities?post=295213"},{"taxonomy":"es_neighborhood","embeddable":true,"href":"https:\/\/arriendo.com\/co\/wp-json\/wp\/v2\/es_neighborhoods?post=295213"},{"taxonomy":"es_tag","embeddable":true,"href":"https:\/\/arriendo.com\/co\/wp-json\/wp\/v2\/es_tags?post=295213"}],"curies":[{"name":"wp","href":"https:\/\/api.w.org\/{rel}","templated":true}]}}

<p>Local en arriendo en Bello – Segundo piso, al lado de zona de comidas</p>
<p>Arrienda un local comercial de 13.58 m² ubicado en el segundo piso, junto a la zona de comidas, ideal para productos de impulso, servicios especializados o marcas que buscan alto flujo peatonal en espacios estratégicos.</p>
<p>Espacio funcional con excelente visibilidad dentro del centro comercial, en un entorno dinámico y concurrido. Fácil acceso desde la estación Niquía del Metro, la Avenida Regional y la Autopista Norte.</p>
<p>Canon mensual: $1.400.000 + administración.</p>
<p>Ideal para emprendedores o marcas que buscan posicionarse en un punto comercial con alta rotación de visitantes.</p>
<p>Contáctanos para más información y agenda tu visita.</p>
