{"id":294860,"date":"2026-02-16T13:25:02","date_gmt":"2026-02-16T18:25:02","guid":{"rendered":"https:\/\/arriendo.com\/co\/%es_type%\/%address_city%\/%neighborhood%\/chia-fonqueta-casa-en-arriendo-en-e4546e\/"},"modified":"2026-02-16T13:25:02","modified_gmt":"2026-02-16T18:25:02","slug":"AR-294860","status":"publish","type":"properties","link":"https:\/\/arriendo.com\/co\/casas\/chia\/fonqueta\/AR-294860\/","title":{"rendered":"Casa en arriendo en Fonquet\u00e1, Ch\u00eda"},"content":{"rendered":"<p>Casas ubicadas cerca a Andr\u00e9s carne de Res, cerca a la salida hacia Cota, hacia la v\u00eda de la Chilacos y la variante, casas pr\u00e1cticamente nuevas para estrenar.<\/p>\n","protected":false},"excerpt":{"rendered":"Casas ubicadas cerca a Andr\u00e9s carne de Res, cerca a...","protected":false},"author":2442,"featured_media":294863,"template":"","es_locations":[203,91,2878],"es_categories":[124],"es_types":[115],"es_rent_periods":[],"es_labels":[],"es_statuses":[],"es_parkings":[],"es_roofs":[],"es_exterior_materials":[],"es_basements":[],"es_floor_coverings":[],"es_features":[2263,2145,2147,2225,2196,136,2149,145,2216,2220,2133,2181,2182,2150,2136,2306,2151,2204],"es_amenities":[2269,2153,2156,2250,2197,2158,2159,2160,156,2221,158,159,2161,2143,161,2308,162,2209],"es_neighborhoods":[],"es_tags":[],"class_list":["post-294860","properties","type-properties","status-publish","has-post-thumbnail","hentry","es_location-chia","es_location-cundinamarca","es_location-fonqueta","es_category-arriendo","es_type-casas","es_feature-barra-estilo-americano","es_feature-calentador","es_feature-cocina-tipo-americano","es_feature-despensa","es_feature-en-conjunto-cerrado","es_feature-estudio","es_feature-garajes","es_feature-instalacion-de-gas","es_feature-parqueadero-visitantes","es_feature-patio","es_feature-porteria-recepcion","es_feature-porteria-vigilancia","es_feature-salon-comunal","es_feature-supermercados-c-comerciales","es_feature-trans-publico-cercano","es_feature-zona-campestre","es_feature-zona-de-lavanderia","es_feature-zonas-verdes","es_amenity-barra-estilo-americano","es_amenity-calentador","es_amenity-cocina-tipo-americano","es_amenity-despensa","es_amenity-en-conjunto-cerrado","es_amenity-estudio","es_amenity-garajes","es_amenity-instalacion-de-gas","es_amenity-parqueadero-visitantes","es_amenity-patio","es_amenity-porteria-recepcion","es_amenity-salon-comunal","es_amenity-supermercados-c-comerciales","es_amenity-trans-publico-cercano","es_amenity-vigilancia-24-7","es_amenity-zona-campestre","es_amenity-zona-de-lavanderia","es_amenity-zonas-verdes","es-post-entity"],"_links":{"self":[{"href":"https:\/\/arriendo.com\/co\/wp-json\/wp\/v2\/properties\/294860","targetHints":{"allow":["GET"]}}],"collection":[{"href":"https:\/\/arriendo.com\/co\/wp-json\/wp\/v2\/properties"}],"about":[{"href":"https:\/\/arriendo.com\/co\/wp-json\/wp\/v2\/types\/properties"}],"author":[{"embeddable":true,"href":"https:\/\/arriendo.com\/co\/wp-json\/wp\/v2\/users\/2442"}],"version-history":[{"count":0,"href":"https:\/\/arriendo.com\/co\/wp-json\/wp\/v2\/properties\/294860\/revisions"}],"wp:featuredmedia":[{"embeddable":true,"href":"https:\/\/arriendo.com\/co\/wp-json\/wp\/v2\/media\/294863"}],"wp:attachment":[{"href":"https:\/\/arriendo.com\/co\/wp-json\/wp\/v2\/media?parent=294860"}],"wp:term":[{"taxonomy":"es_location","embeddable":true,"href":"https:\/\/arriendo.com\/co\/wp-json\/wp\/v2\/es_locations?post=294860"},{"taxonomy":"es_category","embeddable":true,"href":"https:\/\/arriendo.com\/co\/wp-json\/wp\/v2\/es_categories?post=294860"},{"taxonomy":"es_type","embeddable":true,"href":"https:\/\/arriendo.com\/co\/wp-json\/wp\/v2\/es_types?post=294860"},{"taxonomy":"es_rent_period","embeddable":true,"href":"https:\/\/arriendo.com\/co\/wp-json\/wp\/v2\/es_rent_periods?post=294860"},{"taxonomy":"es_label","embeddable":true,"href":"https:\/\/arriendo.com\/co\/wp-json\/wp\/v2\/es_labels?post=294860"},{"taxonomy":"es_status","embeddable":true,"href":"https:\/\/arriendo.com\/co\/wp-json\/wp\/v2\/es_statuses?post=294860"},{"taxonomy":"es_parking","embeddable":true,"href":"https:\/\/arriendo.com\/co\/wp-json\/wp\/v2\/es_parkings?post=294860"},{"taxonomy":"es_roof","embeddable":true,"href":"https:\/\/arriendo.com\/co\/wp-json\/wp\/v2\/es_roofs?post=294860"},{"taxonomy":"es_exterior_material","embeddable":true,"href":"https:\/\/arriendo.com\/co\/wp-json\/wp\/v2\/es_exterior_materials?post=294860"},{"taxonomy":"es_basement","embeddable":true,"href":"https:\/\/arriendo.com\/co\/wp-json\/wp\/v2\/es_basements?post=294860"},{"taxonomy":"es_floor_covering","embeddable":true,"href":"https:\/\/arriendo.com\/co\/wp-json\/wp\/v2\/es_floor_coverings?post=294860"},{"taxonomy":"es_feature","embeddable":true,"href":"https:\/\/arriendo.com\/co\/wp-json\/wp\/v2\/es_features?post=294860"},{"taxonomy":"es_amenity","embeddable":true,"href":"https:\/\/arriendo.com\/co\/wp-json\/wp\/v2\/es_amenities?post=294860"},{"taxonomy":"es_neighborhood","embeddable":true,"href":"https:\/\/arriendo.com\/co\/wp-json\/wp\/v2\/es_neighborhoods?post=294860"},{"taxonomy":"es_tag","embeddable":true,"href":"https:\/\/arriendo.com\/co\/wp-json\/wp\/v2\/es_tags?post=294860"}],"curies":[{"name":"wp","href":"https:\/\/api.w.org\/{rel}","templated":true}]}}

Casa en arriendo en Fonquetá, Chía

<p>Casas ubicadas cerca a Andrés carne de Res, cerca a la salida hacia Cota, hacia la vía de la Chilacos y la variante, casas prácticamente nuevas para estrenar.</p>

Casas ubicadas cerca a Andrés carne de Res, cerca a...
