{"id":294479,"date":"2026-02-16T13:14:54","date_gmt":"2026-02-16T18:14:54","guid":{"rendered":"https:\/\/arriendo.com\/co\/%es_type%\/%address_city%\/%neighborhood%\/villavicencio-villavicencio-apartamento-en-arriendo-en-eded74\/"},"modified":"2026-02-16T13:14:54","modified_gmt":"2026-02-16T18:14:54","slug":"AR-294479","status":"publish","type":"properties","link":"https:\/\/arriendo.com\/co\/apartamentos\/villavicencio\/villavicencio\/AR-294479\/","title":{"rendered":"Apartamento en Arriendo en Villavicencio"},"content":{"rendered":"<p>ARRIENDO APTO AMOBLADO. Descubra este espacioso apartamento de 90 m\u00b2 en el exclusivo Conjunto Llano Real, un oasis de tranquilidad , es un sector residencial privilegiado. Estrat\u00e9gicamente ubicado detr\u00e1s del terminal de transportes y con f\u00e1cil acceso desde la Avenida Maracos, este inmueble ofrece una combinaci\u00f3n perfecta de comodidad y conveniencia. El apartamento cuenta con tres luminosas alcobas, dise\u00f1adas para el m\u00e1ximo confort. La alcoba principal amplia equipada con aire acondicionado,  vestier y un ba\u00f1o privado, creando un espacio \u00edntimo y funcional. Las alcobas secundarias comparten un ba\u00f1o completo, elegantemente terminado.<br \/>\nEl coraz\u00f3n del hogar es su amplia sala comedor, que se extiende hacia un encantador balc\u00f3n, ideal para disfrutar de momentos de relax. Adicionalmente, la propiedad incluye un vers\u00e1til espacio que puede adaptarse perfectamente como estudio o \u00e1rea de trabajo en casa, respondiendo a las necesidades del estilo de vida moderno.<br \/>\nEl Conjunto Llano Real eleva la experiencia de vivir con una impresionante gama de amenidades. Disfrute de refrescantes momentos en la piscina, mant\u00e9ngase activo en el gimnasio completamente equipado y celebre eventos especiales en el elegante sal\u00f3n social y parque infantil con cancha deportiva. La seguridad y el bienestar de sus residentes son una prioridad.<br \/>\nPara su comodidad, el apartamento incluye un garaje de uso exclusivo, garantizando un estacionamiento seguro y accesible. Este inmueble amoblado es una oportunidad \u00fanica para quienes buscan un estilo de vida superior en una de las zonas m\u00e1s cotizadas de la ciudad.<\/p>\n","protected":false},"excerpt":{"rendered":"ARRIENDO APTO AMOBLADO. Descubra este espacioso apartamento de 90 m\u00b2...","protected":false},"author":7527,"featured_media":294483,"template":"","es_locations":[97,338],"es_categories":[124],"es_types":[114],"es_rent_periods":[],"es_labels":[],"es_statuses":[],"es_parkings":[],"es_roofs":[],"es_exterior_materials":[],"es_basements":[],"es_floor_coverings":[],"es_features":[149,131,132,2212,2263,2131,133,2146,2147,2148,2196,136,2149,2179,145,2216,2132,2180,2272,2365,2133,2181,2182,2135,2150,143,2136,2376,2151,2185,2152,2204],"es_amenities":[2329,152,2186,2217,2269,2139,2154,2155,2156,2157,2197,2158,2159,154,2160,156,2140,157,2273,2366,158,159,2142,2161,2290,2143,161,2377,162,2173,2162,2209],"es_neighborhoods":[],"es_tags":[],"class_list":["post-294479","properties","type-properties","status-publish","has-post-thumbnail","hentry","es_location-meta","es_location-villavicencio","es_category-arriendo","es_type-apartamentos","es_feature-aire-acondicionado","es_feature-ascensor","es_feature-balcon","es_feature-bano-auxiliar","es_feature-barra-estilo-americano","es_feature-circuito-cerrado-de-tv","es_feature-citofono","es_feature-cocina-integral","es_feature-cocina-tipo-americano","es_feature-colegios-universidades","es_feature-en-conjunto-cerrado","es_feature-estudio","es_feature-garajes","es_feature-gimnasio","es_feature-instalacion-de-gas","es_feature-parqueadero-visitantes","es_feature-parques-cercanos","es_feature-piscina","es_feature-piso-en-baldosa-marmol","es_feature-planta-electrica","es_feature-porteria-recepcion","es_feature-porteria-vigilancia","es_feature-salon-comunal","es_feature-sobre-via-principal","es_feature-supermercados-c-comerciales","es_feature-terraza","es_feature-trans-publico-cercano","es_feature-vivienda-multifamiliar","es_feature-zona-de-lavanderia","es_feature-zona-infantil","es_feature-zona-residencial","es_feature-zonas-verdes","es_amenity-aire-acondicionado","es_amenity-ascensor-privado","es_amenity-balcon","es_amenity-bano-auxiliar","es_amenity-barra-estilo-americano","es_amenity-circuito-cerrado-de-tv","es_amenity-citofono","es_amenity-cocina-integral","es_amenity-cocina-tipo-americano","es_amenity-colegios-universidades","es_amenity-en-conjunto-cerrado","es_amenity-estudio","es_amenity-garajes","es_amenity-gimnasio","es_amenity-instalacion-de-gas","es_amenity-parqueadero-visitantes","es_amenity-parques-cercanos","es_amenity-piscina","es_amenity-piso-en-baldosa-marmol","es_amenity-planta-electrica","es_amenity-porteria-recepcion","es_amenity-salon-comunal","es_amenity-sobre-via-principal","es_amenity-supermercados-c-comerciales","es_amenity-terraza","es_amenity-trans-publico-cercano","es_amenity-vigilancia-24-7","es_amenity-vivienda-multifamiliar","es_amenity-zona-de-lavanderia","es_amenity-zona-infantil","es_amenity-zona-residencial","es_amenity-zonas-verdes","es-post-entity"],"_links":{"self":[{"href":"https:\/\/arriendo.com\/co\/wp-json\/wp\/v2\/properties\/294479","targetHints":{"allow":["GET"]}}],"collection":[{"href":"https:\/\/arriendo.com\/co\/wp-json\/wp\/v2\/properties"}],"about":[{"href":"https:\/\/arriendo.com\/co\/wp-json\/wp\/v2\/types\/properties"}],"author":[{"embeddable":true,"href":"https:\/\/arriendo.com\/co\/wp-json\/wp\/v2\/users\/7527"}],"version-history":[{"count":0,"href":"https:\/\/arriendo.com\/co\/wp-json\/wp\/v2\/properties\/294479\/revisions"}],"wp:featuredmedia":[{"embeddable":true,"href":"https:\/\/arriendo.com\/co\/wp-json\/wp\/v2\/media\/294483"}],"wp:attachment":[{"href":"https:\/\/arriendo.com\/co\/wp-json\/wp\/v2\/media?parent=294479"}],"wp:term":[{"taxonomy":"es_location","embeddable":true,"href":"https:\/\/arriendo.com\/co\/wp-json\/wp\/v2\/es_locations?post=294479"},{"taxonomy":"es_category","embeddable":true,"href":"https:\/\/arriendo.com\/co\/wp-json\/wp\/v2\/es_categories?post=294479"},{"taxonomy":"es_type","embeddable":true,"href":"https:\/\/arriendo.com\/co\/wp-json\/wp\/v2\/es_types?post=294479"},{"taxonomy":"es_rent_period","embeddable":true,"href":"https:\/\/arriendo.com\/co\/wp-json\/wp\/v2\/es_rent_periods?post=294479"},{"taxonomy":"es_label","embeddable":true,"href":"https:\/\/arriendo.com\/co\/wp-json\/wp\/v2\/es_labels?post=294479"},{"taxonomy":"es_status","embeddable":true,"href":"https:\/\/arriendo.com\/co\/wp-json\/wp\/v2\/es_statuses?post=294479"},{"taxonomy":"es_parking","embeddable":true,"href":"https:\/\/arriendo.com\/co\/wp-json\/wp\/v2\/es_parkings?post=294479"},{"taxonomy":"es_roof","embeddable":true,"href":"https:\/\/arriendo.com\/co\/wp-json\/wp\/v2\/es_roofs?post=294479"},{"taxonomy":"es_exterior_material","embeddable":true,"href":"https:\/\/arriendo.com\/co\/wp-json\/wp\/v2\/es_exterior_materials?post=294479"},{"taxonomy":"es_basement","embeddable":true,"href":"https:\/\/arriendo.com\/co\/wp-json\/wp\/v2\/es_basements?post=294479"},{"taxonomy":"es_floor_covering","embeddable":true,"href":"https:\/\/arriendo.com\/co\/wp-json\/wp\/v2\/es_floor_coverings?post=294479"},{"taxonomy":"es_feature","embeddable":true,"href":"https:\/\/arriendo.com\/co\/wp-json\/wp\/v2\/es_features?post=294479"},{"taxonomy":"es_amenity","embeddable":true,"href":"https:\/\/arriendo.com\/co\/wp-json\/wp\/v2\/es_amenities?post=294479"},{"taxonomy":"es_neighborhood","embeddable":true,"href":"https:\/\/arriendo.com\/co\/wp-json\/wp\/v2\/es_neighborhoods?post=294479"},{"taxonomy":"es_tag","embeddable":true,"href":"https:\/\/arriendo.com\/co\/wp-json\/wp\/v2\/es_tags?post=294479"}],"curies":[{"name":"wp","href":"https:\/\/api.w.org\/{rel}","templated":true}]}}

<p>ARRIENDO APTO AMOBLADO. Descubra este espacioso apartamento de 90 m² en el exclusivo Conjunto Llano Real, un oasis de tranquilidad , es un sector residencial privilegiado. Estratégicamente ubicado detrás del terminal de transportes y con fácil acceso desde la Avenida Maracos, este inmueble ofrece una combinación perfecta de comodidad y conveniencia. El apartamento cuenta con tres luminosas alcobas, diseñadas para el máximo confort. La alcoba principal amplia equipada con aire acondicionado,  vestier y un baño privado, creando un espacio íntimo y funcional. Las alcobas secundarias comparten un baño completo, elegantemente terminado.<br />
El corazón del hogar es su amplia sala comedor, que se extiende hacia un encantador balcón, ideal para disfrutar de momentos de relax. Adicionalmente, la propiedad incluye un versátil espacio que puede adaptarse perfectamente como estudio o área de trabajo en casa, respondiendo a las necesidades del estilo de vida moderno.<br />
El Conjunto Llano Real eleva la experiencia de vivir con una impresionante gama de amenidades. Disfrute de refrescantes momentos en la piscina, manténgase activo en el gimnasio completamente equipado y celebre eventos especiales en el elegante salón social y parque infantil con cancha deportiva. La seguridad y el bienestar de sus residentes son una prioridad.<br />
Para su comodidad, el apartamento incluye un garaje de uso exclusivo, garantizando un estacionamiento seguro y accesible. Este inmueble amoblado es una oportunidad única para quienes buscan un estilo de vida superior en una de las zonas más cotizadas de la ciudad.</p>
