{"id":294275,"date":"2026-02-16T13:09:49","date_gmt":"2026-02-16T18:09:49","guid":{"rendered":"https:\/\/arriendo.com\/co\/%es_type%\/%address_city%\/%neighborhood%\/cajica-la-capellania-apartamento-en-arriendo-en-dd4acd\/"},"modified":"2026-02-16T13:09:49","modified_gmt":"2026-02-16T18:09:49","slug":"AR-294275","status":"publish","type":"properties","link":"https:\/\/arriendo.com\/co\/apartamentos\/cajica\/la-capellania\/AR-294275\/","title":{"rendered":"Apartamento en Arriendo en La capellania, Cajic\u00e1"},"content":{"rendered":"<p>DALA Inmobiliaria arrienda apartamento en Cajic\u00e1, cuarto piso conjunto cerrado, vista interior, buena iluminaci\u00f3n sector de alta valorizaci\u00f3n, sala comedor  terraza y dep\u00f3sito, habitaci\u00f3n principal con ba\u00f1o privado y walkin closet, dos habitaciones auxiliares con closet, que comparten un  ba\u00f1o completo, estudio, cocina abierta, zona de ropas independiente, cerca del centro Comercial Fontanar, Bazaar zonas sociales en desarrollo, parque infantil, gimnasio, cancha multiple, cooworking, sal\u00f3n social, zona de picnic,  turco, sauna, zona de chimenea, mesa de ping pong, sauna turco, ascensor, vigilancia 24 horas. sobre via principal.<\/p>\n<p>No dejes pasar esta oportunidad \u00fanica de vivir en el apartamento de tus sue\u00f1os, Si est\u00e1s buscando inmobiliarias en Cajic\u00e1, somos tu mejor opci\u00f3n. Tambi\u00e9n manejamos Bienes Inmuebles en Ch\u00eda y Cota, COD. 847 A.E<\/p>\n","protected":false},"excerpt":{"rendered":"DALA Inmobiliaria arrienda apartamento en Cajic\u00e1, cuarto piso conjunto cerrado,...","protected":false},"author":5745,"featured_media":294278,"template":"","es_locations":[243,91,2801],"es_categories":[124],"es_types":[114],"es_rent_periods":[],"es_labels":[],"es_statuses":[],"es_parkings":[],"es_roofs":[],"es_exterior_materials":[],"es_basements":[],"es_floor_coverings":[],"es_features":[2292,131,2212,2164,2263,2145,2146,2147,2148,2312,2266,151,2196,136,2149,2179,2282,145,2216,2132,2133,2181,2167,2135,2150,143,2136,144,2376,2137,2151,2185,2152],"es_amenities":[2294,152,2217,2187,2269,2153,2155,2156,2157,2314,2264,2270,2197,2158,2159,154,2287,2160,156,2140,158,2171,2142,2161,2290,2143,161,2289,2377,2144,162,2173,2162],"es_neighborhoods":[],"es_tags":[],"class_list":["post-294275","properties","type-properties","status-publish","has-post-thumbnail","hentry","es_location-cajica","es_location-cundinamarca","es_location-la-capellania","es_category-arriendo","es_type-apartamentos","es_feature-acceso-pavimentado","es_feature-ascensor","es_feature-bano-auxiliar","es_feature-bano-independiente","es_feature-barra-estilo-americano","es_feature-calentador","es_feature-cocina-integral","es_feature-cocina-tipo-americano","es_feature-colegios-universidades","es_feature-comedor-auxiliar","es_feature-con-casa-club","es_feature-deposito-bodega","es_feature-en-conjunto-cerrado","es_feature-estudio","es_feature-garajes","es_feature-gimnasio","es_feature-hall-de-alcobas","es_feature-instalacion-de-gas","es_feature-parqueadero-visitantes","es_feature-parques-cercanos","es_feature-porteria-recepcion","es_feature-porteria-vigilancia","es_feature-sauna-turco-jacuzzi","es_feature-sobre-via-principal","es_feature-supermercados-c-comerciales","es_feature-terraza","es_feature-trans-publico-cercano","es_feature-vista-panoramica","es_feature-vivienda-multifamiliar","es_feature-zona-comercial","es_feature-zona-de-lavanderia","es_feature-zona-infantil","es_feature-zona-residencial","es_amenity-acceso-pavimentado","es_amenity-ascensor-privado","es_amenity-bano-auxiliar","es_amenity-bano-independiente","es_amenity-barra-estilo-americano","es_amenity-calentador","es_amenity-cocina-integral","es_amenity-cocina-tipo-americano","es_amenity-colegios-universidades","es_amenity-comedor-auxiliar","es_amenity-con-casa-club","es_amenity-deposito-bodega","es_amenity-en-conjunto-cerrado","es_amenity-estudio","es_amenity-garajes","es_amenity-gimnasio","es_amenity-hall-de-alcobas","es_amenity-instalacion-de-gas","es_amenity-parqueadero-visitantes","es_amenity-parques-cercanos","es_amenity-porteria-recepcion","es_amenity-sauna-turco-jacuzzi","es_amenity-sobre-via-principal","es_amenity-supermercados-c-comerciales","es_amenity-terraza","es_amenity-trans-publico-cercano","es_amenity-vigilancia-24-7","es_amenity-vista-panoramica","es_amenity-vivienda-multifamiliar","es_amenity-zona-comercial","es_amenity-zona-de-lavanderia","es_amenity-zona-infantil","es_amenity-zona-residencial","es-post-entity"],"_links":{"self":[{"href":"https:\/\/arriendo.com\/co\/wp-json\/wp\/v2\/properties\/294275","targetHints":{"allow":["GET"]}}],"collection":[{"href":"https:\/\/arriendo.com\/co\/wp-json\/wp\/v2\/properties"}],"about":[{"href":"https:\/\/arriendo.com\/co\/wp-json\/wp\/v2\/types\/properties"}],"author":[{"embeddable":true,"href":"https:\/\/arriendo.com\/co\/wp-json\/wp\/v2\/users\/5745"}],"version-history":[{"count":0,"href":"https:\/\/arriendo.com\/co\/wp-json\/wp\/v2\/properties\/294275\/revisions"}],"wp:featuredmedia":[{"embeddable":true,"href":"https:\/\/arriendo.com\/co\/wp-json\/wp\/v2\/media\/294278"}],"wp:attachment":[{"href":"https:\/\/arriendo.com\/co\/wp-json\/wp\/v2\/media?parent=294275"}],"wp:term":[{"taxonomy":"es_location","embeddable":true,"href":"https:\/\/arriendo.com\/co\/wp-json\/wp\/v2\/es_locations?post=294275"},{"taxonomy":"es_category","embeddable":true,"href":"https:\/\/arriendo.com\/co\/wp-json\/wp\/v2\/es_categories?post=294275"},{"taxonomy":"es_type","embeddable":true,"href":"https:\/\/arriendo.com\/co\/wp-json\/wp\/v2\/es_types?post=294275"},{"taxonomy":"es_rent_period","embeddable":true,"href":"https:\/\/arriendo.com\/co\/wp-json\/wp\/v2\/es_rent_periods?post=294275"},{"taxonomy":"es_label","embeddable":true,"href":"https:\/\/arriendo.com\/co\/wp-json\/wp\/v2\/es_labels?post=294275"},{"taxonomy":"es_status","embeddable":true,"href":"https:\/\/arriendo.com\/co\/wp-json\/wp\/v2\/es_statuses?post=294275"},{"taxonomy":"es_parking","embeddable":true,"href":"https:\/\/arriendo.com\/co\/wp-json\/wp\/v2\/es_parkings?post=294275"},{"taxonomy":"es_roof","embeddable":true,"href":"https:\/\/arriendo.com\/co\/wp-json\/wp\/v2\/es_roofs?post=294275"},{"taxonomy":"es_exterior_material","embeddable":true,"href":"https:\/\/arriendo.com\/co\/wp-json\/wp\/v2\/es_exterior_materials?post=294275"},{"taxonomy":"es_basement","embeddable":true,"href":"https:\/\/arriendo.com\/co\/wp-json\/wp\/v2\/es_basements?post=294275"},{"taxonomy":"es_floor_covering","embeddable":true,"href":"https:\/\/arriendo.com\/co\/wp-json\/wp\/v2\/es_floor_coverings?post=294275"},{"taxonomy":"es_feature","embeddable":true,"href":"https:\/\/arriendo.com\/co\/wp-json\/wp\/v2\/es_features?post=294275"},{"taxonomy":"es_amenity","embeddable":true,"href":"https:\/\/arriendo.com\/co\/wp-json\/wp\/v2\/es_amenities?post=294275"},{"taxonomy":"es_neighborhood","embeddable":true,"href":"https:\/\/arriendo.com\/co\/wp-json\/wp\/v2\/es_neighborhoods?post=294275"},{"taxonomy":"es_tag","embeddable":true,"href":"https:\/\/arriendo.com\/co\/wp-json\/wp\/v2\/es_tags?post=294275"}],"curies":[{"name":"wp","href":"https:\/\/api.w.org\/{rel}","templated":true}]}}

Apartamento en Arriendo en La capellania, Cajicá

<p>DALA Inmobiliaria arrienda apartamento en Cajicá, cuarto piso conjunto cerrado, vista interior, buena iluminación sector de alta valorización, sala comedor  terraza y depósito, habitación principal con baño privado y walkin closet, dos habitaciones auxiliares con closet, que comparten un  baño completo, estudio, cocina abierta, zona de ropas independiente, cerca del centro Comercial Fontanar, Bazaar zonas sociales en desarrollo, parque infantil, gimnasio, cancha multiple, cooworking, salón social, zona de picnic,  turco, sauna, zona de chimenea, mesa de ping pong, sauna turco, ascensor, vigilancia 24 horas. sobre via principal.</p>
<p>No dejes pasar esta oportunidad única de vivir en el apartamento de tus sueños, Si estás buscando inmobiliarias en Cajicá, somos tu mejor opción. También manejamos Bienes Inmuebles en Chía y Cota, COD. 847 A.E</p>

DALA Inmobiliaria arrienda apartamento en Cajicá, cuarto piso conjunto cerrado,...
