{"id":293992,"date":"2026-02-16T12:58:35","date_gmt":"2026-02-16T17:58:35","guid":{"rendered":"https:\/\/arriendo.com\/co\/%es_type%\/%address_city%\/%neighborhood%\/cajica-hatogrande-oficina-en-arriendo-en-be9e89\/"},"modified":"2026-02-16T12:58:36","modified_gmt":"2026-02-16T17:58:36","slug":"AR-293992","status":"publish","type":"properties","link":"https:\/\/arriendo.com\/co\/oficinas\/cajica\/hatogrande\/AR-293992\/","title":{"rendered":"Oficina en Arriendo en Hatogrande, Cajic\u00e1"},"content":{"rendered":"<p>Oficina en arriendo en Cajic\u00e1 Amoblada de 56 m2 ubicada sobre la milla de oro en el exclusivo Centro Empresarial Distrito San Roque.<\/p>\n<p>Esta oficina se encuentra amoblada y cuenta con sala de juntas y un parqueadero.<\/p>\n<p>EL c\u00e1non de arrendamiento incluye administraci\u00f3n. S\u00faper ubicada, restaurantes, gimnasio, v\u00eda principal de acceso<\/p>\n","protected":false},"excerpt":{"rendered":"Oficina en arriendo en Cajic\u00e1 Amoblada de 56 m2 ubicada...","protected":false},"author":7068,"featured_media":0,"template":"","es_locations":[243,91,2911],"es_categories":[124],"es_types":[116],"es_rent_periods":[],"es_labels":[],"es_statuses":[],"es_parkings":[],"es_roofs":[],"es_exterior_materials":[],"es_basements":[],"es_floor_coverings":[],"es_features":[2262,2233,2148,2216,2132,2133,2181,2135,2150,2136,144,2137,2152],"es_amenities":[2267,2248,2157,156,2140,158,2142,2161,2143,161,2289,2144,2162],"es_neighborhoods":[],"es_tags":[],"class_list":["post-293992","properties","type-properties","status-publish","hentry","es_location-cajica","es_location-cundinamarca","es_location-hatogrande","es_category-arriendo","es_type-oficinas","es_feature-amoblado","es_feature-cerca-de-zona-urbana","es_feature-colegios-universidades","es_feature-parqueadero-visitantes","es_feature-parques-cercanos","es_feature-porteria-recepcion","es_feature-porteria-vigilancia","es_feature-sobre-via-principal","es_feature-supermercados-c-comerciales","es_feature-trans-publico-cercano","es_feature-vista-panoramica","es_feature-zona-comercial","es_feature-zona-residencial","es_amenity-amoblado","es_amenity-cerca-de-zona-urbana","es_amenity-colegios-universidades","es_amenity-parqueadero-visitantes","es_amenity-parques-cercanos","es_amenity-porteria-recepcion","es_amenity-sobre-via-principal","es_amenity-supermercados-c-comerciales","es_amenity-trans-publico-cercano","es_amenity-vigilancia-24-7","es_amenity-vista-panoramica","es_amenity-zona-comercial","es_amenity-zona-residencial","es-post-entity"],"_links":{"self":[{"href":"https:\/\/arriendo.com\/co\/wp-json\/wp\/v2\/properties\/293992","targetHints":{"allow":["GET"]}}],"collection":[{"href":"https:\/\/arriendo.com\/co\/wp-json\/wp\/v2\/properties"}],"about":[{"href":"https:\/\/arriendo.com\/co\/wp-json\/wp\/v2\/types\/properties"}],"author":[{"embeddable":true,"href":"https:\/\/arriendo.com\/co\/wp-json\/wp\/v2\/users\/7068"}],"version-history":[{"count":0,"href":"https:\/\/arriendo.com\/co\/wp-json\/wp\/v2\/properties\/293992\/revisions"}],"wp:attachment":[{"href":"https:\/\/arriendo.com\/co\/wp-json\/wp\/v2\/media?parent=293992"}],"wp:term":[{"taxonomy":"es_location","embeddable":true,"href":"https:\/\/arriendo.com\/co\/wp-json\/wp\/v2\/es_locations?post=293992"},{"taxonomy":"es_category","embeddable":true,"href":"https:\/\/arriendo.com\/co\/wp-json\/wp\/v2\/es_categories?post=293992"},{"taxonomy":"es_type","embeddable":true,"href":"https:\/\/arriendo.com\/co\/wp-json\/wp\/v2\/es_types?post=293992"},{"taxonomy":"es_rent_period","embeddable":true,"href":"https:\/\/arriendo.com\/co\/wp-json\/wp\/v2\/es_rent_periods?post=293992"},{"taxonomy":"es_label","embeddable":true,"href":"https:\/\/arriendo.com\/co\/wp-json\/wp\/v2\/es_labels?post=293992"},{"taxonomy":"es_status","embeddable":true,"href":"https:\/\/arriendo.com\/co\/wp-json\/wp\/v2\/es_statuses?post=293992"},{"taxonomy":"es_parking","embeddable":true,"href":"https:\/\/arriendo.com\/co\/wp-json\/wp\/v2\/es_parkings?post=293992"},{"taxonomy":"es_roof","embeddable":true,"href":"https:\/\/arriendo.com\/co\/wp-json\/wp\/v2\/es_roofs?post=293992"},{"taxonomy":"es_exterior_material","embeddable":true,"href":"https:\/\/arriendo.com\/co\/wp-json\/wp\/v2\/es_exterior_materials?post=293992"},{"taxonomy":"es_basement","embeddable":true,"href":"https:\/\/arriendo.com\/co\/wp-json\/wp\/v2\/es_basements?post=293992"},{"taxonomy":"es_floor_covering","embeddable":true,"href":"https:\/\/arriendo.com\/co\/wp-json\/wp\/v2\/es_floor_coverings?post=293992"},{"taxonomy":"es_feature","embeddable":true,"href":"https:\/\/arriendo.com\/co\/wp-json\/wp\/v2\/es_features?post=293992"},{"taxonomy":"es_amenity","embeddable":true,"href":"https:\/\/arriendo.com\/co\/wp-json\/wp\/v2\/es_amenities?post=293992"},{"taxonomy":"es_neighborhood","embeddable":true,"href":"https:\/\/arriendo.com\/co\/wp-json\/wp\/v2\/es_neighborhoods?post=293992"},{"taxonomy":"es_tag","embeddable":true,"href":"https:\/\/arriendo.com\/co\/wp-json\/wp\/v2\/es_tags?post=293992"}],"curies":[{"name":"wp","href":"https:\/\/api.w.org\/{rel}","templated":true}]}}

Oficina en Arriendo en Hatogrande, Cajicá

<p>Oficina en arriendo en Cajicá Amoblada de 56 m2 ubicada sobre la milla de oro en el exclusivo Centro Empresarial Distrito San Roque.</p>
<p>Esta oficina se encuentra amoblada y cuenta con sala de juntas y un parqueadero.</p>
<p>EL cánon de arrendamiento incluye administración. Súper ubicada, restaurantes, gimnasio, vía principal de acceso</p>

Oficina en arriendo en Cajicá Amoblada de 56 m2 ubicada...
