{"id":293859,"date":"2026-02-16T12:55:55","date_gmt":"2026-02-16T17:55:55","guid":{"rendered":"https:\/\/arriendo.com\/co\/%es_type%\/%address_city%\/%neighborhood%\/cajica-cajica-oficina-en-arriendo-en-b084d6\/"},"modified":"2026-02-16T12:55:55","modified_gmt":"2026-02-16T17:55:55","slug":"AR-293859","status":"publish","type":"properties","link":"https:\/\/arriendo.com\/co\/oficinas\/cajica\/cajica\/AR-293859\/","title":{"rendered":"Oficina en Arriendo en Cajic\u00e1"},"content":{"rendered":"<p>Oficina de 41 mts2 disponible para arriendo ubicada en Cajic\u00e1 en el centro empresarial Nou. Totalmente terminada y disponible para entrega inmediata, esta oficina cuenta con  punto de agua y desag\u00fce para adecuaciones asi como con servicio de energia, un dep\u00f3sito y parqueadero privado<\/p>\n<p>El Centro Empresarrial cuenta con una ubicaci\u00f3n estrat\u00e9gica que lo concecta a importantes v\u00edas de acceso, centros comerciales, restaurantes, zonas recreativas, urbanizaciones residenciales, oficinas, centros industriales y log\u00edsticos de la Sabana. Ofrece en sus instalaciones una zona de descanso para empleados en el \u00faltimo piso, Parqueadero subterr\u00e1neo para funcionarios de las oficinas.<\/p>\n","protected":false},"excerpt":{"rendered":"Oficina de 41 mts2 disponible para arriendo ubicada en Cajic\u00e1...","protected":false},"author":7068,"featured_media":293862,"template":"","es_locations":[243,91],"es_categories":[124],"es_types":[116],"es_rent_periods":[],"es_labels":[],"es_statuses":[],"es_parkings":[],"es_roofs":[],"es_exterior_materials":[],"es_basements":[],"es_floor_coverings":[],"es_features":[131,2233,2148,151,2370,2216,2132,2133,2135,2150,2136,144,2137,2152],"es_amenities":[152,2248,2157,2270,2371,156,2140,158,2142,2161,2143,2289,2144,2162],"es_neighborhoods":[],"es_tags":[],"class_list":["post-293859","properties","type-properties","status-publish","has-post-thumbnail","hentry","es_location-cajica","es_location-cundinamarca","es_category-arriendo","es_type-oficinas","es_feature-ascensor","es_feature-cerca-de-zona-urbana","es_feature-colegios-universidades","es_feature-deposito-bodega","es_feature-oficina-de-negocios","es_feature-parqueadero-visitantes","es_feature-parques-cercanos","es_feature-porteria-recepcion","es_feature-sobre-via-principal","es_feature-supermercados-c-comerciales","es_feature-trans-publico-cercano","es_feature-vista-panoramica","es_feature-zona-comercial","es_feature-zona-residencial","es_amenity-ascensor-privado","es_amenity-cerca-de-zona-urbana","es_amenity-colegios-universidades","es_amenity-deposito-bodega","es_amenity-oficina-de-negocios","es_amenity-parqueadero-visitantes","es_amenity-parques-cercanos","es_amenity-porteria-recepcion","es_amenity-sobre-via-principal","es_amenity-supermercados-c-comerciales","es_amenity-trans-publico-cercano","es_amenity-vista-panoramica","es_amenity-zona-comercial","es_amenity-zona-residencial","es-post-entity"],"_links":{"self":[{"href":"https:\/\/arriendo.com\/co\/wp-json\/wp\/v2\/properties\/293859","targetHints":{"allow":["GET"]}}],"collection":[{"href":"https:\/\/arriendo.com\/co\/wp-json\/wp\/v2\/properties"}],"about":[{"href":"https:\/\/arriendo.com\/co\/wp-json\/wp\/v2\/types\/properties"}],"author":[{"embeddable":true,"href":"https:\/\/arriendo.com\/co\/wp-json\/wp\/v2\/users\/7068"}],"version-history":[{"count":0,"href":"https:\/\/arriendo.com\/co\/wp-json\/wp\/v2\/properties\/293859\/revisions"}],"wp:featuredmedia":[{"embeddable":true,"href":"https:\/\/arriendo.com\/co\/wp-json\/wp\/v2\/media\/293862"}],"wp:attachment":[{"href":"https:\/\/arriendo.com\/co\/wp-json\/wp\/v2\/media?parent=293859"}],"wp:term":[{"taxonomy":"es_location","embeddable":true,"href":"https:\/\/arriendo.com\/co\/wp-json\/wp\/v2\/es_locations?post=293859"},{"taxonomy":"es_category","embeddable":true,"href":"https:\/\/arriendo.com\/co\/wp-json\/wp\/v2\/es_categories?post=293859"},{"taxonomy":"es_type","embeddable":true,"href":"https:\/\/arriendo.com\/co\/wp-json\/wp\/v2\/es_types?post=293859"},{"taxonomy":"es_rent_period","embeddable":true,"href":"https:\/\/arriendo.com\/co\/wp-json\/wp\/v2\/es_rent_periods?post=293859"},{"taxonomy":"es_label","embeddable":true,"href":"https:\/\/arriendo.com\/co\/wp-json\/wp\/v2\/es_labels?post=293859"},{"taxonomy":"es_status","embeddable":true,"href":"https:\/\/arriendo.com\/co\/wp-json\/wp\/v2\/es_statuses?post=293859"},{"taxonomy":"es_parking","embeddable":true,"href":"https:\/\/arriendo.com\/co\/wp-json\/wp\/v2\/es_parkings?post=293859"},{"taxonomy":"es_roof","embeddable":true,"href":"https:\/\/arriendo.com\/co\/wp-json\/wp\/v2\/es_roofs?post=293859"},{"taxonomy":"es_exterior_material","embeddable":true,"href":"https:\/\/arriendo.com\/co\/wp-json\/wp\/v2\/es_exterior_materials?post=293859"},{"taxonomy":"es_basement","embeddable":true,"href":"https:\/\/arriendo.com\/co\/wp-json\/wp\/v2\/es_basements?post=293859"},{"taxonomy":"es_floor_covering","embeddable":true,"href":"https:\/\/arriendo.com\/co\/wp-json\/wp\/v2\/es_floor_coverings?post=293859"},{"taxonomy":"es_feature","embeddable":true,"href":"https:\/\/arriendo.com\/co\/wp-json\/wp\/v2\/es_features?post=293859"},{"taxonomy":"es_amenity","embeddable":true,"href":"https:\/\/arriendo.com\/co\/wp-json\/wp\/v2\/es_amenities?post=293859"},{"taxonomy":"es_neighborhood","embeddable":true,"href":"https:\/\/arriendo.com\/co\/wp-json\/wp\/v2\/es_neighborhoods?post=293859"},{"taxonomy":"es_tag","embeddable":true,"href":"https:\/\/arriendo.com\/co\/wp-json\/wp\/v2\/es_tags?post=293859"}],"curies":[{"name":"wp","href":"https:\/\/api.w.org\/{rel}","templated":true}]}}

Oficina en Arriendo en Cajicá

<p>Oficina de 41 mts2 disponible para arriendo ubicada en Cajicá en el centro empresarial Nou. Totalmente terminada y disponible para entrega inmediata, esta oficina cuenta con  punto de agua y desagüe para adecuaciones asi como con servicio de energia, un depósito y parqueadero privado</p>
<p>El Centro Empresarrial cuenta con una ubicación estratégica que lo concecta a importantes vías de acceso, centros comerciales, restaurantes, zonas recreativas, urbanizaciones residenciales, oficinas, centros industriales y logísticos de la Sabana. Ofrece en sus instalaciones una zona de descanso para empleados en el último piso, Parqueadero subterráneo para funcionarios de las oficinas.</p>

Oficina de 41 mts2 disponible para arriendo ubicada en Cajicá...
