{"id":292973,"date":"2026-02-16T12:37:27","date_gmt":"2026-02-16T17:37:27","guid":{"rendered":"https:\/\/arriendo.com\/co\/%es_type%\/%address_city%\/%neighborhood%\/pereira-sector-lago-uribe-local-en-arriendo-en-7e4496\/"},"modified":"2026-02-16T12:37:28","modified_gmt":"2026-02-16T17:37:28","slug":"AR-292973","status":"publish","type":"properties","link":"https:\/\/arriendo.com\/co\/locales\/pereira\/sector-lago-uribe\/AR-292973\/","title":{"rendered":"Local en Arriendo en Sector lago uribe, Pereira"},"content":{"rendered":"<p>Tu negocio en el coraz\u00f3n de la ciudad de Pereira! VIMA INMOBILIARIA RENTA amplio local de 2 niveles, con \u00e1rea construida de 390 mts2, cuenta con 5 ba\u00f1os habilitados, luces led, cocineta amplia, parqueadero en s\u00f3tano m\u00e1s dep\u00f3sito. Canon m\u00e1s IVA. Ubicado en edificio con porter\u00eda y vigilancia24\/7. CONT\u00c1CTANOS PARA MAYOR INFORMACI\u00d3N AL 3225412337 1504-140<\/p>\n","protected":false},"excerpt":{"rendered":"Tu negocio en el coraz\u00f3n de la ciudad de Pereira!...","protected":false},"author":4102,"featured_media":292976,"template":"","es_locations":[231,102,2961],"es_categories":[124],"es_types":[117],"es_rent_periods":[],"es_labels":[],"es_statuses":[],"es_parkings":[],"es_roofs":[],"es_exterior_materials":[],"es_basements":[],"es_floor_coverings":[],"es_features":[2293,2233,2234,2135,2240,2136],"es_amenities":[2295,2248,2249,2142,2257,2143],"es_neighborhoods":[],"es_tags":[],"class_list":["post-292973","properties","type-properties","status-publish","has-post-thumbnail","hentry","es_location-pereira","es_location-risaralda","es_location-sector-lago-uribe","es_category-arriendo","es_type-locales","es_feature-cerca-centro-comercial","es_feature-cerca-de-zona-urbana","es_feature-comodas-vias-de-acceso","es_feature-sobre-via-principal","es_feature-todos-los-servicios","es_feature-trans-publico-cercano","es_amenity-cerca-centro-comercial","es_amenity-cerca-de-zona-urbana","es_amenity-comodas-vias-de-acceso","es_amenity-sobre-via-principal","es_amenity-todos-los-servicios","es_amenity-trans-publico-cercano","es-post-entity"],"_links":{"self":[{"href":"https:\/\/arriendo.com\/co\/wp-json\/wp\/v2\/properties\/292973","targetHints":{"allow":["GET"]}}],"collection":[{"href":"https:\/\/arriendo.com\/co\/wp-json\/wp\/v2\/properties"}],"about":[{"href":"https:\/\/arriendo.com\/co\/wp-json\/wp\/v2\/types\/properties"}],"author":[{"embeddable":true,"href":"https:\/\/arriendo.com\/co\/wp-json\/wp\/v2\/users\/4102"}],"version-history":[{"count":0,"href":"https:\/\/arriendo.com\/co\/wp-json\/wp\/v2\/properties\/292973\/revisions"}],"wp:featuredmedia":[{"embeddable":true,"href":"https:\/\/arriendo.com\/co\/wp-json\/wp\/v2\/media\/292976"}],"wp:attachment":[{"href":"https:\/\/arriendo.com\/co\/wp-json\/wp\/v2\/media?parent=292973"}],"wp:term":[{"taxonomy":"es_location","embeddable":true,"href":"https:\/\/arriendo.com\/co\/wp-json\/wp\/v2\/es_locations?post=292973"},{"taxonomy":"es_category","embeddable":true,"href":"https:\/\/arriendo.com\/co\/wp-json\/wp\/v2\/es_categories?post=292973"},{"taxonomy":"es_type","embeddable":true,"href":"https:\/\/arriendo.com\/co\/wp-json\/wp\/v2\/es_types?post=292973"},{"taxonomy":"es_rent_period","embeddable":true,"href":"https:\/\/arriendo.com\/co\/wp-json\/wp\/v2\/es_rent_periods?post=292973"},{"taxonomy":"es_label","embeddable":true,"href":"https:\/\/arriendo.com\/co\/wp-json\/wp\/v2\/es_labels?post=292973"},{"taxonomy":"es_status","embeddable":true,"href":"https:\/\/arriendo.com\/co\/wp-json\/wp\/v2\/es_statuses?post=292973"},{"taxonomy":"es_parking","embeddable":true,"href":"https:\/\/arriendo.com\/co\/wp-json\/wp\/v2\/es_parkings?post=292973"},{"taxonomy":"es_roof","embeddable":true,"href":"https:\/\/arriendo.com\/co\/wp-json\/wp\/v2\/es_roofs?post=292973"},{"taxonomy":"es_exterior_material","embeddable":true,"href":"https:\/\/arriendo.com\/co\/wp-json\/wp\/v2\/es_exterior_materials?post=292973"},{"taxonomy":"es_basement","embeddable":true,"href":"https:\/\/arriendo.com\/co\/wp-json\/wp\/v2\/es_basements?post=292973"},{"taxonomy":"es_floor_covering","embeddable":true,"href":"https:\/\/arriendo.com\/co\/wp-json\/wp\/v2\/es_floor_coverings?post=292973"},{"taxonomy":"es_feature","embeddable":true,"href":"https:\/\/arriendo.com\/co\/wp-json\/wp\/v2\/es_features?post=292973"},{"taxonomy":"es_amenity","embeddable":true,"href":"https:\/\/arriendo.com\/co\/wp-json\/wp\/v2\/es_amenities?post=292973"},{"taxonomy":"es_neighborhood","embeddable":true,"href":"https:\/\/arriendo.com\/co\/wp-json\/wp\/v2\/es_neighborhoods?post=292973"},{"taxonomy":"es_tag","embeddable":true,"href":"https:\/\/arriendo.com\/co\/wp-json\/wp\/v2\/es_tags?post=292973"}],"curies":[{"name":"wp","href":"https:\/\/api.w.org\/{rel}","templated":true}]}}

<p>Tu negocio en el corazón de la ciudad de Pereira! VIMA INMOBILIARIA RENTA amplio local de 2 niveles, con área construida de 390 mts2, cuenta con 5 baños habilitados, luces led, cocineta amplia, parqueadero en sótano más depósito. Canon más IVA. Ubicado en edificio con portería y vigilancia24/7. CONTÁCTANOS PARA MAYOR INFORMACIÓN AL 3225412337 1504-140</p>

Tu negocio en el corazón de la ciudad de Pereira!...
