{"id":292871,"date":"2026-02-16T12:35:38","date_gmt":"2026-02-16T17:35:38","guid":{"rendered":"https:\/\/arriendo.com\/co\/%es_type%\/%address_city%\/%neighborhood%\/pereira-sector-lago-uribe-apartamento-en-arriendo-en-a962c8\/"},"modified":"2026-02-16T12:35:38","modified_gmt":"2026-02-16T17:35:38","slug":"AR-292871","status":"publish","type":"properties","link":"https:\/\/arriendo.com\/co\/apartamentos\/pereira\/sector-lago-uribe\/AR-292871\/","title":{"rendered":"Apartamento en Arriendo en Sector lago uribe, Pereira"},"content":{"rendered":"<p>En el centro de la ciudad de Pereira VIMA INMOBILIARIA RENTA apartamento en tercer piso, con \u00e1rea construida de 38mts2, cuenta con 2 habitaciones, 1 ba\u00f1o, cocina semi integral, gas natural, calentador a gas, zona de ropas y pisos en cer\u00e1mica. Cerca a supermercados, restaurantes, colegios, centros comerciales y transporte p\u00fablico.CONT\u00c1CTANOS PARA MAYOR INFORMACI\u00d3N AL ***  ***<\/p>\n","protected":false},"excerpt":{"rendered":"En el centro de la ciudad de Pereira VIMA INMOBILIARIA...","protected":false},"author":4102,"featured_media":292874,"template":"","es_locations":[231,102,2961],"es_categories":[124],"es_types":[114],"es_rent_periods":[],"es_labels":[],"es_statuses":[],"es_parkings":[],"es_roofs":[],"es_exterior_materials":[],"es_basements":[],"es_floor_coverings":[],"es_features":[2145,2166,2146,145,2272,2151],"es_amenities":[2153,2189,2155,2160,2273,162],"es_neighborhoods":[],"es_tags":[],"class_list":["post-292871","properties","type-properties","status-publish","has-post-thumbnail","hentry","es_location-pereira","es_location-risaralda","es_location-sector-lago-uribe","es_category-arriendo","es_type-apartamentos","es_feature-calentador","es_feature-closet","es_feature-cocina-integral","es_feature-instalacion-de-gas","es_feature-piso-en-baldosa-marmol","es_feature-zona-de-lavanderia","es_amenity-calentador","es_amenity-closet","es_amenity-cocina-integral","es_amenity-instalacion-de-gas","es_amenity-piso-en-baldosa-marmol","es_amenity-zona-de-lavanderia","es-post-entity"],"_links":{"self":[{"href":"https:\/\/arriendo.com\/co\/wp-json\/wp\/v2\/properties\/292871","targetHints":{"allow":["GET"]}}],"collection":[{"href":"https:\/\/arriendo.com\/co\/wp-json\/wp\/v2\/properties"}],"about":[{"href":"https:\/\/arriendo.com\/co\/wp-json\/wp\/v2\/types\/properties"}],"author":[{"embeddable":true,"href":"https:\/\/arriendo.com\/co\/wp-json\/wp\/v2\/users\/4102"}],"version-history":[{"count":0,"href":"https:\/\/arriendo.com\/co\/wp-json\/wp\/v2\/properties\/292871\/revisions"}],"wp:featuredmedia":[{"embeddable":true,"href":"https:\/\/arriendo.com\/co\/wp-json\/wp\/v2\/media\/292874"}],"wp:attachment":[{"href":"https:\/\/arriendo.com\/co\/wp-json\/wp\/v2\/media?parent=292871"}],"wp:term":[{"taxonomy":"es_location","embeddable":true,"href":"https:\/\/arriendo.com\/co\/wp-json\/wp\/v2\/es_locations?post=292871"},{"taxonomy":"es_category","embeddable":true,"href":"https:\/\/arriendo.com\/co\/wp-json\/wp\/v2\/es_categories?post=292871"},{"taxonomy":"es_type","embeddable":true,"href":"https:\/\/arriendo.com\/co\/wp-json\/wp\/v2\/es_types?post=292871"},{"taxonomy":"es_rent_period","embeddable":true,"href":"https:\/\/arriendo.com\/co\/wp-json\/wp\/v2\/es_rent_periods?post=292871"},{"taxonomy":"es_label","embeddable":true,"href":"https:\/\/arriendo.com\/co\/wp-json\/wp\/v2\/es_labels?post=292871"},{"taxonomy":"es_status","embeddable":true,"href":"https:\/\/arriendo.com\/co\/wp-json\/wp\/v2\/es_statuses?post=292871"},{"taxonomy":"es_parking","embeddable":true,"href":"https:\/\/arriendo.com\/co\/wp-json\/wp\/v2\/es_parkings?post=292871"},{"taxonomy":"es_roof","embeddable":true,"href":"https:\/\/arriendo.com\/co\/wp-json\/wp\/v2\/es_roofs?post=292871"},{"taxonomy":"es_exterior_material","embeddable":true,"href":"https:\/\/arriendo.com\/co\/wp-json\/wp\/v2\/es_exterior_materials?post=292871"},{"taxonomy":"es_basement","embeddable":true,"href":"https:\/\/arriendo.com\/co\/wp-json\/wp\/v2\/es_basements?post=292871"},{"taxonomy":"es_floor_covering","embeddable":true,"href":"https:\/\/arriendo.com\/co\/wp-json\/wp\/v2\/es_floor_coverings?post=292871"},{"taxonomy":"es_feature","embeddable":true,"href":"https:\/\/arriendo.com\/co\/wp-json\/wp\/v2\/es_features?post=292871"},{"taxonomy":"es_amenity","embeddable":true,"href":"https:\/\/arriendo.com\/co\/wp-json\/wp\/v2\/es_amenities?post=292871"},{"taxonomy":"es_neighborhood","embeddable":true,"href":"https:\/\/arriendo.com\/co\/wp-json\/wp\/v2\/es_neighborhoods?post=292871"},{"taxonomy":"es_tag","embeddable":true,"href":"https:\/\/arriendo.com\/co\/wp-json\/wp\/v2\/es_tags?post=292871"}],"curies":[{"name":"wp","href":"https:\/\/api.w.org\/{rel}","templated":true}]}}

<p>En el centro de la ciudad de Pereira VIMA INMOBILIARIA RENTA apartamento en tercer piso, con área construida de 38mts2, cuenta con 2 habitaciones, 1 baño, cocina semi integral, gas natural, calentador a gas, zona de ropas y pisos en cerámica. Cerca a supermercados, restaurantes, colegios, centros comerciales y transporte público.CONTÁCTANOS PARA MAYOR INFORMACIÓN AL ***  ***</p>
