{"id":292210,"date":"2026-02-16T11:53:07","date_gmt":"2026-02-16T16:53:07","guid":{"rendered":"https:\/\/arriendo.com\/co\/%es_type%\/%address_city%\/%neighborhood%\/pereira-sector-belmonte-consultorio-en-arriendo-en-3b4130\/"},"modified":"2026-02-16T11:53:07","modified_gmt":"2026-02-16T16:53:07","slug":"AR-292210","status":"publish","type":"properties","link":"https:\/\/arriendo.com\/co\/consultorios\/pereira\/sector-belmonte\/AR-292210\/","title":{"rendered":"Consultorio en Arriendo en Sector belmonte, Pereira"},"content":{"rendered":"<p>Te presentamos este consultorio en renta y venta ubicado en el sector de Belmonte. Consta de un \u00e1rea de 70 mts, 1 ambiente, 1 ba\u00f1o y parqueadero para un veh\u00edculo, se ubica en un 4 piso con ascensor, control de ingreso, ubicaci\u00f3n estrat\u00e9gica y funcionalidad.  Te ofrece una zona estrat\u00e9gica de alto tr\u00e1nsito, lo que lo convierten en la opci\u00f3n perfecta para posicionar tu consulta en una de las zonas m\u00e1s transitadas de la ciudad.<\/p>\n","protected":false},"excerpt":{"rendered":"Te presentamos este consultorio en renta y venta ubicado en...","protected":false},"author":4102,"featured_media":292213,"template":"","es_locations":[231,102,2929],"es_categories":[124],"es_types":[119],"es_rent_periods":[],"es_labels":[],"es_statuses":[],"es_parkings":[],"es_roofs":[],"es_exterior_materials":[],"es_basements":[],"es_floor_coverings":[],"es_features":[2427,131,2132,2133,2135,2239,2297,2137,2300,2152],"es_amenities":[2431,152,2140,158,2142,2256,2299,2144,2301,2162],"es_neighborhoods":[],"es_tags":[],"class_list":["post-292210","properties","type-properties","status-publish","has-post-thumbnail","hentry","es_location-pereira","es_location-risaralda","es_location-sector-belmonte","es_category-arriendo","es_type-consultorios","es_feature-alarma-contra-incendio","es_feature-ascensor","es_feature-parques-cercanos","es_feature-porteria-recepcion","es_feature-sobre-via-principal","es_feature-sobre-via-secundaria","es_feature-ubicada-en-edificio","es_feature-zona-comercial","es_feature-zona-industrial","es_feature-zona-residencial","es_amenity-alarma-contra-incendio","es_amenity-ascensor-privado","es_amenity-parques-cercanos","es_amenity-porteria-recepcion","es_amenity-sobre-via-principal","es_amenity-sobre-via-secundaria","es_amenity-ubicada-en-edificio","es_amenity-zona-comercial","es_amenity-zona-industrial","es_amenity-zona-residencial","es-post-entity"],"_links":{"self":[{"href":"https:\/\/arriendo.com\/co\/wp-json\/wp\/v2\/properties\/292210","targetHints":{"allow":["GET"]}}],"collection":[{"href":"https:\/\/arriendo.com\/co\/wp-json\/wp\/v2\/properties"}],"about":[{"href":"https:\/\/arriendo.com\/co\/wp-json\/wp\/v2\/types\/properties"}],"author":[{"embeddable":true,"href":"https:\/\/arriendo.com\/co\/wp-json\/wp\/v2\/users\/4102"}],"version-history":[{"count":0,"href":"https:\/\/arriendo.com\/co\/wp-json\/wp\/v2\/properties\/292210\/revisions"}],"wp:featuredmedia":[{"embeddable":true,"href":"https:\/\/arriendo.com\/co\/wp-json\/wp\/v2\/media\/292213"}],"wp:attachment":[{"href":"https:\/\/arriendo.com\/co\/wp-json\/wp\/v2\/media?parent=292210"}],"wp:term":[{"taxonomy":"es_location","embeddable":true,"href":"https:\/\/arriendo.com\/co\/wp-json\/wp\/v2\/es_locations?post=292210"},{"taxonomy":"es_category","embeddable":true,"href":"https:\/\/arriendo.com\/co\/wp-json\/wp\/v2\/es_categories?post=292210"},{"taxonomy":"es_type","embeddable":true,"href":"https:\/\/arriendo.com\/co\/wp-json\/wp\/v2\/es_types?post=292210"},{"taxonomy":"es_rent_period","embeddable":true,"href":"https:\/\/arriendo.com\/co\/wp-json\/wp\/v2\/es_rent_periods?post=292210"},{"taxonomy":"es_label","embeddable":true,"href":"https:\/\/arriendo.com\/co\/wp-json\/wp\/v2\/es_labels?post=292210"},{"taxonomy":"es_status","embeddable":true,"href":"https:\/\/arriendo.com\/co\/wp-json\/wp\/v2\/es_statuses?post=292210"},{"taxonomy":"es_parking","embeddable":true,"href":"https:\/\/arriendo.com\/co\/wp-json\/wp\/v2\/es_parkings?post=292210"},{"taxonomy":"es_roof","embeddable":true,"href":"https:\/\/arriendo.com\/co\/wp-json\/wp\/v2\/es_roofs?post=292210"},{"taxonomy":"es_exterior_material","embeddable":true,"href":"https:\/\/arriendo.com\/co\/wp-json\/wp\/v2\/es_exterior_materials?post=292210"},{"taxonomy":"es_basement","embeddable":true,"href":"https:\/\/arriendo.com\/co\/wp-json\/wp\/v2\/es_basements?post=292210"},{"taxonomy":"es_floor_covering","embeddable":true,"href":"https:\/\/arriendo.com\/co\/wp-json\/wp\/v2\/es_floor_coverings?post=292210"},{"taxonomy":"es_feature","embeddable":true,"href":"https:\/\/arriendo.com\/co\/wp-json\/wp\/v2\/es_features?post=292210"},{"taxonomy":"es_amenity","embeddable":true,"href":"https:\/\/arriendo.com\/co\/wp-json\/wp\/v2\/es_amenities?post=292210"},{"taxonomy":"es_neighborhood","embeddable":true,"href":"https:\/\/arriendo.com\/co\/wp-json\/wp\/v2\/es_neighborhoods?post=292210"},{"taxonomy":"es_tag","embeddable":true,"href":"https:\/\/arriendo.com\/co\/wp-json\/wp\/v2\/es_tags?post=292210"}],"curies":[{"name":"wp","href":"https:\/\/api.w.org\/{rel}","templated":true}]}}

<p>Te presentamos este consultorio en renta y venta ubicado en el sector de Belmonte. Consta de un área de 70 mts, 1 ambiente, 1 baño y parqueadero para un vehículo, se ubica en un 4 piso con ascensor, control de ingreso, ubicación estratégica y funcionalidad.  Te ofrece una zona estratégica de alto tránsito, lo que lo convierten en la opción perfecta para posicionar tu consulta en una de las zonas más transitadas de la ciudad.</p>
