{"id":292093,"date":"2026-02-16T11:47:33","date_gmt":"2026-02-16T16:47:33","guid":{"rendered":"https:\/\/arriendo.com\/co\/%es_type%\/%address_city%\/%neighborhood%\/pereira-pinares-local-en-arriendo-en-56a11f\/"},"modified":"2026-02-16T11:47:33","modified_gmt":"2026-02-16T16:47:33","slug":"AR-292093","status":"publish","type":"properties","link":"https:\/\/arriendo.com\/co\/locales\/pereira\/pinares\/AR-292093\/","title":{"rendered":"Local en Arriendo en Pinares, Pereira"},"content":{"rendered":"<p>Te presentamos este local en renta ubicado en uno de los sectores mas exclusivos de la ciudad. Consta de un \u00e1rea de 30 mts, 2 salones y 1 ba\u00f1o. Te ofrece una zona estrat\u00e9gica de alto tr\u00e1nsito, lo que lo convierten en la opci\u00f3n perfecta para tu negocio. Sus amplios espacios, modernas instalaciones y versatilidad de uso te brindar\u00e1n la oportunidad de crear el ambiente perfecto para atraer a tus clientes y lograr el \u00e9xito que tanto deseas.<\/p>\n","protected":false},"excerpt":{"rendered":"Te presentamos este local en renta ubicado en uno de...","protected":false},"author":4102,"featured_media":292096,"template":"","es_locations":[231,346,102],"es_categories":[124],"es_types":[117],"es_rent_periods":[],"es_labels":[],"es_statuses":[],"es_parkings":[],"es_roofs":[],"es_exterior_materials":[],"es_basements":[],"es_floor_coverings":[],"es_features":[2302,2296,2201,2176,2385,2132,2228,2242,2137],"es_amenities":[2303,2298,2206,2191,2386,2140,2258,2260,2144],"es_neighborhoods":[],"es_tags":[],"class_list":["post-292093","properties","type-properties","status-publish","has-post-thumbnail","hentry","es_location-pereira","es_location-pinares","es_location-risaralda","es_category-arriendo","es_type-locales","es_feature-cocineta","es_feature-en-edificio","es_feature-en-zona-comercial","es_feature-en-zona-residencial","es_feature-local-exterior","es_feature-parques-cercanos","es_feature-ventilacion-natural","es_feature-vigilancia-privada-247","es_feature-zona-comercial","es_amenity-cocineta","es_amenity-en-edificio","es_amenity-en-zona-comercial","es_amenity-en-zona-residencial","es_amenity-local-exterior","es_amenity-parques-cercanos","es_amenity-ventilacion-natural","es_amenity-vigilancia-privada-247","es_amenity-zona-comercial","es-post-entity"],"_links":{"self":[{"href":"https:\/\/arriendo.com\/co\/wp-json\/wp\/v2\/properties\/292093","targetHints":{"allow":["GET"]}}],"collection":[{"href":"https:\/\/arriendo.com\/co\/wp-json\/wp\/v2\/properties"}],"about":[{"href":"https:\/\/arriendo.com\/co\/wp-json\/wp\/v2\/types\/properties"}],"author":[{"embeddable":true,"href":"https:\/\/arriendo.com\/co\/wp-json\/wp\/v2\/users\/4102"}],"version-history":[{"count":0,"href":"https:\/\/arriendo.com\/co\/wp-json\/wp\/v2\/properties\/292093\/revisions"}],"wp:featuredmedia":[{"embeddable":true,"href":"https:\/\/arriendo.com\/co\/wp-json\/wp\/v2\/media\/292096"}],"wp:attachment":[{"href":"https:\/\/arriendo.com\/co\/wp-json\/wp\/v2\/media?parent=292093"}],"wp:term":[{"taxonomy":"es_location","embeddable":true,"href":"https:\/\/arriendo.com\/co\/wp-json\/wp\/v2\/es_locations?post=292093"},{"taxonomy":"es_category","embeddable":true,"href":"https:\/\/arriendo.com\/co\/wp-json\/wp\/v2\/es_categories?post=292093"},{"taxonomy":"es_type","embeddable":true,"href":"https:\/\/arriendo.com\/co\/wp-json\/wp\/v2\/es_types?post=292093"},{"taxonomy":"es_rent_period","embeddable":true,"href":"https:\/\/arriendo.com\/co\/wp-json\/wp\/v2\/es_rent_periods?post=292093"},{"taxonomy":"es_label","embeddable":true,"href":"https:\/\/arriendo.com\/co\/wp-json\/wp\/v2\/es_labels?post=292093"},{"taxonomy":"es_status","embeddable":true,"href":"https:\/\/arriendo.com\/co\/wp-json\/wp\/v2\/es_statuses?post=292093"},{"taxonomy":"es_parking","embeddable":true,"href":"https:\/\/arriendo.com\/co\/wp-json\/wp\/v2\/es_parkings?post=292093"},{"taxonomy":"es_roof","embeddable":true,"href":"https:\/\/arriendo.com\/co\/wp-json\/wp\/v2\/es_roofs?post=292093"},{"taxonomy":"es_exterior_material","embeddable":true,"href":"https:\/\/arriendo.com\/co\/wp-json\/wp\/v2\/es_exterior_materials?post=292093"},{"taxonomy":"es_basement","embeddable":true,"href":"https:\/\/arriendo.com\/co\/wp-json\/wp\/v2\/es_basements?post=292093"},{"taxonomy":"es_floor_covering","embeddable":true,"href":"https:\/\/arriendo.com\/co\/wp-json\/wp\/v2\/es_floor_coverings?post=292093"},{"taxonomy":"es_feature","embeddable":true,"href":"https:\/\/arriendo.com\/co\/wp-json\/wp\/v2\/es_features?post=292093"},{"taxonomy":"es_amenity","embeddable":true,"href":"https:\/\/arriendo.com\/co\/wp-json\/wp\/v2\/es_amenities?post=292093"},{"taxonomy":"es_neighborhood","embeddable":true,"href":"https:\/\/arriendo.com\/co\/wp-json\/wp\/v2\/es_neighborhoods?post=292093"},{"taxonomy":"es_tag","embeddable":true,"href":"https:\/\/arriendo.com\/co\/wp-json\/wp\/v2\/es_tags?post=292093"}],"curies":[{"name":"wp","href":"https:\/\/api.w.org\/{rel}","templated":true}]}}

<p>Te presentamos este local en renta ubicado en uno de los sectores mas exclusivos de la ciudad. Consta de un área de 30 mts, 2 salones y 1 baño. Te ofrece una zona estratégica de alto tránsito, lo que lo convierten en la opción perfecta para tu negocio. Sus amplios espacios, modernas instalaciones y versatilidad de uso te brindarán la oportunidad de crear el ambiente perfecto para atraer a tus clientes y lograr el éxito que tanto deseas.</p>
