{"id":292076,"date":"2026-02-16T11:47:18","date_gmt":"2026-02-16T16:47:18","guid":{"rendered":"https:\/\/arriendo.com\/co\/%es_type%\/%address_city%\/%neighborhood%\/pereira-centro-local-en-arriendo-en-697984\/"},"modified":"2026-02-16T11:47:18","modified_gmt":"2026-02-16T16:47:18","slug":"AR-292076","status":"publish","type":"properties","link":"https:\/\/arriendo.com\/co\/locales\/pereira\/centro\/AR-292076\/","title":{"rendered":"Local en Arriendo en Centro, Pereira"},"content":{"rendered":"<p>Te presentamos este local para la renta ubicado en el centro de Pereira. Consta de un \u00e1rea construida de 330 mts, divididos en 3 zonas, 130 mts de s\u00f3tano, 130 mts del sal\u00f3n principal, 70 mts del mezzanine y 1 ba\u00f1o. Te ofrece una zona estrat\u00e9gica de alto tr\u00e1nsito, lo que lo convierten en la opci\u00f3n perfecta para tu negocio. Sus amplios espacios, modernas instalaciones y versatilidad de uso te brindar\u00e1n la oportunidad de crear el ambiente perfecto para atraer a tus clientes y lograr el \u00e9xito que tanto deseas.<\/p>\n","protected":false},"excerpt":{"rendered":"Te presentamos este local para la renta ubicado en el...","protected":false},"author":4102,"featured_media":292079,"template":"","es_locations":[505,231,102],"es_categories":[124],"es_types":[117],"es_rent_periods":[],"es_labels":[],"es_statuses":[],"es_parkings":[],"es_roofs":[],"es_exterior_materials":[],"es_basements":[],"es_floor_coverings":[],"es_features":[151,2176,2385,2132,2337,2135,2239,2137,2152],"es_amenities":[2270,2191,2386,2140,2340,2142,2256,2144,2162],"es_neighborhoods":[],"es_tags":[],"class_list":["post-292076","properties","type-properties","status-publish","has-post-thumbnail","hentry","es_location-centro","es_location-pereira","es_location-risaralda","es_category-arriendo","es_type-locales","es_feature-deposito-bodega","es_feature-en-zona-residencial","es_feature-local-exterior","es_feature-parques-cercanos","es_feature-piso-en-cemento","es_feature-sobre-via-principal","es_feature-sobre-via-secundaria","es_feature-zona-comercial","es_feature-zona-residencial","es_amenity-deposito-bodega","es_amenity-en-zona-residencial","es_amenity-local-exterior","es_amenity-parques-cercanos","es_amenity-piso-en-cemento","es_amenity-sobre-via-principal","es_amenity-sobre-via-secundaria","es_amenity-zona-comercial","es_amenity-zona-residencial","es-post-entity"],"_links":{"self":[{"href":"https:\/\/arriendo.com\/co\/wp-json\/wp\/v2\/properties\/292076","targetHints":{"allow":["GET"]}}],"collection":[{"href":"https:\/\/arriendo.com\/co\/wp-json\/wp\/v2\/properties"}],"about":[{"href":"https:\/\/arriendo.com\/co\/wp-json\/wp\/v2\/types\/properties"}],"author":[{"embeddable":true,"href":"https:\/\/arriendo.com\/co\/wp-json\/wp\/v2\/users\/4102"}],"version-history":[{"count":0,"href":"https:\/\/arriendo.com\/co\/wp-json\/wp\/v2\/properties\/292076\/revisions"}],"wp:featuredmedia":[{"embeddable":true,"href":"https:\/\/arriendo.com\/co\/wp-json\/wp\/v2\/media\/292079"}],"wp:attachment":[{"href":"https:\/\/arriendo.com\/co\/wp-json\/wp\/v2\/media?parent=292076"}],"wp:term":[{"taxonomy":"es_location","embeddable":true,"href":"https:\/\/arriendo.com\/co\/wp-json\/wp\/v2\/es_locations?post=292076"},{"taxonomy":"es_category","embeddable":true,"href":"https:\/\/arriendo.com\/co\/wp-json\/wp\/v2\/es_categories?post=292076"},{"taxonomy":"es_type","embeddable":true,"href":"https:\/\/arriendo.com\/co\/wp-json\/wp\/v2\/es_types?post=292076"},{"taxonomy":"es_rent_period","embeddable":true,"href":"https:\/\/arriendo.com\/co\/wp-json\/wp\/v2\/es_rent_periods?post=292076"},{"taxonomy":"es_label","embeddable":true,"href":"https:\/\/arriendo.com\/co\/wp-json\/wp\/v2\/es_labels?post=292076"},{"taxonomy":"es_status","embeddable":true,"href":"https:\/\/arriendo.com\/co\/wp-json\/wp\/v2\/es_statuses?post=292076"},{"taxonomy":"es_parking","embeddable":true,"href":"https:\/\/arriendo.com\/co\/wp-json\/wp\/v2\/es_parkings?post=292076"},{"taxonomy":"es_roof","embeddable":true,"href":"https:\/\/arriendo.com\/co\/wp-json\/wp\/v2\/es_roofs?post=292076"},{"taxonomy":"es_exterior_material","embeddable":true,"href":"https:\/\/arriendo.com\/co\/wp-json\/wp\/v2\/es_exterior_materials?post=292076"},{"taxonomy":"es_basement","embeddable":true,"href":"https:\/\/arriendo.com\/co\/wp-json\/wp\/v2\/es_basements?post=292076"},{"taxonomy":"es_floor_covering","embeddable":true,"href":"https:\/\/arriendo.com\/co\/wp-json\/wp\/v2\/es_floor_coverings?post=292076"},{"taxonomy":"es_feature","embeddable":true,"href":"https:\/\/arriendo.com\/co\/wp-json\/wp\/v2\/es_features?post=292076"},{"taxonomy":"es_amenity","embeddable":true,"href":"https:\/\/arriendo.com\/co\/wp-json\/wp\/v2\/es_amenities?post=292076"},{"taxonomy":"es_neighborhood","embeddable":true,"href":"https:\/\/arriendo.com\/co\/wp-json\/wp\/v2\/es_neighborhoods?post=292076"},{"taxonomy":"es_tag","embeddable":true,"href":"https:\/\/arriendo.com\/co\/wp-json\/wp\/v2\/es_tags?post=292076"}],"curies":[{"name":"wp","href":"https:\/\/api.w.org\/{rel}","templated":true}]}}

<p>Te presentamos este local para la renta ubicado en el centro de Pereira. Consta de un área construida de 330 mts, divididos en 3 zonas, 130 mts de sótano, 130 mts del salón principal, 70 mts del mezzanine y 1 baño. Te ofrece una zona estratégica de alto tránsito, lo que lo convierten en la opción perfecta para tu negocio. Sus amplios espacios, modernas instalaciones y versatilidad de uso te brindarán la oportunidad de crear el ambiente perfecto para atraer a tus clientes y lograr el éxito que tanto deseas.</p>
