{"id":291516,"date":"2026-02-16T11:22:06","date_gmt":"2026-02-16T16:22:06","guid":{"rendered":"https:\/\/arriendo.com\/co\/%es_type%\/%address_city%\/%neighborhood%\/piedecuesta-portanova-apartamento-en-arriendo-en-eb90e8\/"},"modified":"2026-02-16T11:22:06","modified_gmt":"2026-02-16T16:22:06","slug":"AR-291516","status":"publish","type":"properties","link":"https:\/\/arriendo.com\/co\/apartamentos\/piedecuesta\/portanova\/AR-291516\/","title":{"rendered":"Apartamento en Arriendo en Portanova, Piedecuesta"},"content":{"rendered":"<p>Se arrienda moderno apto en el conjunto residencial Portanova Piedecuesta, ubicado en un excelente sector de la ciudad frente Centro Comercial \u00c9xito , transporte publico cercano ,  sede Barlovento del Club Atl\u00e9tico Bucaramanga, el apto cuenta con 3 habitaciones con closet , 2 ba\u00f1os:1 privado + 1 familiar,  sala &#8211; comedor con balc\u00f3n, hall tv, cocina integral  horno extractor estufa y puesto para nevecon, zona de ropas independiente con lavadero , parqueadero privado para carro, zona social completa con: vigilancia 24 horas. C\u00e0maras,lobby,2 piscinas, sauna, canchas deportivas, zona infantil, BBQ<\/p>\n","protected":false},"excerpt":{"rendered":"Se arrienda moderno apto en el conjunto residencial Portanova Piedecuesta,...","protected":false},"author":6745,"featured_media":291519,"template":"","es_locations":[1636,3066,104],"es_categories":[124],"es_types":[114],"es_rent_periods":[],"es_labels":[],"es_statuses":[],"es_parkings":[],"es_roofs":[],"es_exterior_materials":[],"es_basements":[],"es_floor_coverings":[],"es_features":[131,132,2212,2263,2211,2131,2148,2196,2179,145,2203,2216,2132,2180,2272,2365,2133,2181,2182,2167,2150,2136,2376,2151,2185,2152,2204],"es_amenities":[152,2186,2217,2269,2210,2139,2157,2197,154,2160,2208,156,2140,157,2273,2366,158,159,2171,2161,2143,161,2377,162,2173,2162,2209],"es_neighborhoods":[],"es_tags":[],"class_list":["post-291516","properties","type-properties","status-publish","has-post-thumbnail","hentry","es_location-piedecuesta","es_location-portanova","es_location-santander","es_category-arriendo","es_type-apartamentos","es_feature-ascensor","es_feature-balcon","es_feature-bano-auxiliar","es_feature-barra-estilo-americano","es_feature-canchas-deportivas","es_feature-circuito-cerrado-de-tv","es_feature-colegios-universidades","es_feature-en-conjunto-cerrado","es_feature-gimnasio","es_feature-instalacion-de-gas","es_feature-jardines-exteriores","es_feature-parqueadero-visitantes","es_feature-parques-cercanos","es_feature-piscina","es_feature-piso-en-baldosa-marmol","es_feature-planta-electrica","es_feature-porteria-recepcion","es_feature-porteria-vigilancia","es_feature-salon-comunal","es_feature-sauna-turco-jacuzzi","es_feature-supermercados-c-comerciales","es_feature-trans-publico-cercano","es_feature-vivienda-multifamiliar","es_feature-zona-de-lavanderia","es_feature-zona-infantil","es_feature-zona-residencial","es_feature-zonas-verdes","es_amenity-ascensor-privado","es_amenity-balcon","es_amenity-bano-auxiliar","es_amenity-barra-estilo-americano","es_amenity-canchas-deportivas","es_amenity-circuito-cerrado-de-tv","es_amenity-colegios-universidades","es_amenity-en-conjunto-cerrado","es_amenity-gimnasio","es_amenity-instalacion-de-gas","es_amenity-jardines-exteriores","es_amenity-parqueadero-visitantes","es_amenity-parques-cercanos","es_amenity-piscina","es_amenity-piso-en-baldosa-marmol","es_amenity-planta-electrica","es_amenity-porteria-recepcion","es_amenity-salon-comunal","es_amenity-sauna-turco-jacuzzi","es_amenity-supermercados-c-comerciales","es_amenity-trans-publico-cercano","es_amenity-vigilancia-24-7","es_amenity-vivienda-multifamiliar","es_amenity-zona-de-lavanderia","es_amenity-zona-infantil","es_amenity-zona-residencial","es_amenity-zonas-verdes","es-post-entity"],"_links":{"self":[{"href":"https:\/\/arriendo.com\/co\/wp-json\/wp\/v2\/properties\/291516","targetHints":{"allow":["GET"]}}],"collection":[{"href":"https:\/\/arriendo.com\/co\/wp-json\/wp\/v2\/properties"}],"about":[{"href":"https:\/\/arriendo.com\/co\/wp-json\/wp\/v2\/types\/properties"}],"author":[{"embeddable":true,"href":"https:\/\/arriendo.com\/co\/wp-json\/wp\/v2\/users\/6745"}],"version-history":[{"count":0,"href":"https:\/\/arriendo.com\/co\/wp-json\/wp\/v2\/properties\/291516\/revisions"}],"wp:featuredmedia":[{"embeddable":true,"href":"https:\/\/arriendo.com\/co\/wp-json\/wp\/v2\/media\/291519"}],"wp:attachment":[{"href":"https:\/\/arriendo.com\/co\/wp-json\/wp\/v2\/media?parent=291516"}],"wp:term":[{"taxonomy":"es_location","embeddable":true,"href":"https:\/\/arriendo.com\/co\/wp-json\/wp\/v2\/es_locations?post=291516"},{"taxonomy":"es_category","embeddable":true,"href":"https:\/\/arriendo.com\/co\/wp-json\/wp\/v2\/es_categories?post=291516"},{"taxonomy":"es_type","embeddable":true,"href":"https:\/\/arriendo.com\/co\/wp-json\/wp\/v2\/es_types?post=291516"},{"taxonomy":"es_rent_period","embeddable":true,"href":"https:\/\/arriendo.com\/co\/wp-json\/wp\/v2\/es_rent_periods?post=291516"},{"taxonomy":"es_label","embeddable":true,"href":"https:\/\/arriendo.com\/co\/wp-json\/wp\/v2\/es_labels?post=291516"},{"taxonomy":"es_status","embeddable":true,"href":"https:\/\/arriendo.com\/co\/wp-json\/wp\/v2\/es_statuses?post=291516"},{"taxonomy":"es_parking","embeddable":true,"href":"https:\/\/arriendo.com\/co\/wp-json\/wp\/v2\/es_parkings?post=291516"},{"taxonomy":"es_roof","embeddable":true,"href":"https:\/\/arriendo.com\/co\/wp-json\/wp\/v2\/es_roofs?post=291516"},{"taxonomy":"es_exterior_material","embeddable":true,"href":"https:\/\/arriendo.com\/co\/wp-json\/wp\/v2\/es_exterior_materials?post=291516"},{"taxonomy":"es_basement","embeddable":true,"href":"https:\/\/arriendo.com\/co\/wp-json\/wp\/v2\/es_basements?post=291516"},{"taxonomy":"es_floor_covering","embeddable":true,"href":"https:\/\/arriendo.com\/co\/wp-json\/wp\/v2\/es_floor_coverings?post=291516"},{"taxonomy":"es_feature","embeddable":true,"href":"https:\/\/arriendo.com\/co\/wp-json\/wp\/v2\/es_features?post=291516"},{"taxonomy":"es_amenity","embeddable":true,"href":"https:\/\/arriendo.com\/co\/wp-json\/wp\/v2\/es_amenities?post=291516"},{"taxonomy":"es_neighborhood","embeddable":true,"href":"https:\/\/arriendo.com\/co\/wp-json\/wp\/v2\/es_neighborhoods?post=291516"},{"taxonomy":"es_tag","embeddable":true,"href":"https:\/\/arriendo.com\/co\/wp-json\/wp\/v2\/es_tags?post=291516"}],"curies":[{"name":"wp","href":"https:\/\/api.w.org\/{rel}","templated":true}]}}

<p>Se arrienda moderno apto en el conjunto residencial Portanova Piedecuesta, ubicado en un excelente sector de la ciudad frente Centro Comercial Éxito , transporte publico cercano ,  sede Barlovento del Club Atlético Bucaramanga, el apto cuenta con 3 habitaciones con closet , 2 baños:1 privado + 1 familiar,  sala &#8211; comedor con balcón, hall tv, cocina integral  horno extractor estufa y puesto para nevecon, zona de ropas independiente con lavadero , parqueadero privado para carro, zona social completa con: vigilancia 24 horas. Càmaras,lobby,2 piscinas, sauna, canchas deportivas, zona infantil, BBQ</p>
