{"id":291351,"date":"2026-02-16T09:25:38","date_gmt":"2026-02-16T14:25:38","guid":{"rendered":"https:\/\/arriendo.com\/co\/%es_type%\/%address_city%\/%neighborhood%\/armenia-comuna-7-el-cafetero-local-en-arriendo-en-26a128\/"},"modified":"2026-02-16T09:25:38","modified_gmt":"2026-02-16T14:25:38","slug":"AR-291351","status":"publish","type":"properties","link":"https:\/\/arriendo.com\/co\/locales\/armenia\/comuna-7-el-cafetero\/AR-291351\/","title":{"rendered":"Local en arriendo en Comuna 7 el cafetero, Armenia"},"content":{"rendered":"<p>Se arrienda espectacular local comercial en el centro de Armenia \u2013 Quind\u00edo, una zona de alta afluencia peatonal y vehicular, reconocida por su gran actividad comercial y su excelente ubicaci\u00f3n.<\/p>\n<p>Este local cuenta con aproximadamente 30 m\u00b2, distribuidos en un amplio espacio principal, una bodega y un ba\u00f1o, ideales para el desarrollo de distintos tipos de negocios. Su excelente iluminaci\u00f3n natural y distribuci\u00f3n funcional lo convierten en un lugar perfecto para emprendedores o empresas que buscan visibilidad y f\u00e1cil acceso para sus clientes.<\/p>\n<p>Ubicado en pleno coraz\u00f3n de la ciudad, el local se encuentra cerca de la Alcald\u00eda de Armenia, la Iglesia de San Francisco, supermercados como Ara y D1, adem\u00e1s de parqueaderos, droguer\u00edas, hospitales, restaurantes y centros comerciales. Tambi\u00e9n cuenta con buen flujo de transporte p\u00fablico, lo que facilita la movilidad y conexi\u00f3n con los diferentes sectores de la ciudad.<\/p>\n<p>\u00a1No dejes pasar esta oportunidad! Cont\u00e1ctanos hoy mismo y descubre este excelente espacio para impulsar tu negocio en una de las mejores zonas comerciales de Armenia.<\/p>\n","protected":false},"excerpt":{"rendered":"Se arrienda espectacular local comercial en el centro de Armenia...","protected":false},"author":6032,"featured_media":290486,"template":"","es_locations":[347,3189,101],"es_categories":[124],"es_types":[117],"es_rent_periods":[],"es_labels":[],"es_statuses":[],"es_parkings":[],"es_roofs":[],"es_exterior_materials":[],"es_basements":[],"es_floor_coverings":[],"es_features":[2265,2131,151,2296,2201,2176,2385,2455,2216,2132,2488,2220,2272,2337,2283,2135,2239,143,2228,2137,2300,2152],"es_amenities":[2268,2139,2270,2298,2206,2191,2386,2457,156,2140,2489,2221,2273,2340,2288,2142,2256,2290,2258,2144,2301,2162],"es_neighborhoods":[],"es_tags":[],"class_list":["post-291351","properties","type-properties","status-publish","has-post-thumbnail","hentry","es_location-armenia","es_location-comuna-7-el-cafetero","es_location-quindio","es_category-arriendo","es_type-locales","es_feature-bahia-exterior-de-parqueo","es_feature-circuito-cerrado-de-tv","es_feature-deposito-bodega","es_feature-en-edificio","es_feature-en-zona-comercial","es_feature-en-zona-residencial","es_feature-local-exterior","es_feature-local-interior","es_feature-parqueadero-visitantes","es_feature-parques-cercanos","es_feature-pasaje-comercial","es_feature-patio","es_feature-piso-en-baldosa-marmol","es_feature-piso-en-cemento","es_feature-servicio-de-internet","es_feature-sobre-via-principal","es_feature-sobre-via-secundaria","es_feature-terraza","es_feature-ventilacion-natural","es_feature-zona-comercial","es_feature-zona-industrial","es_feature-zona-residencial","es_amenity-bahia-exterior-de-parqueo","es_amenity-circuito-cerrado-de-tv","es_amenity-deposito-bodega","es_amenity-en-edificio","es_amenity-en-zona-comercial","es_amenity-en-zona-residencial","es_amenity-local-exterior","es_amenity-local-interior","es_amenity-parqueadero-visitantes","es_amenity-parques-cercanos","es_amenity-pasaje-comercial","es_amenity-patio","es_amenity-piso-en-baldosa-marmol","es_amenity-piso-en-cemento","es_amenity-servicio-de-internet","es_amenity-sobre-via-principal","es_amenity-sobre-via-secundaria","es_amenity-terraza","es_amenity-ventilacion-natural","es_amenity-zona-comercial","es_amenity-zona-industrial","es_amenity-zona-residencial","es-post-entity"],"_links":{"self":[{"href":"https:\/\/arriendo.com\/co\/wp-json\/wp\/v2\/properties\/291351","targetHints":{"allow":["GET"]}}],"collection":[{"href":"https:\/\/arriendo.com\/co\/wp-json\/wp\/v2\/properties"}],"about":[{"href":"https:\/\/arriendo.com\/co\/wp-json\/wp\/v2\/types\/properties"}],"author":[{"embeddable":true,"href":"https:\/\/arriendo.com\/co\/wp-json\/wp\/v2\/users\/6032"}],"version-history":[{"count":0,"href":"https:\/\/arriendo.com\/co\/wp-json\/wp\/v2\/properties\/291351\/revisions"}],"wp:featuredmedia":[{"embeddable":true,"href":"https:\/\/arriendo.com\/co\/wp-json\/wp\/v2\/media\/290486"}],"wp:attachment":[{"href":"https:\/\/arriendo.com\/co\/wp-json\/wp\/v2\/media?parent=291351"}],"wp:term":[{"taxonomy":"es_location","embeddable":true,"href":"https:\/\/arriendo.com\/co\/wp-json\/wp\/v2\/es_locations?post=291351"},{"taxonomy":"es_category","embeddable":true,"href":"https:\/\/arriendo.com\/co\/wp-json\/wp\/v2\/es_categories?post=291351"},{"taxonomy":"es_type","embeddable":true,"href":"https:\/\/arriendo.com\/co\/wp-json\/wp\/v2\/es_types?post=291351"},{"taxonomy":"es_rent_period","embeddable":true,"href":"https:\/\/arriendo.com\/co\/wp-json\/wp\/v2\/es_rent_periods?post=291351"},{"taxonomy":"es_label","embeddable":true,"href":"https:\/\/arriendo.com\/co\/wp-json\/wp\/v2\/es_labels?post=291351"},{"taxonomy":"es_status","embeddable":true,"href":"https:\/\/arriendo.com\/co\/wp-json\/wp\/v2\/es_statuses?post=291351"},{"taxonomy":"es_parking","embeddable":true,"href":"https:\/\/arriendo.com\/co\/wp-json\/wp\/v2\/es_parkings?post=291351"},{"taxonomy":"es_roof","embeddable":true,"href":"https:\/\/arriendo.com\/co\/wp-json\/wp\/v2\/es_roofs?post=291351"},{"taxonomy":"es_exterior_material","embeddable":true,"href":"https:\/\/arriendo.com\/co\/wp-json\/wp\/v2\/es_exterior_materials?post=291351"},{"taxonomy":"es_basement","embeddable":true,"href":"https:\/\/arriendo.com\/co\/wp-json\/wp\/v2\/es_basements?post=291351"},{"taxonomy":"es_floor_covering","embeddable":true,"href":"https:\/\/arriendo.com\/co\/wp-json\/wp\/v2\/es_floor_coverings?post=291351"},{"taxonomy":"es_feature","embeddable":true,"href":"https:\/\/arriendo.com\/co\/wp-json\/wp\/v2\/es_features?post=291351"},{"taxonomy":"es_amenity","embeddable":true,"href":"https:\/\/arriendo.com\/co\/wp-json\/wp\/v2\/es_amenities?post=291351"},{"taxonomy":"es_neighborhood","embeddable":true,"href":"https:\/\/arriendo.com\/co\/wp-json\/wp\/v2\/es_neighborhoods?post=291351"},{"taxonomy":"es_tag","embeddable":true,"href":"https:\/\/arriendo.com\/co\/wp-json\/wp\/v2\/es_tags?post=291351"}],"curies":[{"name":"wp","href":"https:\/\/api.w.org\/{rel}","templated":true}]}}

<p>Se arrienda espectacular local comercial en el centro de Armenia – Quindío, una zona de alta afluencia peatonal y vehicular, reconocida por su gran actividad comercial y su excelente ubicación.</p>
<p>Este local cuenta con aproximadamente 30 m², distribuidos en un amplio espacio principal, una bodega y un baño, ideales para el desarrollo de distintos tipos de negocios. Su excelente iluminación natural y distribución funcional lo convierten en un lugar perfecto para emprendedores o empresas que buscan visibilidad y fácil acceso para sus clientes.</p>
<p>Ubicado en pleno corazón de la ciudad, el local se encuentra cerca de la Alcaldía de Armenia, la Iglesia de San Francisco, supermercados como Ara y D1, además de parqueaderos, droguerías, hospitales, restaurantes y centros comerciales. También cuenta con buen flujo de transporte público, lo que facilita la movilidad y conexión con los diferentes sectores de la ciudad.</p>
<p>¡No dejes pasar esta oportunidad! Contáctanos hoy mismo y descubre este excelente espacio para impulsar tu negocio en una de las mejores zonas comerciales de Armenia.</p>
