{"id":290459,"date":"2026-02-16T08:59:01","date_gmt":"2026-02-16T13:59:01","guid":{"rendered":"https:\/\/arriendo.com\/co\/%es_type%\/%address_city%\/%neighborhood%\/floridablanca-palomitas-altos-apartamento-en-arriendo-en-5b4c3b\/"},"modified":"2026-02-16T08:59:01","modified_gmt":"2026-02-16T13:59:01","slug":"AR-290459","status":"publish","type":"properties","link":"https:\/\/arriendo.com\/co\/apartamentos\/floridablanca\/palomitas-altos\/AR-290459\/","title":{"rendered":"Apartamento en Arriendo en Palomitas altos, Floridablanca"},"content":{"rendered":"<p>Apartamento en arriendo, con excelente vista exterior, Disponible a partir del 5 de Diciembre, en el barrio Palomitas, cerca de la cl\u00ednica Carlos Ardila Lulle; torre de 5 pisos. Piso: 3. Consta de: Sala, Comedor, Cocina integral, Zona de lavander\u00eda + Ba\u00f1o social, 2 Habitaciones con su closet (la principal con ba\u00f1o privado completo). Pisos en cer\u00e1mica. Informe inmobiliaria Ca\u00f1averal Parque SAS<\/p>\n","protected":false},"excerpt":{"rendered":"Apartamento en arriendo, con excelente vista exterior, Disponible a partir...","protected":false},"author":1818,"featured_media":290462,"template":"","es_locations":[317,3188,104],"es_categories":[124],"es_types":[114],"es_rent_periods":[],"es_labels":[],"es_statuses":[],"es_parkings":[],"es_roofs":[],"es_exterior_materials":[],"es_basements":[],"es_floor_coverings":[],"es_features":[2212,2146,2148,2132,2150,2136,2306,2152],"es_amenities":[2217,2155,2157,2140,2161,2143,2308,2162],"es_neighborhoods":[],"es_tags":[],"class_list":["post-290459","properties","type-properties","status-publish","has-post-thumbnail","hentry","es_location-floridablanca","es_location-palomitas-altos","es_location-santander","es_category-arriendo","es_type-apartamentos","es_feature-bano-auxiliar","es_feature-cocina-integral","es_feature-colegios-universidades","es_feature-parques-cercanos","es_feature-supermercados-c-comerciales","es_feature-trans-publico-cercano","es_feature-zona-campestre","es_feature-zona-residencial","es_amenity-bano-auxiliar","es_amenity-cocina-integral","es_amenity-colegios-universidades","es_amenity-parques-cercanos","es_amenity-supermercados-c-comerciales","es_amenity-trans-publico-cercano","es_amenity-zona-campestre","es_amenity-zona-residencial","es-post-entity"],"_links":{"self":[{"href":"https:\/\/arriendo.com\/co\/wp-json\/wp\/v2\/properties\/290459","targetHints":{"allow":["GET"]}}],"collection":[{"href":"https:\/\/arriendo.com\/co\/wp-json\/wp\/v2\/properties"}],"about":[{"href":"https:\/\/arriendo.com\/co\/wp-json\/wp\/v2\/types\/properties"}],"author":[{"embeddable":true,"href":"https:\/\/arriendo.com\/co\/wp-json\/wp\/v2\/users\/1818"}],"version-history":[{"count":0,"href":"https:\/\/arriendo.com\/co\/wp-json\/wp\/v2\/properties\/290459\/revisions"}],"wp:featuredmedia":[{"embeddable":true,"href":"https:\/\/arriendo.com\/co\/wp-json\/wp\/v2\/media\/290462"}],"wp:attachment":[{"href":"https:\/\/arriendo.com\/co\/wp-json\/wp\/v2\/media?parent=290459"}],"wp:term":[{"taxonomy":"es_location","embeddable":true,"href":"https:\/\/arriendo.com\/co\/wp-json\/wp\/v2\/es_locations?post=290459"},{"taxonomy":"es_category","embeddable":true,"href":"https:\/\/arriendo.com\/co\/wp-json\/wp\/v2\/es_categories?post=290459"},{"taxonomy":"es_type","embeddable":true,"href":"https:\/\/arriendo.com\/co\/wp-json\/wp\/v2\/es_types?post=290459"},{"taxonomy":"es_rent_period","embeddable":true,"href":"https:\/\/arriendo.com\/co\/wp-json\/wp\/v2\/es_rent_periods?post=290459"},{"taxonomy":"es_label","embeddable":true,"href":"https:\/\/arriendo.com\/co\/wp-json\/wp\/v2\/es_labels?post=290459"},{"taxonomy":"es_status","embeddable":true,"href":"https:\/\/arriendo.com\/co\/wp-json\/wp\/v2\/es_statuses?post=290459"},{"taxonomy":"es_parking","embeddable":true,"href":"https:\/\/arriendo.com\/co\/wp-json\/wp\/v2\/es_parkings?post=290459"},{"taxonomy":"es_roof","embeddable":true,"href":"https:\/\/arriendo.com\/co\/wp-json\/wp\/v2\/es_roofs?post=290459"},{"taxonomy":"es_exterior_material","embeddable":true,"href":"https:\/\/arriendo.com\/co\/wp-json\/wp\/v2\/es_exterior_materials?post=290459"},{"taxonomy":"es_basement","embeddable":true,"href":"https:\/\/arriendo.com\/co\/wp-json\/wp\/v2\/es_basements?post=290459"},{"taxonomy":"es_floor_covering","embeddable":true,"href":"https:\/\/arriendo.com\/co\/wp-json\/wp\/v2\/es_floor_coverings?post=290459"},{"taxonomy":"es_feature","embeddable":true,"href":"https:\/\/arriendo.com\/co\/wp-json\/wp\/v2\/es_features?post=290459"},{"taxonomy":"es_amenity","embeddable":true,"href":"https:\/\/arriendo.com\/co\/wp-json\/wp\/v2\/es_amenities?post=290459"},{"taxonomy":"es_neighborhood","embeddable":true,"href":"https:\/\/arriendo.com\/co\/wp-json\/wp\/v2\/es_neighborhoods?post=290459"},{"taxonomy":"es_tag","embeddable":true,"href":"https:\/\/arriendo.com\/co\/wp-json\/wp\/v2\/es_tags?post=290459"}],"curies":[{"name":"wp","href":"https:\/\/api.w.org\/{rel}","templated":true}]}}

<p>Apartamento en arriendo, con excelente vista exterior, Disponible a partir del 5 de Diciembre, en el barrio Palomitas, cerca de la clínica Carlos Ardila Lulle; torre de 5 pisos. Piso: 3. Consta de: Sala, Comedor, Cocina integral, Zona de lavandería + Baño social, 2 Habitaciones con su closet (la principal con baño privado completo). Pisos en cerámica. Informe inmobiliaria Cañaveral Parque SAS</p>
