{"id":290344,"date":"2026-02-16T08:52:28","date_gmt":"2026-02-16T13:52:28","guid":{"rendered":"https:\/\/arriendo.com\/co\/%es_type%\/%address_city%\/%neighborhood%\/mosquera-novaterra-apartamento-en-venta-en-cf273f\/"},"modified":"2026-02-16T08:52:29","modified_gmt":"2026-02-16T13:52:29","slug":"AR-290344","status":"publish","type":"properties","link":"https:\/\/arriendo.com\/co\/apartamentos\/mosquera\/novaterra\/AR-290344\/","title":{"rendered":"Apartamento en Venta en Novaterra, Mosquera"},"content":{"rendered":"<p>1638 Se arrienda apartamento en el conjunto residencial Canelo de Novaterra, Mosquera, Cundinamarca. Cuenta con excelente distribuci\u00f3n tres habitaciones, un ba\u00f1o, sala-comedor, cocina integral, zona de ropas independiente, parqueadero privado y dos balcones uno en la habitaci\u00f3n principal y otro en la sala, que permiten disfrutar de una vista exterior y una excelente iluminaci\u00f3n natural. El conjunto es tipo club house, con m\u00faltiples amenidades para el disfrute de toda la familia. Ideal para quienes buscan comodidad, dise\u00f1o moderno y un entorno acogedor con f\u00e1cil acceso a transporte, comercio y servicios. 724-1638<\/p>\n","protected":false},"excerpt":{"rendered":"1638 Se arrienda apartamento en el conjunto residencial Canelo de...","protected":false},"author":7627,"featured_media":290347,"template":"","es_locations":[91,508,2881],"es_categories":[124],"es_types":[114],"es_rent_periods":[],"es_labels":[],"es_statuses":[],"es_parkings":[],"es_roofs":[],"es_exterior_materials":[],"es_basements":[],"es_floor_coverings":[],"es_features":[2168,131,132,2145,2200,2293,2233,2166,2146,2213,2234,2266,2196,2201,2176,2178,2179,145,2132,2180,2236,2182,2183,2389,2238,2134,2135,2239,2150,2136,2228,2241,2242,2184,2151,2185,2152,2204],"es_amenities":[2195,152,2186,2153,2205,2295,2248,2189,2155,2218,2249,2264,2197,2206,2191,2193,154,2160,2140,157,2253,159,2170,2397,2254,2141,2142,2256,2161,2143,2258,2259,2260,2172,162,2173,2162,2209],"es_neighborhoods":[],"es_tags":[],"class_list":["post-290344","properties","type-properties","status-publish","has-post-thumbnail","hentry","es_location-cundinamarca","es_location-mosquera","es_location-novaterra","es_category-arriendo","es_type-apartamentos","es_feature-area-urbana","es_feature-ascensor","es_feature-balcon","es_feature-calentador","es_feature-cerca-a-sector-comercial","es_feature-cerca-centro-comercial","es_feature-cerca-de-zona-urbana","es_feature-closet","es_feature-cocina-integral","es_feature-comedor","es_feature-comodas-vias-de-acceso","es_feature-con-casa-club","es_feature-en-conjunto-cerrado","es_feature-en-zona-comercial","es_feature-en-zona-residencial","es_feature-garaje-cubierto","es_feature-gimnasio","es_feature-instalacion-de-gas","es_feature-parques-cercanos","es_feature-piscina","es_feature-restaurantes","es_feature-salon-comunal","es_feature-salon-de-juegos","es_feature-salon-de-videoconferencias","es_feature-servicios-independientes","es_feature-servicios-publicos","es_feature-sobre-via-principal","es_feature-sobre-via-secundaria","es_feature-supermercados-c-comerciales","es_feature-trans-publico-cercano","es_feature-ventilacion-natural","es_feature-vigilancia-24x7","es_feature-vigilancia-privada-247","es_feature-zona-de-bbq","es_feature-zona-de-lavanderia","es_feature-zona-infantil","es_feature-zona-residencial","es_feature-zonas-verdes","es_amenity-area-urbana","es_amenity-ascensor-privado","es_amenity-balcon","es_amenity-calentador","es_amenity-cerca-a-sector-comercial","es_amenity-cerca-centro-comercial","es_amenity-cerca-de-zona-urbana","es_amenity-closet","es_amenity-cocina-integral","es_amenity-comedor","es_amenity-comodas-vias-de-acceso","es_amenity-con-casa-club","es_amenity-en-conjunto-cerrado","es_amenity-en-zona-comercial","es_amenity-en-zona-residencial","es_amenity-garaje-cubierto","es_amenity-gimnasio","es_amenity-instalacion-de-gas","es_amenity-parques-cercanos","es_amenity-piscina","es_amenity-restaurantes","es_amenity-salon-comunal","es_amenity-salon-de-juegos","es_amenity-salon-de-videoconferencias","es_amenity-servicios-independientes","es_amenity-servicios-publicos","es_amenity-sobre-via-principal","es_amenity-sobre-via-secundaria","es_amenity-supermercados-c-comerciales","es_amenity-trans-publico-cercano","es_amenity-ventilacion-natural","es_amenity-vigilancia-24x7","es_amenity-vigilancia-privada-247","es_amenity-zona-de-bbq","es_amenity-zona-de-lavanderia","es_amenity-zona-infantil","es_amenity-zona-residencial","es_amenity-zonas-verdes","es-post-entity"],"_links":{"self":[{"href":"https:\/\/arriendo.com\/co\/wp-json\/wp\/v2\/properties\/290344","targetHints":{"allow":["GET"]}}],"collection":[{"href":"https:\/\/arriendo.com\/co\/wp-json\/wp\/v2\/properties"}],"about":[{"href":"https:\/\/arriendo.com\/co\/wp-json\/wp\/v2\/types\/properties"}],"author":[{"embeddable":true,"href":"https:\/\/arriendo.com\/co\/wp-json\/wp\/v2\/users\/7627"}],"version-history":[{"count":0,"href":"https:\/\/arriendo.com\/co\/wp-json\/wp\/v2\/properties\/290344\/revisions"}],"wp:featuredmedia":[{"embeddable":true,"href":"https:\/\/arriendo.com\/co\/wp-json\/wp\/v2\/media\/290347"}],"wp:attachment":[{"href":"https:\/\/arriendo.com\/co\/wp-json\/wp\/v2\/media?parent=290344"}],"wp:term":[{"taxonomy":"es_location","embeddable":true,"href":"https:\/\/arriendo.com\/co\/wp-json\/wp\/v2\/es_locations?post=290344"},{"taxonomy":"es_category","embeddable":true,"href":"https:\/\/arriendo.com\/co\/wp-json\/wp\/v2\/es_categories?post=290344"},{"taxonomy":"es_type","embeddable":true,"href":"https:\/\/arriendo.com\/co\/wp-json\/wp\/v2\/es_types?post=290344"},{"taxonomy":"es_rent_period","embeddable":true,"href":"https:\/\/arriendo.com\/co\/wp-json\/wp\/v2\/es_rent_periods?post=290344"},{"taxonomy":"es_label","embeddable":true,"href":"https:\/\/arriendo.com\/co\/wp-json\/wp\/v2\/es_labels?post=290344"},{"taxonomy":"es_status","embeddable":true,"href":"https:\/\/arriendo.com\/co\/wp-json\/wp\/v2\/es_statuses?post=290344"},{"taxonomy":"es_parking","embeddable":true,"href":"https:\/\/arriendo.com\/co\/wp-json\/wp\/v2\/es_parkings?post=290344"},{"taxonomy":"es_roof","embeddable":true,"href":"https:\/\/arriendo.com\/co\/wp-json\/wp\/v2\/es_roofs?post=290344"},{"taxonomy":"es_exterior_material","embeddable":true,"href":"https:\/\/arriendo.com\/co\/wp-json\/wp\/v2\/es_exterior_materials?post=290344"},{"taxonomy":"es_basement","embeddable":true,"href":"https:\/\/arriendo.com\/co\/wp-json\/wp\/v2\/es_basements?post=290344"},{"taxonomy":"es_floor_covering","embeddable":true,"href":"https:\/\/arriendo.com\/co\/wp-json\/wp\/v2\/es_floor_coverings?post=290344"},{"taxonomy":"es_feature","embeddable":true,"href":"https:\/\/arriendo.com\/co\/wp-json\/wp\/v2\/es_features?post=290344"},{"taxonomy":"es_amenity","embeddable":true,"href":"https:\/\/arriendo.com\/co\/wp-json\/wp\/v2\/es_amenities?post=290344"},{"taxonomy":"es_neighborhood","embeddable":true,"href":"https:\/\/arriendo.com\/co\/wp-json\/wp\/v2\/es_neighborhoods?post=290344"},{"taxonomy":"es_tag","embeddable":true,"href":"https:\/\/arriendo.com\/co\/wp-json\/wp\/v2\/es_tags?post=290344"}],"curies":[{"name":"wp","href":"https:\/\/api.w.org\/{rel}","templated":true}]}}

<p>1638 Se arrienda apartamento en el conjunto residencial Canelo de Novaterra, Mosquera, Cundinamarca. Cuenta con excelente distribución tres habitaciones, un baño, sala-comedor, cocina integral, zona de ropas independiente, parqueadero privado y dos balcones uno en la habitación principal y otro en la sala, que permiten disfrutar de una vista exterior y una excelente iluminación natural. El conjunto es tipo club house, con múltiples amenidades para el disfrute de toda la familia. Ideal para quienes buscan comodidad, diseño moderno y un entorno acogedor con fácil acceso a transporte, comercio y servicios. 724-1638</p>
