{"id":289550,"date":"2026-02-16T08:38:25","date_gmt":"2026-02-16T13:38:25","guid":{"rendered":"https:\/\/arriendo.com\/co\/%es_type%\/%address_city%\/%neighborhood%\/santa-marta-urbanizacion-salguero-apartamento-en-arriendo-1dd7f6\/"},"modified":"2026-02-16T08:38:25","modified_gmt":"2026-02-16T13:38:25","slug":"AR-289550","status":"publish","type":"properties","link":"https:\/\/arriendo.com\/co\/apartamentos\/santa-marta\/urbanizacion-salguero\/AR-289550\/","title":{"rendered":"Apartamento en  Arriendo en URBANIZACION SALGUERO, Santa marta"},"content":{"rendered":"<p>Este apartamento para alquiler se encuentra ubicado en una de las zonas m\u00e1s privilegiadas de Santa Marta, rodeado de hermosos paisajes y con acceso a todas las comodidades que puedas imaginar. Con una extensa \u00e1rea de terreno de 78.0 metros cuadrados y una construcci\u00f3n de la misma medida, este inmueble te ofrece un generoso espacio para disfrutar de una vida c\u00f3moda y llena de tranquilidad. Adem\u00e1s, cuenta con una \u00e1rea privada de 78.0 metros cuadrados, garantizando as\u00ed la privacidad y confort que necesitas.<\/p>\n<p>Con 2 amplias alcobas y 2 ba\u00f1os completos, este apartamento es ideal para familias peque\u00f1as o parejas que buscan un lugar acogedor para vivir. Tambi\u00e9n cuenta con 1 garaje para mayor comodidad y seguridad. Sus caracter\u00edsticas internas incluyen agua, aires acondicionados, muebles de alta calidad y armarios empotrados que permiten una mejor organizaci\u00f3n del espacio.<\/p>\n<p>El apartamento tiene balc\u00f3n, ideal para disfrutar de un caf\u00e9 en las ma\u00f1anas o una copa de vino en las noches. La cocina estilo americano est\u00e1 totalmente equipada con todo lo que puedas necesitar, incluyendo despensa y cocina integral. Adem\u00e1s, cuenta con calentador para garantizar el confort en todo momento.<\/p>\n<p>Cuenta con acceso a internet. Disfruta de tus momentos de relajaci\u00f3n en el sauna y turco, o ejerc\u00edtate en el gimnasio con modernos equipos.<\/p>\n<p>Sus caracter\u00edsticas externas tambi\u00e9n son impresionantes, con acceso pavimentado y para personas con discapacidad, as\u00ed como dos ascensores para mayor<\/p>\n","protected":false},"excerpt":{"rendered":"Este apartamento para alquiler se encuentra ubicado en una de...","protected":false},"author":6282,"featured_media":289553,"template":"","es_locations":[96,234,2830],"es_categories":[124],"es_types":[114],"es_rent_periods":[],"es_labels":[],"es_statuses":[],"es_parkings":[],"es_roofs":[],"es_exterior_materials":[],"es_basements":[],"es_floor_coverings":[],"es_features":[2292,149,2262,131,132,2164,2263,2145,2233,2131,133,2166,2274,2146,2148,2225,2196,2149,2179,2282,145,2216,2132,2180,2365,2133,2181,2182,2167,143,2136,144,2376,2151,2152],"es_amenities":[2294,2329,2267,152,2186,2187,2269,2153,2248,2139,2154,2189,2278,2155,2157,2250,2197,2159,154,2287,2160,156,2140,157,2366,158,159,2171,2290,2143,161,2289,2377,162,2162],"es_neighborhoods":[],"es_tags":[],"class_list":["post-289550","properties","type-properties","status-publish","has-post-thumbnail","hentry","es_location-magdalena","es_location-santa-marta","es_location-urbanizacion-salguero","es_category-arriendo","es_type-apartamentos","es_feature-acceso-pavimentado","es_feature-aire-acondicionado","es_feature-amoblado","es_feature-ascensor","es_feature-balcon","es_feature-bano-independiente","es_feature-barra-estilo-americano","es_feature-calentador","es_feature-cerca-de-zona-urbana","es_feature-circuito-cerrado-de-tv","es_feature-citofono","es_feature-closet","es_feature-cocina-equipada","es_feature-cocina-integral","es_feature-colegios-universidades","es_feature-despensa","es_feature-en-conjunto-cerrado","es_feature-garajes","es_feature-gimnasio","es_feature-hall-de-alcobas","es_feature-instalacion-de-gas","es_feature-parqueadero-visitantes","es_feature-parques-cercanos","es_feature-piscina","es_feature-planta-electrica","es_feature-porteria-recepcion","es_feature-porteria-vigilancia","es_feature-salon-comunal","es_feature-sauna-turco-jacuzzi","es_feature-terraza","es_feature-trans-publico-cercano","es_feature-vista-panoramica","es_feature-vivienda-multifamiliar","es_feature-zona-de-lavanderia","es_feature-zona-residencial","es_amenity-acceso-pavimentado","es_amenity-aire-acondicionado","es_amenity-amoblado","es_amenity-ascensor-privado","es_amenity-balcon","es_amenity-bano-independiente","es_amenity-barra-estilo-americano","es_amenity-calentador","es_amenity-cerca-de-zona-urbana","es_amenity-circuito-cerrado-de-tv","es_amenity-citofono","es_amenity-closet","es_amenity-cocina-equipada","es_amenity-cocina-integral","es_amenity-colegios-universidades","es_amenity-despensa","es_amenity-en-conjunto-cerrado","es_amenity-garajes","es_amenity-gimnasio","es_amenity-hall-de-alcobas","es_amenity-instalacion-de-gas","es_amenity-parqueadero-visitantes","es_amenity-parques-cercanos","es_amenity-piscina","es_amenity-planta-electrica","es_amenity-porteria-recepcion","es_amenity-salon-comunal","es_amenity-sauna-turco-jacuzzi","es_amenity-terraza","es_amenity-trans-publico-cercano","es_amenity-vigilancia-24-7","es_amenity-vista-panoramica","es_amenity-vivienda-multifamiliar","es_amenity-zona-de-lavanderia","es_amenity-zona-residencial","es-post-entity"],"_links":{"self":[{"href":"https:\/\/arriendo.com\/co\/wp-json\/wp\/v2\/properties\/289550","targetHints":{"allow":["GET"]}}],"collection":[{"href":"https:\/\/arriendo.com\/co\/wp-json\/wp\/v2\/properties"}],"about":[{"href":"https:\/\/arriendo.com\/co\/wp-json\/wp\/v2\/types\/properties"}],"author":[{"embeddable":true,"href":"https:\/\/arriendo.com\/co\/wp-json\/wp\/v2\/users\/6282"}],"version-history":[{"count":0,"href":"https:\/\/arriendo.com\/co\/wp-json\/wp\/v2\/properties\/289550\/revisions"}],"wp:featuredmedia":[{"embeddable":true,"href":"https:\/\/arriendo.com\/co\/wp-json\/wp\/v2\/media\/289553"}],"wp:attachment":[{"href":"https:\/\/arriendo.com\/co\/wp-json\/wp\/v2\/media?parent=289550"}],"wp:term":[{"taxonomy":"es_location","embeddable":true,"href":"https:\/\/arriendo.com\/co\/wp-json\/wp\/v2\/es_locations?post=289550"},{"taxonomy":"es_category","embeddable":true,"href":"https:\/\/arriendo.com\/co\/wp-json\/wp\/v2\/es_categories?post=289550"},{"taxonomy":"es_type","embeddable":true,"href":"https:\/\/arriendo.com\/co\/wp-json\/wp\/v2\/es_types?post=289550"},{"taxonomy":"es_rent_period","embeddable":true,"href":"https:\/\/arriendo.com\/co\/wp-json\/wp\/v2\/es_rent_periods?post=289550"},{"taxonomy":"es_label","embeddable":true,"href":"https:\/\/arriendo.com\/co\/wp-json\/wp\/v2\/es_labels?post=289550"},{"taxonomy":"es_status","embeddable":true,"href":"https:\/\/arriendo.com\/co\/wp-json\/wp\/v2\/es_statuses?post=289550"},{"taxonomy":"es_parking","embeddable":true,"href":"https:\/\/arriendo.com\/co\/wp-json\/wp\/v2\/es_parkings?post=289550"},{"taxonomy":"es_roof","embeddable":true,"href":"https:\/\/arriendo.com\/co\/wp-json\/wp\/v2\/es_roofs?post=289550"},{"taxonomy":"es_exterior_material","embeddable":true,"href":"https:\/\/arriendo.com\/co\/wp-json\/wp\/v2\/es_exterior_materials?post=289550"},{"taxonomy":"es_basement","embeddable":true,"href":"https:\/\/arriendo.com\/co\/wp-json\/wp\/v2\/es_basements?post=289550"},{"taxonomy":"es_floor_covering","embeddable":true,"href":"https:\/\/arriendo.com\/co\/wp-json\/wp\/v2\/es_floor_coverings?post=289550"},{"taxonomy":"es_feature","embeddable":true,"href":"https:\/\/arriendo.com\/co\/wp-json\/wp\/v2\/es_features?post=289550"},{"taxonomy":"es_amenity","embeddable":true,"href":"https:\/\/arriendo.com\/co\/wp-json\/wp\/v2\/es_amenities?post=289550"},{"taxonomy":"es_neighborhood","embeddable":true,"href":"https:\/\/arriendo.com\/co\/wp-json\/wp\/v2\/es_neighborhoods?post=289550"},{"taxonomy":"es_tag","embeddable":true,"href":"https:\/\/arriendo.com\/co\/wp-json\/wp\/v2\/es_tags?post=289550"}],"curies":[{"name":"wp","href":"https:\/\/api.w.org\/{rel}","templated":true}]}}

<p>Este apartamento para alquiler se encuentra ubicado en una de las zonas más privilegiadas de Santa Marta, rodeado de hermosos paisajes y con acceso a todas las comodidades que puedas imaginar. Con una extensa área de terreno de 78.0 metros cuadrados y una construcción de la misma medida, este inmueble te ofrece un generoso espacio para disfrutar de una vida cómoda y llena de tranquilidad. Además, cuenta con una área privada de 78.0 metros cuadrados, garantizando así la privacidad y confort que necesitas.</p>
<p>Con 2 amplias alcobas y 2 baños completos, este apartamento es ideal para familias pequeñas o parejas que buscan un lugar acogedor para vivir. También cuenta con 1 garaje para mayor comodidad y seguridad. Sus características internas incluyen agua, aires acondicionados, muebles de alta calidad y armarios empotrados que permiten una mejor organización del espacio.</p>
<p>El apartamento tiene balcón, ideal para disfrutar de un café en las mañanas o una copa de vino en las noches. La cocina estilo americano está totalmente equipada con todo lo que puedas necesitar, incluyendo despensa y cocina integral. Además, cuenta con calentador para garantizar el confort en todo momento.</p>
<p>Cuenta con acceso a internet. Disfruta de tus momentos de relajación en el sauna y turco, o ejercítate en el gimnasio con modernos equipos.</p>
<p>Sus características externas también son impresionantes, con acceso pavimentado y para personas con discapacidad, así como dos ascensores para mayor</p>
