{"id":289516,"date":"2026-02-16T08:37:51","date_gmt":"2026-02-16T13:37:51","guid":{"rendered":"https:\/\/arriendo.com\/co\/%es_type%\/%address_city%\/%neighborhood%\/santa-marta-bello-horizonte-apartamento-en-arriendo-fe49df\/"},"modified":"2026-02-16T08:37:52","modified_gmt":"2026-02-16T13:37:52","slug":"AR-289516","status":"publish","type":"properties","link":"https:\/\/arriendo.com\/co\/apartamentos\/santa-marta\/bello-horizonte\/AR-289516\/","title":{"rendered":"Apartamento en  Arriendo en Bello horizonte, Santa marta"},"content":{"rendered":"<p>Disfruta de la tranquilidad y la belleza de Santa Marta, una ciudad en constante crecimiento y desarrollo. En esta oportunidad te presentamos un apartamento para alquiler en una de las zonas m\u00e1s privilegiadas de la ciudad.<br \/>\nEl apartamento cuenta con un \u00e1rea construida de 165.0 metros cuadrados y un \u00e1rea privada tambi\u00e9n de 165.0 metros cuadrados, lo que te brinda suficiente espacio para vivir c\u00f3modamente junto a tu familia. Cuenta con 3 amplias alcobas y 4 ba\u00f1os completos que garantizan la privacidad y comodidad de todos los miembros de la familia. Adem\u00e1s, cuenta con 1 garaje para mayor comodidad.<br \/>\nEn cuanto a las caracter\u00edsticas internas del apartamento, destacan su estilo adosado que le otorga una sensaci\u00f3n de privacidad y exclusividad. Adem\u00e1s, cuenta con servicios b\u00e1sicos como agua, electricidad y gas domiciliario, as\u00ed como tambi\u00e9n tiene aire acondicionado para garantizar una temperatura agradable en todo momento.<br \/>\nEl apartamento ya se encuentra amoblado, por lo que no tienes que preocuparte por comprar muebles o electrodom\u00e9sticos. Adem\u00e1s, cuenta con armarios empotrados que te permitir\u00e1n mantener todo en orden y acceder a tus pertenencias f\u00e1cilmente. Tambi\u00e9n cuenta con un balc\u00f3n con vista panor\u00e1mica donde podr\u00e1s relajarte y disfrutar de la vista de la playa.<br \/>\nLa cocina es estilo americano, lo que le da un toque moderno al apartamento. Est\u00e1 equipada con todo lo necesario para que puedas preparar tus comidas de manera c\u00f3moda y pr\u00e1ctica. Tambi\u00e9n cuenta con<\/p>\n","protected":false},"excerpt":{"rendered":"Disfruta de la tranquilidad y la belleza de Santa Marta,...","protected":false},"author":6282,"featured_media":289519,"template":"","es_locations":[2111,96,234],"es_categories":[124],"es_types":[114],"es_rent_periods":[],"es_labels":[],"es_statuses":[],"es_parkings":[],"es_roofs":[],"es_exterior_materials":[],"es_basements":[],"es_floor_coverings":[],"es_features":[2292,149,2262,132,2212,2164,2263,2233,2131,133,2166,2175,2274,2146,2225,2149,2282,145,2203,2216,2132,2220,2180,2133,2181,2150,143,2136,144,2376,2151,2152,2204],"es_amenities":[2294,2329,2267,2186,2217,2187,2269,2248,2139,2154,2189,2190,2278,2155,2250,2159,2287,2160,2208,156,2140,2221,157,158,2161,2290,2143,161,2289,2377,162,2162,2209],"es_neighborhoods":[],"es_tags":[],"class_list":["post-289516","properties","type-properties","status-publish","has-post-thumbnail","hentry","es_location-bello-horizonte","es_location-magdalena","es_location-santa-marta","es_category-arriendo","es_type-apartamentos","es_feature-acceso-pavimentado","es_feature-aire-acondicionado","es_feature-amoblado","es_feature-balcon","es_feature-bano-auxiliar","es_feature-bano-independiente","es_feature-barra-estilo-americano","es_feature-cerca-de-zona-urbana","es_feature-circuito-cerrado-de-tv","es_feature-citofono","es_feature-closet","es_feature-cochera","es_feature-cocina-equipada","es_feature-cocina-integral","es_feature-despensa","es_feature-garajes","es_feature-hall-de-alcobas","es_feature-instalacion-de-gas","es_feature-jardines-exteriores","es_feature-parqueadero-visitantes","es_feature-parques-cercanos","es_feature-patio","es_feature-piscina","es_feature-porteria-recepcion","es_feature-porteria-vigilancia","es_feature-supermercados-c-comerciales","es_feature-terraza","es_feature-trans-publico-cercano","es_feature-vista-panoramica","es_feature-vivienda-multifamiliar","es_feature-zona-de-lavanderia","es_feature-zona-residencial","es_feature-zonas-verdes","es_amenity-acceso-pavimentado","es_amenity-aire-acondicionado","es_amenity-amoblado","es_amenity-balcon","es_amenity-bano-auxiliar","es_amenity-bano-independiente","es_amenity-barra-estilo-americano","es_amenity-cerca-de-zona-urbana","es_amenity-circuito-cerrado-de-tv","es_amenity-citofono","es_amenity-closet","es_amenity-cochera","es_amenity-cocina-equipada","es_amenity-cocina-integral","es_amenity-despensa","es_amenity-garajes","es_amenity-hall-de-alcobas","es_amenity-instalacion-de-gas","es_amenity-jardines-exteriores","es_amenity-parqueadero-visitantes","es_amenity-parques-cercanos","es_amenity-patio","es_amenity-piscina","es_amenity-porteria-recepcion","es_amenity-supermercados-c-comerciales","es_amenity-terraza","es_amenity-trans-publico-cercano","es_amenity-vigilancia-24-7","es_amenity-vista-panoramica","es_amenity-vivienda-multifamiliar","es_amenity-zona-de-lavanderia","es_amenity-zona-residencial","es_amenity-zonas-verdes","es-post-entity"],"_links":{"self":[{"href":"https:\/\/arriendo.com\/co\/wp-json\/wp\/v2\/properties\/289516","targetHints":{"allow":["GET"]}}],"collection":[{"href":"https:\/\/arriendo.com\/co\/wp-json\/wp\/v2\/properties"}],"about":[{"href":"https:\/\/arriendo.com\/co\/wp-json\/wp\/v2\/types\/properties"}],"author":[{"embeddable":true,"href":"https:\/\/arriendo.com\/co\/wp-json\/wp\/v2\/users\/6282"}],"version-history":[{"count":0,"href":"https:\/\/arriendo.com\/co\/wp-json\/wp\/v2\/properties\/289516\/revisions"}],"wp:featuredmedia":[{"embeddable":true,"href":"https:\/\/arriendo.com\/co\/wp-json\/wp\/v2\/media\/289519"}],"wp:attachment":[{"href":"https:\/\/arriendo.com\/co\/wp-json\/wp\/v2\/media?parent=289516"}],"wp:term":[{"taxonomy":"es_location","embeddable":true,"href":"https:\/\/arriendo.com\/co\/wp-json\/wp\/v2\/es_locations?post=289516"},{"taxonomy":"es_category","embeddable":true,"href":"https:\/\/arriendo.com\/co\/wp-json\/wp\/v2\/es_categories?post=289516"},{"taxonomy":"es_type","embeddable":true,"href":"https:\/\/arriendo.com\/co\/wp-json\/wp\/v2\/es_types?post=289516"},{"taxonomy":"es_rent_period","embeddable":true,"href":"https:\/\/arriendo.com\/co\/wp-json\/wp\/v2\/es_rent_periods?post=289516"},{"taxonomy":"es_label","embeddable":true,"href":"https:\/\/arriendo.com\/co\/wp-json\/wp\/v2\/es_labels?post=289516"},{"taxonomy":"es_status","embeddable":true,"href":"https:\/\/arriendo.com\/co\/wp-json\/wp\/v2\/es_statuses?post=289516"},{"taxonomy":"es_parking","embeddable":true,"href":"https:\/\/arriendo.com\/co\/wp-json\/wp\/v2\/es_parkings?post=289516"},{"taxonomy":"es_roof","embeddable":true,"href":"https:\/\/arriendo.com\/co\/wp-json\/wp\/v2\/es_roofs?post=289516"},{"taxonomy":"es_exterior_material","embeddable":true,"href":"https:\/\/arriendo.com\/co\/wp-json\/wp\/v2\/es_exterior_materials?post=289516"},{"taxonomy":"es_basement","embeddable":true,"href":"https:\/\/arriendo.com\/co\/wp-json\/wp\/v2\/es_basements?post=289516"},{"taxonomy":"es_floor_covering","embeddable":true,"href":"https:\/\/arriendo.com\/co\/wp-json\/wp\/v2\/es_floor_coverings?post=289516"},{"taxonomy":"es_feature","embeddable":true,"href":"https:\/\/arriendo.com\/co\/wp-json\/wp\/v2\/es_features?post=289516"},{"taxonomy":"es_amenity","embeddable":true,"href":"https:\/\/arriendo.com\/co\/wp-json\/wp\/v2\/es_amenities?post=289516"},{"taxonomy":"es_neighborhood","embeddable":true,"href":"https:\/\/arriendo.com\/co\/wp-json\/wp\/v2\/es_neighborhoods?post=289516"},{"taxonomy":"es_tag","embeddable":true,"href":"https:\/\/arriendo.com\/co\/wp-json\/wp\/v2\/es_tags?post=289516"}],"curies":[{"name":"wp","href":"https:\/\/api.w.org\/{rel}","templated":true}]}}

<p>Disfruta de la tranquilidad y la belleza de Santa Marta, una ciudad en constante crecimiento y desarrollo. En esta oportunidad te presentamos un apartamento para alquiler en una de las zonas más privilegiadas de la ciudad.<br />
El apartamento cuenta con un área construida de 165.0 metros cuadrados y un área privada también de 165.0 metros cuadrados, lo que te brinda suficiente espacio para vivir cómodamente junto a tu familia. Cuenta con 3 amplias alcobas y 4 baños completos que garantizan la privacidad y comodidad de todos los miembros de la familia. Además, cuenta con 1 garaje para mayor comodidad.<br />
En cuanto a las características internas del apartamento, destacan su estilo adosado que le otorga una sensación de privacidad y exclusividad. Además, cuenta con servicios básicos como agua, electricidad y gas domiciliario, así como también tiene aire acondicionado para garantizar una temperatura agradable en todo momento.<br />
El apartamento ya se encuentra amoblado, por lo que no tienes que preocuparte por comprar muebles o electrodomésticos. Además, cuenta con armarios empotrados que te permitirán mantener todo en orden y acceder a tus pertenencias fácilmente. También cuenta con un balcón con vista panorámica donde podrás relajarte y disfrutar de la vista de la playa.<br />
La cocina es estilo americano, lo que le da un toque moderno al apartamento. Está equipada con todo lo necesario para que puedas preparar tus comidas de manera cómoda y práctica. También cuenta con</p>
