{"id":287642,"date":"2026-02-16T07:48:42","date_gmt":"2026-02-16T12:48:42","guid":{"rendered":"https:\/\/arriendo.com\/co\/%es_type%\/%address_city%\/%neighborhood%\/madrid-san-pedro-apartamento-en-arriendo-en-a0317c\/"},"modified":"2026-02-16T07:48:42","modified_gmt":"2026-02-16T12:48:42","slug":"AR-287642","status":"publish","type":"properties","link":"https:\/\/arriendo.com\/co\/apartamentos\/madrid\/san-pedro\/AR-287642\/","title":{"rendered":"Apartamento en Arriendo en San pedro, Madrid"},"content":{"rendered":"<p>\u00a1Tu nuevo hogar te espera en el Conjunto Oliva, Madrid! Vive la experiencia de estrenar un moderno apartamento ubicado en el piso 11, con una vista exterior privilegiada que te conecta con el entorno y te brinda la tranquilidad que mereces.<br \/>\nEste espacio ha sido dise\u00f1ado para ofrecerte comodidad, funcionalidad y estilo. Cuenta con dos habitaciones + estudio o tres habitaciones, dos ba\u00f1os completos, amplia sala comedor con excelente iluminaci\u00f3n natural, cocina integral moderna y zona de lavander\u00eda independiente.<br \/>\nEl Conjunto Oliva te ofrece todo lo que necesitas para disfrutar de una vida c\u00f3moda y segura: Canchas m\u00faltiples para tus momentos deportivos, zona de BBQ para compartir con familia y amigos, garajes comunales, vigilancia 24 horas y control de acceso, zonas verdes y espacios recreativos para disfrutar cada d\u00eda.<br \/>\nUbicado en una zona de gran desarrollo en Madrid, con f\u00e1cil acceso al transporte, comercios y servicios esenciales.<br \/>\nArrienda un apartamento para estrenar y empieza a vivir con la comodidad que siempre so\u00f1aste.<br \/>\nPara m\u00e1s informaci\u00f3n y citas comun\u00edcate con Diana Perea al ***<\/p>\n","protected":false},"excerpt":{"rendered":"\u00a1Tu nuevo hogar te espera en el Conjunto Oliva, Madrid!...","protected":false},"author":8208,"featured_media":287645,"template":"","es_locations":[91,182,841],"es_categories":[124],"es_types":[114],"es_rent_periods":[],"es_labels":[],"es_statuses":[],"es_parkings":[],"es_roofs":[],"es_exterior_materials":[],"es_basements":[],"es_floor_coverings":[],"es_features":[131,2212,2263,2145,2211,2131,2146,2147,2148,2196,136,2149,2282,145,2216,2132,2133,2181,2182,2135,2150,2136,144,2151,2185,2152,2204],"es_amenities":[152,2217,2269,2153,2210,2139,2155,2156,2157,2197,2158,2159,2287,2160,156,2140,158,159,2142,2161,2143,161,2289,162,2173,2162,2209],"es_neighborhoods":[],"es_tags":[],"class_list":["post-287642","properties","type-properties","status-publish","has-post-thumbnail","hentry","es_location-cundinamarca","es_location-madrid","es_location-san-pedro","es_category-arriendo","es_type-apartamentos","es_feature-ascensor","es_feature-bano-auxiliar","es_feature-barra-estilo-americano","es_feature-calentador","es_feature-canchas-deportivas","es_feature-circuito-cerrado-de-tv","es_feature-cocina-integral","es_feature-cocina-tipo-americano","es_feature-colegios-universidades","es_feature-en-conjunto-cerrado","es_feature-estudio","es_feature-garajes","es_feature-hall-de-alcobas","es_feature-instalacion-de-gas","es_feature-parqueadero-visitantes","es_feature-parques-cercanos","es_feature-porteria-recepcion","es_feature-porteria-vigilancia","es_feature-salon-comunal","es_feature-sobre-via-principal","es_feature-supermercados-c-comerciales","es_feature-trans-publico-cercano","es_feature-vista-panoramica","es_feature-zona-de-lavanderia","es_feature-zona-infantil","es_feature-zona-residencial","es_feature-zonas-verdes","es_amenity-ascensor-privado","es_amenity-bano-auxiliar","es_amenity-barra-estilo-americano","es_amenity-calentador","es_amenity-canchas-deportivas","es_amenity-circuito-cerrado-de-tv","es_amenity-cocina-integral","es_amenity-cocina-tipo-americano","es_amenity-colegios-universidades","es_amenity-en-conjunto-cerrado","es_amenity-estudio","es_amenity-garajes","es_amenity-hall-de-alcobas","es_amenity-instalacion-de-gas","es_amenity-parqueadero-visitantes","es_amenity-parques-cercanos","es_amenity-porteria-recepcion","es_amenity-salon-comunal","es_amenity-sobre-via-principal","es_amenity-supermercados-c-comerciales","es_amenity-trans-publico-cercano","es_amenity-vigilancia-24-7","es_amenity-vista-panoramica","es_amenity-zona-de-lavanderia","es_amenity-zona-infantil","es_amenity-zona-residencial","es_amenity-zonas-verdes","es-post-entity"],"_links":{"self":[{"href":"https:\/\/arriendo.com\/co\/wp-json\/wp\/v2\/properties\/287642","targetHints":{"allow":["GET"]}}],"collection":[{"href":"https:\/\/arriendo.com\/co\/wp-json\/wp\/v2\/properties"}],"about":[{"href":"https:\/\/arriendo.com\/co\/wp-json\/wp\/v2\/types\/properties"}],"author":[{"embeddable":true,"href":"https:\/\/arriendo.com\/co\/wp-json\/wp\/v2\/users\/8208"}],"version-history":[{"count":0,"href":"https:\/\/arriendo.com\/co\/wp-json\/wp\/v2\/properties\/287642\/revisions"}],"wp:featuredmedia":[{"embeddable":true,"href":"https:\/\/arriendo.com\/co\/wp-json\/wp\/v2\/media\/287645"}],"wp:attachment":[{"href":"https:\/\/arriendo.com\/co\/wp-json\/wp\/v2\/media?parent=287642"}],"wp:term":[{"taxonomy":"es_location","embeddable":true,"href":"https:\/\/arriendo.com\/co\/wp-json\/wp\/v2\/es_locations?post=287642"},{"taxonomy":"es_category","embeddable":true,"href":"https:\/\/arriendo.com\/co\/wp-json\/wp\/v2\/es_categories?post=287642"},{"taxonomy":"es_type","embeddable":true,"href":"https:\/\/arriendo.com\/co\/wp-json\/wp\/v2\/es_types?post=287642"},{"taxonomy":"es_rent_period","embeddable":true,"href":"https:\/\/arriendo.com\/co\/wp-json\/wp\/v2\/es_rent_periods?post=287642"},{"taxonomy":"es_label","embeddable":true,"href":"https:\/\/arriendo.com\/co\/wp-json\/wp\/v2\/es_labels?post=287642"},{"taxonomy":"es_status","embeddable":true,"href":"https:\/\/arriendo.com\/co\/wp-json\/wp\/v2\/es_statuses?post=287642"},{"taxonomy":"es_parking","embeddable":true,"href":"https:\/\/arriendo.com\/co\/wp-json\/wp\/v2\/es_parkings?post=287642"},{"taxonomy":"es_roof","embeddable":true,"href":"https:\/\/arriendo.com\/co\/wp-json\/wp\/v2\/es_roofs?post=287642"},{"taxonomy":"es_exterior_material","embeddable":true,"href":"https:\/\/arriendo.com\/co\/wp-json\/wp\/v2\/es_exterior_materials?post=287642"},{"taxonomy":"es_basement","embeddable":true,"href":"https:\/\/arriendo.com\/co\/wp-json\/wp\/v2\/es_basements?post=287642"},{"taxonomy":"es_floor_covering","embeddable":true,"href":"https:\/\/arriendo.com\/co\/wp-json\/wp\/v2\/es_floor_coverings?post=287642"},{"taxonomy":"es_feature","embeddable":true,"href":"https:\/\/arriendo.com\/co\/wp-json\/wp\/v2\/es_features?post=287642"},{"taxonomy":"es_amenity","embeddable":true,"href":"https:\/\/arriendo.com\/co\/wp-json\/wp\/v2\/es_amenities?post=287642"},{"taxonomy":"es_neighborhood","embeddable":true,"href":"https:\/\/arriendo.com\/co\/wp-json\/wp\/v2\/es_neighborhoods?post=287642"},{"taxonomy":"es_tag","embeddable":true,"href":"https:\/\/arriendo.com\/co\/wp-json\/wp\/v2\/es_tags?post=287642"}],"curies":[{"name":"wp","href":"https:\/\/api.w.org\/{rel}","templated":true}]}}

<p>¡Tu nuevo hogar te espera en el Conjunto Oliva, Madrid! Vive la experiencia de estrenar un moderno apartamento ubicado en el piso 11, con una vista exterior privilegiada que te conecta con el entorno y te brinda la tranquilidad que mereces.<br />
Este espacio ha sido diseñado para ofrecerte comodidad, funcionalidad y estilo. Cuenta con dos habitaciones + estudio o tres habitaciones, dos baños completos, amplia sala comedor con excelente iluminación natural, cocina integral moderna y zona de lavandería independiente.<br />
El Conjunto Oliva te ofrece todo lo que necesitas para disfrutar de una vida cómoda y segura: Canchas múltiples para tus momentos deportivos, zona de BBQ para compartir con familia y amigos, garajes comunales, vigilancia 24 horas y control de acceso, zonas verdes y espacios recreativos para disfrutar cada día.<br />
Ubicado en una zona de gran desarrollo en Madrid, con fácil acceso al transporte, comercios y servicios esenciales.<br />
Arrienda un apartamento para estrenar y empieza a vivir con la comodidad que siempre soñaste.<br />
Para más información y citas comunícate con Diana Perea al ***</p>
