{"id":285923,"date":"2026-02-13T11:20:14","date_gmt":"2026-02-13T16:20:14","guid":{"rendered":"https:\/\/arriendo.com\/co\/%es_type%\/%address_city%\/%neighborhood%\/itagui-itagui-apartamento-en-arriendo-en-e30e1f\/"},"modified":"2026-02-13T11:20:14","modified_gmt":"2026-02-13T16:20:14","slug":"AR-285923","status":"publish","type":"properties","link":"https:\/\/arriendo.com\/co\/apartamentos\/itagui\/itagui\/AR-285923\/","title":{"rendered":"Apartamento en Arriendo en Itagu\u00ed"},"content":{"rendered":"<p>Apartamento en arriendo en Indigo \u2013 Itag\u00fc\u00ed, cerca a la estaci\u00f3n del Metro de Envigado.<\/p>\n<p>Amplio apartamento de 70 m\u00b2 ubicado en el conjunto residencial Indigo, con excelente acceso y una ubicaci\u00f3n estrat\u00e9gica cerca a la estaci\u00f3n del Metro de Envigado y al Centro Comercial Viva.<\/p>\n<p>El inmueble cuenta con espacios c\u00f3modos, iluminaci\u00f3n natural y distribuci\u00f3n funcional. Incluye garaje<\/p>\n<p>Ideal para quienes buscan comodidad, seguridad y cercan\u00eda a todo. <\/p>\n<p>Caracter\u00edsticas:<\/p>\n<p>\u00c1rea: 70 m\u00b2<\/p>\n<p>Cocina integral<\/p>\n<p>Zona de ropas<\/p>\n<p>Balc\u00f3n<\/p>\n<p>Garaje privado y cuarto \u00fatil<\/p>\n<p>Unidad residencial con vigilancia 24 horas y excelentes zonas comunes<\/p>\n<p>Canon de arrendamiento: $3000000<\/p>\n<p>Contacto: Johana Rodr\u00edguez 3053586842<\/p>\n","protected":false},"excerpt":{"rendered":"Apartamento en arriendo en Indigo \u2013 Itag\u00fc\u00ed, cerca a la...","protected":false},"author":7106,"featured_media":285926,"template":"","es_locations":[79,475],"es_categories":[124],"es_types":[114],"es_rent_periods":[],"es_labels":[],"es_statuses":[],"es_parkings":[],"es_roofs":[],"es_exterior_materials":[],"es_basements":[],"es_floor_coverings":[],"es_features":[131,132,2212,2263,2145,133,2146,2147,2148,2312,151,2196,136,2149,2282,145,2203,2216,2132,2272,2365,2133,2181,2380,2135,2150,2136,144,2137,2300,2152,2204],"es_amenities":[152,2186,2217,2269,2153,2154,2155,2156,2157,2314,2270,2197,2158,2159,2287,2160,2208,156,2140,2273,2366,158,2383,2142,2161,2143,161,2289,2144,2301,2162,2209],"es_neighborhoods":[],"es_tags":[],"class_list":["post-285923","properties","type-properties","status-publish","has-post-thumbnail","hentry","es_location-antioquia","es_location-itagui","es_category-arriendo","es_type-apartamentos","es_feature-ascensor","es_feature-balcon","es_feature-bano-auxiliar","es_feature-barra-estilo-americano","es_feature-calentador","es_feature-citofono","es_feature-cocina-integral","es_feature-cocina-tipo-americano","es_feature-colegios-universidades","es_feature-comedor-auxiliar","es_feature-deposito-bodega","es_feature-en-conjunto-cerrado","es_feature-estudio","es_feature-garajes","es_feature-hall-de-alcobas","es_feature-instalacion-de-gas","es_feature-jardines-exteriores","es_feature-parqueadero-visitantes","es_feature-parques-cercanos","es_feature-piso-en-baldosa-marmol","es_feature-planta-electrica","es_feature-porteria-recepcion","es_feature-porteria-vigilancia","es_feature-sala-de-internet","es_feature-sobre-via-principal","es_feature-supermercados-c-comerciales","es_feature-trans-publico-cercano","es_feature-vista-panoramica","es_feature-zona-comercial","es_feature-zona-industrial","es_feature-zona-residencial","es_feature-zonas-verdes","es_amenity-ascensor-privado","es_amenity-balcon","es_amenity-bano-auxiliar","es_amenity-barra-estilo-americano","es_amenity-calentador","es_amenity-citofono","es_amenity-cocina-integral","es_amenity-cocina-tipo-americano","es_amenity-colegios-universidades","es_amenity-comedor-auxiliar","es_amenity-deposito-bodega","es_amenity-en-conjunto-cerrado","es_amenity-estudio","es_amenity-garajes","es_amenity-hall-de-alcobas","es_amenity-instalacion-de-gas","es_amenity-jardines-exteriores","es_amenity-parqueadero-visitantes","es_amenity-parques-cercanos","es_amenity-piso-en-baldosa-marmol","es_amenity-planta-electrica","es_amenity-porteria-recepcion","es_amenity-sala-de-internet","es_amenity-sobre-via-principal","es_amenity-supermercados-c-comerciales","es_amenity-trans-publico-cercano","es_amenity-vigilancia-24-7","es_amenity-vista-panoramica","es_amenity-zona-comercial","es_amenity-zona-industrial","es_amenity-zona-residencial","es_amenity-zonas-verdes","es-post-entity"],"_links":{"self":[{"href":"https:\/\/arriendo.com\/co\/wp-json\/wp\/v2\/properties\/285923","targetHints":{"allow":["GET"]}}],"collection":[{"href":"https:\/\/arriendo.com\/co\/wp-json\/wp\/v2\/properties"}],"about":[{"href":"https:\/\/arriendo.com\/co\/wp-json\/wp\/v2\/types\/properties"}],"author":[{"embeddable":true,"href":"https:\/\/arriendo.com\/co\/wp-json\/wp\/v2\/users\/7106"}],"version-history":[{"count":0,"href":"https:\/\/arriendo.com\/co\/wp-json\/wp\/v2\/properties\/285923\/revisions"}],"wp:featuredmedia":[{"embeddable":true,"href":"https:\/\/arriendo.com\/co\/wp-json\/wp\/v2\/media\/285926"}],"wp:attachment":[{"href":"https:\/\/arriendo.com\/co\/wp-json\/wp\/v2\/media?parent=285923"}],"wp:term":[{"taxonomy":"es_location","embeddable":true,"href":"https:\/\/arriendo.com\/co\/wp-json\/wp\/v2\/es_locations?post=285923"},{"taxonomy":"es_category","embeddable":true,"href":"https:\/\/arriendo.com\/co\/wp-json\/wp\/v2\/es_categories?post=285923"},{"taxonomy":"es_type","embeddable":true,"href":"https:\/\/arriendo.com\/co\/wp-json\/wp\/v2\/es_types?post=285923"},{"taxonomy":"es_rent_period","embeddable":true,"href":"https:\/\/arriendo.com\/co\/wp-json\/wp\/v2\/es_rent_periods?post=285923"},{"taxonomy":"es_label","embeddable":true,"href":"https:\/\/arriendo.com\/co\/wp-json\/wp\/v2\/es_labels?post=285923"},{"taxonomy":"es_status","embeddable":true,"href":"https:\/\/arriendo.com\/co\/wp-json\/wp\/v2\/es_statuses?post=285923"},{"taxonomy":"es_parking","embeddable":true,"href":"https:\/\/arriendo.com\/co\/wp-json\/wp\/v2\/es_parkings?post=285923"},{"taxonomy":"es_roof","embeddable":true,"href":"https:\/\/arriendo.com\/co\/wp-json\/wp\/v2\/es_roofs?post=285923"},{"taxonomy":"es_exterior_material","embeddable":true,"href":"https:\/\/arriendo.com\/co\/wp-json\/wp\/v2\/es_exterior_materials?post=285923"},{"taxonomy":"es_basement","embeddable":true,"href":"https:\/\/arriendo.com\/co\/wp-json\/wp\/v2\/es_basements?post=285923"},{"taxonomy":"es_floor_covering","embeddable":true,"href":"https:\/\/arriendo.com\/co\/wp-json\/wp\/v2\/es_floor_coverings?post=285923"},{"taxonomy":"es_feature","embeddable":true,"href":"https:\/\/arriendo.com\/co\/wp-json\/wp\/v2\/es_features?post=285923"},{"taxonomy":"es_amenity","embeddable":true,"href":"https:\/\/arriendo.com\/co\/wp-json\/wp\/v2\/es_amenities?post=285923"},{"taxonomy":"es_neighborhood","embeddable":true,"href":"https:\/\/arriendo.com\/co\/wp-json\/wp\/v2\/es_neighborhoods?post=285923"},{"taxonomy":"es_tag","embeddable":true,"href":"https:\/\/arriendo.com\/co\/wp-json\/wp\/v2\/es_tags?post=285923"}],"curies":[{"name":"wp","href":"https:\/\/api.w.org\/{rel}","templated":true}]}}

Apartamento en Arriendo en Itaguí

<p>Apartamento en arriendo en Indigo – Itagüí, cerca a la estación del Metro de Envigado.</p>
<p>Amplio apartamento de 70 m² ubicado en el conjunto residencial Indigo, con excelente acceso y una ubicación estratégica cerca a la estación del Metro de Envigado y al Centro Comercial Viva.</p>
<p>El inmueble cuenta con espacios cómodos, iluminación natural y distribución funcional. Incluye garaje</p>
<p>Ideal para quienes buscan comodidad, seguridad y cercanía a todo. </p>
<p>Características:</p>
<p>Área: 70 m²</p>
<p>Cocina integral</p>
<p>Zona de ropas</p>
<p>Balcón</p>
<p>Garaje privado y cuarto útil</p>
<p>Unidad residencial con vigilancia 24 horas y excelentes zonas comunes</p>
<p>Canon de arrendamiento: $3000000</p>
<p>Contacto: Johana Rodríguez 3053586842</p>

Apartamento en arriendo en Indigo – Itagüí, cerca a la...
