{"id":285875,"date":"2026-02-13T11:12:14","date_gmt":"2026-02-13T16:12:14","guid":{"rendered":"https:\/\/arriendo.com\/co\/%es_type%\/%address_city%\/%neighborhood%\/envigado-mesa-apartamento-en-arriendo-en-ec8a43\/"},"modified":"2026-02-13T11:12:14","modified_gmt":"2026-02-13T16:12:14","slug":"AR-285875","status":"publish","type":"properties","link":"https:\/\/arriendo.com\/co\/apartamentos\/envigado\/mesa\/AR-285875\/","title":{"rendered":"Apartamento en Arriendo en Mesa, Envigado"},"content":{"rendered":"<p>Apartamento amplio en Barrio Mesa | Envigado | 115 m\u00b2 | 3 balcones<\/p>\n<p>Si buscas un espacio c\u00f3modo, iluminado y en zona estrat\u00e9gica de Envigado, este apartamento es para ti. Ubicado cerca a Cenizo e Iglesia San Jos\u00e9, con excelente acceso a transporte y comercios.<\/p>\n<p>\u2714 3 habitaciones con closet<br \/>\n\u2714 2 ba\u00f1os<br \/>\n\u2714 Cocina integral<br \/>\n\u2714 3 balcones y 1 patio<br \/>\n\u2714 Ascensor + cuarto \u00fatil<br \/>\n\u2714 Parqueadero<br \/>\nEstrato 3. Ideal para vivienda Familiar<\/p>\n","protected":false},"excerpt":{"rendered":"Apartamento amplio en Barrio Mesa | Envigado | 115 m\u00b2...","protected":false},"author":7106,"featured_media":285878,"template":"","es_locations":[79,511,1935],"es_categories":[124],"es_types":[114],"es_rent_periods":[],"es_labels":[],"es_statuses":[],"es_parkings":[],"es_roofs":[],"es_exterior_materials":[],"es_basements":[],"es_floor_coverings":[],"es_features":[150,131,132,2212,2263,2145,2146,2147,2148,2312,151,2149,2282,145,2132,2220,2272,2135,2150,2136,2152],"es_amenities":[2387,152,2186,2217,2269,2153,2155,2156,2157,2314,2270,2159,2287,2160,2140,2221,2273,2142,2161,2143,2162],"es_neighborhoods":[],"es_tags":[],"class_list":["post-285875","properties","type-properties","status-publish","has-post-thumbnail","hentry","es_location-antioquia","es_location-envigado","es_location-mesa","es_category-arriendo","es_type-apartamentos","es_feature-alarma","es_feature-ascensor","es_feature-balcon","es_feature-bano-auxiliar","es_feature-barra-estilo-americano","es_feature-calentador","es_feature-cocina-integral","es_feature-cocina-tipo-americano","es_feature-colegios-universidades","es_feature-comedor-auxiliar","es_feature-deposito-bodega","es_feature-garajes","es_feature-hall-de-alcobas","es_feature-instalacion-de-gas","es_feature-parques-cercanos","es_feature-patio","es_feature-piso-en-baldosa-marmol","es_feature-sobre-via-principal","es_feature-supermercados-c-comerciales","es_feature-trans-publico-cercano","es_feature-zona-residencial","es_amenity-alarma","es_amenity-ascensor-privado","es_amenity-balcon","es_amenity-bano-auxiliar","es_amenity-barra-estilo-americano","es_amenity-calentador","es_amenity-cocina-integral","es_amenity-cocina-tipo-americano","es_amenity-colegios-universidades","es_amenity-comedor-auxiliar","es_amenity-deposito-bodega","es_amenity-garajes","es_amenity-hall-de-alcobas","es_amenity-instalacion-de-gas","es_amenity-parques-cercanos","es_amenity-patio","es_amenity-piso-en-baldosa-marmol","es_amenity-sobre-via-principal","es_amenity-supermercados-c-comerciales","es_amenity-trans-publico-cercano","es_amenity-zona-residencial","es-post-entity"],"_links":{"self":[{"href":"https:\/\/arriendo.com\/co\/wp-json\/wp\/v2\/properties\/285875","targetHints":{"allow":["GET"]}}],"collection":[{"href":"https:\/\/arriendo.com\/co\/wp-json\/wp\/v2\/properties"}],"about":[{"href":"https:\/\/arriendo.com\/co\/wp-json\/wp\/v2\/types\/properties"}],"author":[{"embeddable":true,"href":"https:\/\/arriendo.com\/co\/wp-json\/wp\/v2\/users\/7106"}],"version-history":[{"count":0,"href":"https:\/\/arriendo.com\/co\/wp-json\/wp\/v2\/properties\/285875\/revisions"}],"wp:featuredmedia":[{"embeddable":true,"href":"https:\/\/arriendo.com\/co\/wp-json\/wp\/v2\/media\/285878"}],"wp:attachment":[{"href":"https:\/\/arriendo.com\/co\/wp-json\/wp\/v2\/media?parent=285875"}],"wp:term":[{"taxonomy":"es_location","embeddable":true,"href":"https:\/\/arriendo.com\/co\/wp-json\/wp\/v2\/es_locations?post=285875"},{"taxonomy":"es_category","embeddable":true,"href":"https:\/\/arriendo.com\/co\/wp-json\/wp\/v2\/es_categories?post=285875"},{"taxonomy":"es_type","embeddable":true,"href":"https:\/\/arriendo.com\/co\/wp-json\/wp\/v2\/es_types?post=285875"},{"taxonomy":"es_rent_period","embeddable":true,"href":"https:\/\/arriendo.com\/co\/wp-json\/wp\/v2\/es_rent_periods?post=285875"},{"taxonomy":"es_label","embeddable":true,"href":"https:\/\/arriendo.com\/co\/wp-json\/wp\/v2\/es_labels?post=285875"},{"taxonomy":"es_status","embeddable":true,"href":"https:\/\/arriendo.com\/co\/wp-json\/wp\/v2\/es_statuses?post=285875"},{"taxonomy":"es_parking","embeddable":true,"href":"https:\/\/arriendo.com\/co\/wp-json\/wp\/v2\/es_parkings?post=285875"},{"taxonomy":"es_roof","embeddable":true,"href":"https:\/\/arriendo.com\/co\/wp-json\/wp\/v2\/es_roofs?post=285875"},{"taxonomy":"es_exterior_material","embeddable":true,"href":"https:\/\/arriendo.com\/co\/wp-json\/wp\/v2\/es_exterior_materials?post=285875"},{"taxonomy":"es_basement","embeddable":true,"href":"https:\/\/arriendo.com\/co\/wp-json\/wp\/v2\/es_basements?post=285875"},{"taxonomy":"es_floor_covering","embeddable":true,"href":"https:\/\/arriendo.com\/co\/wp-json\/wp\/v2\/es_floor_coverings?post=285875"},{"taxonomy":"es_feature","embeddable":true,"href":"https:\/\/arriendo.com\/co\/wp-json\/wp\/v2\/es_features?post=285875"},{"taxonomy":"es_amenity","embeddable":true,"href":"https:\/\/arriendo.com\/co\/wp-json\/wp\/v2\/es_amenities?post=285875"},{"taxonomy":"es_neighborhood","embeddable":true,"href":"https:\/\/arriendo.com\/co\/wp-json\/wp\/v2\/es_neighborhoods?post=285875"},{"taxonomy":"es_tag","embeddable":true,"href":"https:\/\/arriendo.com\/co\/wp-json\/wp\/v2\/es_tags?post=285875"}],"curies":[{"name":"wp","href":"https:\/\/api.w.org\/{rel}","templated":true}]}}

<p>Apartamento amplio en Barrio Mesa | Envigado | 115 m² | 3 balcones</p>
<p>Si buscas un espacio cómodo, iluminado y en zona estratégica de Envigado, este apartamento es para ti. Ubicado cerca a Cenizo e Iglesia San José, con excelente acceso a transporte y comercios.</p>
<p>✔ 3 habitaciones con closet<br />
✔ 2 baños<br />
✔ Cocina integral<br />
✔ 3 balcones y 1 patio<br />
✔ Ascensor + cuarto útil<br />
✔ Parqueadero<br />
Estrato 3. Ideal para vivienda Familiar</p>
