{"id":285850,"date":"2026-02-13T11:08:14","date_gmt":"2026-02-13T16:08:14","guid":{"rendered":"https:\/\/arriendo.com\/co\/%es_type%\/%address_city%\/%neighborhood%\/sabaneta-pan-de-azucar-apartamento-en-arriendo-en-e1775c\/"},"modified":"2026-02-13T11:08:14","modified_gmt":"2026-02-13T16:08:14","slug":"AR-285850","status":"publish","type":"properties","link":"https:\/\/arriendo.com\/co\/apartamentos\/sabaneta\/pan-de-azucar\/AR-285850\/","title":{"rendered":"Apartamento en Arriendo en Pan de azucar, Sabaneta"},"content":{"rendered":"<p>Descubra la oportunidad de vivir en este hermoso apartamento en renta, estrat\u00e9gicamente ubicado en el codiciado sector de Pan de Az\u00facar, Sabaneta. Con 66 m\u00b2 inteligentemente distribuidos, este hogar ofrece un espacioso sal\u00f3n comedor que se integra armoniosamente con una moderna cocina integral, ideal para los amantes de la gastronom\u00eda. Disfrute de la comodidad de dos ba\u00f1os completos y un pr\u00e1ctico patio de ropas independiente. El apartamento cuenta con dos acogedoras habitaciones, una de ellas con un funcional cl\u00f3set y la principal con un vestidor, brindando amplio espacio de almacenamiento. El balc\u00f3n es un verdadero oasis, ofreciendo una excelente vista panor\u00e1mica que invita a la relajaci\u00f3n. Adem\u00e1s, incluye parqueadero y cuarto \u00fatil. Las zonas comunes son excepcionales, dise\u00f1adas para su disfrute y bienestar. Su ubicaci\u00f3n privilegiada garantiza un acceso inmejorable a v\u00edas principales como la Autopista Sur, la Variante de Caldas y la Avenida Regional, conect\u00e1ndolo con todo lo que necesita.<\/p>\n","protected":false},"excerpt":{"rendered":"Descubra la oportunidad de vivir en este hermoso apartamento en...","protected":false},"author":7106,"featured_media":285853,"template":"","es_locations":[79,3152,473],"es_categories":[124],"es_types":[114],"es_rent_periods":[],"es_labels":[],"es_statuses":[],"es_parkings":[],"es_roofs":[],"es_exterior_materials":[],"es_basements":[],"es_floor_coverings":[],"es_features":[131,132,2263,2145,2211,2131,2146,2148,2196,2179,145,2203,2216,2132,2133,2182,2167,2150,143,2136,144,2306,2151,2185,2152,2204],"es_amenities":[152,2186,2269,2153,2210,2139,2155,2157,2197,154,2160,2208,156,2140,158,159,2171,2161,2290,2143,2289,2308,162,2173,2162,2209],"es_neighborhoods":[],"es_tags":[],"class_list":["post-285850","properties","type-properties","status-publish","has-post-thumbnail","hentry","es_location-antioquia","es_location-pan-de-azucar","es_location-sabaneta","es_category-arriendo","es_type-apartamentos","es_feature-ascensor","es_feature-balcon","es_feature-barra-estilo-americano","es_feature-calentador","es_feature-canchas-deportivas","es_feature-circuito-cerrado-de-tv","es_feature-cocina-integral","es_feature-colegios-universidades","es_feature-en-conjunto-cerrado","es_feature-gimnasio","es_feature-instalacion-de-gas","es_feature-jardines-exteriores","es_feature-parqueadero-visitantes","es_feature-parques-cercanos","es_feature-porteria-recepcion","es_feature-salon-comunal","es_feature-sauna-turco-jacuzzi","es_feature-supermercados-c-comerciales","es_feature-terraza","es_feature-trans-publico-cercano","es_feature-vista-panoramica","es_feature-zona-campestre","es_feature-zona-de-lavanderia","es_feature-zona-infantil","es_feature-zona-residencial","es_feature-zonas-verdes","es_amenity-ascensor-privado","es_amenity-balcon","es_amenity-barra-estilo-americano","es_amenity-calentador","es_amenity-canchas-deportivas","es_amenity-circuito-cerrado-de-tv","es_amenity-cocina-integral","es_amenity-colegios-universidades","es_amenity-en-conjunto-cerrado","es_amenity-gimnasio","es_amenity-instalacion-de-gas","es_amenity-jardines-exteriores","es_amenity-parqueadero-visitantes","es_amenity-parques-cercanos","es_amenity-porteria-recepcion","es_amenity-salon-comunal","es_amenity-sauna-turco-jacuzzi","es_amenity-supermercados-c-comerciales","es_amenity-terraza","es_amenity-trans-publico-cercano","es_amenity-vista-panoramica","es_amenity-zona-campestre","es_amenity-zona-de-lavanderia","es_amenity-zona-infantil","es_amenity-zona-residencial","es_amenity-zonas-verdes","es-post-entity"],"_links":{"self":[{"href":"https:\/\/arriendo.com\/co\/wp-json\/wp\/v2\/properties\/285850","targetHints":{"allow":["GET"]}}],"collection":[{"href":"https:\/\/arriendo.com\/co\/wp-json\/wp\/v2\/properties"}],"about":[{"href":"https:\/\/arriendo.com\/co\/wp-json\/wp\/v2\/types\/properties"}],"author":[{"embeddable":true,"href":"https:\/\/arriendo.com\/co\/wp-json\/wp\/v2\/users\/7106"}],"version-history":[{"count":0,"href":"https:\/\/arriendo.com\/co\/wp-json\/wp\/v2\/properties\/285850\/revisions"}],"wp:featuredmedia":[{"embeddable":true,"href":"https:\/\/arriendo.com\/co\/wp-json\/wp\/v2\/media\/285853"}],"wp:attachment":[{"href":"https:\/\/arriendo.com\/co\/wp-json\/wp\/v2\/media?parent=285850"}],"wp:term":[{"taxonomy":"es_location","embeddable":true,"href":"https:\/\/arriendo.com\/co\/wp-json\/wp\/v2\/es_locations?post=285850"},{"taxonomy":"es_category","embeddable":true,"href":"https:\/\/arriendo.com\/co\/wp-json\/wp\/v2\/es_categories?post=285850"},{"taxonomy":"es_type","embeddable":true,"href":"https:\/\/arriendo.com\/co\/wp-json\/wp\/v2\/es_types?post=285850"},{"taxonomy":"es_rent_period","embeddable":true,"href":"https:\/\/arriendo.com\/co\/wp-json\/wp\/v2\/es_rent_periods?post=285850"},{"taxonomy":"es_label","embeddable":true,"href":"https:\/\/arriendo.com\/co\/wp-json\/wp\/v2\/es_labels?post=285850"},{"taxonomy":"es_status","embeddable":true,"href":"https:\/\/arriendo.com\/co\/wp-json\/wp\/v2\/es_statuses?post=285850"},{"taxonomy":"es_parking","embeddable":true,"href":"https:\/\/arriendo.com\/co\/wp-json\/wp\/v2\/es_parkings?post=285850"},{"taxonomy":"es_roof","embeddable":true,"href":"https:\/\/arriendo.com\/co\/wp-json\/wp\/v2\/es_roofs?post=285850"},{"taxonomy":"es_exterior_material","embeddable":true,"href":"https:\/\/arriendo.com\/co\/wp-json\/wp\/v2\/es_exterior_materials?post=285850"},{"taxonomy":"es_basement","embeddable":true,"href":"https:\/\/arriendo.com\/co\/wp-json\/wp\/v2\/es_basements?post=285850"},{"taxonomy":"es_floor_covering","embeddable":true,"href":"https:\/\/arriendo.com\/co\/wp-json\/wp\/v2\/es_floor_coverings?post=285850"},{"taxonomy":"es_feature","embeddable":true,"href":"https:\/\/arriendo.com\/co\/wp-json\/wp\/v2\/es_features?post=285850"},{"taxonomy":"es_amenity","embeddable":true,"href":"https:\/\/arriendo.com\/co\/wp-json\/wp\/v2\/es_amenities?post=285850"},{"taxonomy":"es_neighborhood","embeddable":true,"href":"https:\/\/arriendo.com\/co\/wp-json\/wp\/v2\/es_neighborhoods?post=285850"},{"taxonomy":"es_tag","embeddable":true,"href":"https:\/\/arriendo.com\/co\/wp-json\/wp\/v2\/es_tags?post=285850"}],"curies":[{"name":"wp","href":"https:\/\/api.w.org\/{rel}","templated":true}]}}

<p>Descubra la oportunidad de vivir en este hermoso apartamento en renta, estratégicamente ubicado en el codiciado sector de Pan de Azúcar, Sabaneta. Con 66 m² inteligentemente distribuidos, este hogar ofrece un espacioso salón comedor que se integra armoniosamente con una moderna cocina integral, ideal para los amantes de la gastronomía. Disfrute de la comodidad de dos baños completos y un práctico patio de ropas independiente. El apartamento cuenta con dos acogedoras habitaciones, una de ellas con un funcional clóset y la principal con un vestidor, brindando amplio espacio de almacenamiento. El balcón es un verdadero oasis, ofreciendo una excelente vista panorámica que invita a la relajación. Además, incluye parqueadero y cuarto útil. Las zonas comunes son excepcionales, diseñadas para su disfrute y bienestar. Su ubicación privilegiada garantiza un acceso inmejorable a vías principales como la Autopista Sur, la Variante de Caldas y la Avenida Regional, conectándolo con todo lo que necesita.</p>
