{"id":284955,"date":"2026-02-13T09:01:31","date_gmt":"2026-02-13T14:01:31","guid":{"rendered":"https:\/\/arriendo.com\/co\/%es_type%\/%address_city%\/%neighborhood%\/pereira-san-jose-sur-consultorio-en-arriendo-en-b3e2d2\/"},"modified":"2026-02-13T09:01:31","modified_gmt":"2026-02-13T14:01:31","slug":"AR-284955","status":"publish","type":"properties","link":"https:\/\/arriendo.com\/co\/consultorios\/pereira\/san-jose-sur\/AR-284955\/","title":{"rendered":"Consultorio en Arriendo en San jose sur, Pereira"},"content":{"rendered":"<p>Este moderno y amplio consultorio se encuentra ubicado en una de las zonas m\u00e1s exclusivas de Pereira, el barrio Los Alpes. Su excelente ubicaci\u00f3n sobre la Carrera 14 Bis y cercan\u00eda a importantes cl\u00ednicas lo hace ideal para m\u00e9dicos y otros profesionales de la salud. El consultorio cuenta con un dise\u00f1o elegante y funcional que brinda privacidad a los pacientes. El edificio es de reciente construcci\u00f3n y tiene disponibles m\u00e1s de 40 parqueaderos, as\u00ed como zonas verdes y amplias v\u00edas de acceso. Est\u00e1 dotado con modernos ascensores y excelentes acabados. Este consultorio re\u00fane las mejores condiciones para el ejercicio de la medicina<\/p>\n","protected":false},"excerpt":{"rendered":"Este moderno y amplio consultorio se encuentra ubicado en una...","protected":false},"author":6642,"featured_media":284958,"template":"","es_locations":[231,102,2705],"es_categories":[124],"es_types":[119],"es_rent_periods":[],"es_labels":[],"es_statuses":[],"es_parkings":[],"es_roofs":[],"es_exterior_materials":[],"es_basements":[],"es_floor_coverings":[],"es_features":[131,2472,2216,2132,2133,2239,2137],"es_amenities":[152,2473,156,2140,158,2256,2144],"es_neighborhoods":[],"es_tags":[],"class_list":["post-284955","properties","type-properties","status-publish","has-post-thumbnail","hentry","es_location-pereira","es_location-risaralda","es_location-san-jose-sur","es_category-arriendo","es_type-consultorios","es_feature-ascensor","es_feature-banos-publicos","es_feature-parqueadero-visitantes","es_feature-parques-cercanos","es_feature-porteria-recepcion","es_feature-sobre-via-secundaria","es_feature-zona-comercial","es_amenity-ascensor-privado","es_amenity-banos-publicos","es_amenity-parqueadero-visitantes","es_amenity-parques-cercanos","es_amenity-porteria-recepcion","es_amenity-sobre-via-secundaria","es_amenity-zona-comercial","es-post-entity"],"_links":{"self":[{"href":"https:\/\/arriendo.com\/co\/wp-json\/wp\/v2\/properties\/284955","targetHints":{"allow":["GET"]}}],"collection":[{"href":"https:\/\/arriendo.com\/co\/wp-json\/wp\/v2\/properties"}],"about":[{"href":"https:\/\/arriendo.com\/co\/wp-json\/wp\/v2\/types\/properties"}],"author":[{"embeddable":true,"href":"https:\/\/arriendo.com\/co\/wp-json\/wp\/v2\/users\/6642"}],"version-history":[{"count":0,"href":"https:\/\/arriendo.com\/co\/wp-json\/wp\/v2\/properties\/284955\/revisions"}],"wp:featuredmedia":[{"embeddable":true,"href":"https:\/\/arriendo.com\/co\/wp-json\/wp\/v2\/media\/284958"}],"wp:attachment":[{"href":"https:\/\/arriendo.com\/co\/wp-json\/wp\/v2\/media?parent=284955"}],"wp:term":[{"taxonomy":"es_location","embeddable":true,"href":"https:\/\/arriendo.com\/co\/wp-json\/wp\/v2\/es_locations?post=284955"},{"taxonomy":"es_category","embeddable":true,"href":"https:\/\/arriendo.com\/co\/wp-json\/wp\/v2\/es_categories?post=284955"},{"taxonomy":"es_type","embeddable":true,"href":"https:\/\/arriendo.com\/co\/wp-json\/wp\/v2\/es_types?post=284955"},{"taxonomy":"es_rent_period","embeddable":true,"href":"https:\/\/arriendo.com\/co\/wp-json\/wp\/v2\/es_rent_periods?post=284955"},{"taxonomy":"es_label","embeddable":true,"href":"https:\/\/arriendo.com\/co\/wp-json\/wp\/v2\/es_labels?post=284955"},{"taxonomy":"es_status","embeddable":true,"href":"https:\/\/arriendo.com\/co\/wp-json\/wp\/v2\/es_statuses?post=284955"},{"taxonomy":"es_parking","embeddable":true,"href":"https:\/\/arriendo.com\/co\/wp-json\/wp\/v2\/es_parkings?post=284955"},{"taxonomy":"es_roof","embeddable":true,"href":"https:\/\/arriendo.com\/co\/wp-json\/wp\/v2\/es_roofs?post=284955"},{"taxonomy":"es_exterior_material","embeddable":true,"href":"https:\/\/arriendo.com\/co\/wp-json\/wp\/v2\/es_exterior_materials?post=284955"},{"taxonomy":"es_basement","embeddable":true,"href":"https:\/\/arriendo.com\/co\/wp-json\/wp\/v2\/es_basements?post=284955"},{"taxonomy":"es_floor_covering","embeddable":true,"href":"https:\/\/arriendo.com\/co\/wp-json\/wp\/v2\/es_floor_coverings?post=284955"},{"taxonomy":"es_feature","embeddable":true,"href":"https:\/\/arriendo.com\/co\/wp-json\/wp\/v2\/es_features?post=284955"},{"taxonomy":"es_amenity","embeddable":true,"href":"https:\/\/arriendo.com\/co\/wp-json\/wp\/v2\/es_amenities?post=284955"},{"taxonomy":"es_neighborhood","embeddable":true,"href":"https:\/\/arriendo.com\/co\/wp-json\/wp\/v2\/es_neighborhoods?post=284955"},{"taxonomy":"es_tag","embeddable":true,"href":"https:\/\/arriendo.com\/co\/wp-json\/wp\/v2\/es_tags?post=284955"}],"curies":[{"name":"wp","href":"https:\/\/api.w.org\/{rel}","templated":true}]}}

<p>Este moderno y amplio consultorio se encuentra ubicado en una de las zonas más exclusivas de Pereira, el barrio Los Alpes. Su excelente ubicación sobre la Carrera 14 Bis y cercanía a importantes clínicas lo hace ideal para médicos y otros profesionales de la salud. El consultorio cuenta con un diseño elegante y funcional que brinda privacidad a los pacientes. El edificio es de reciente construcción y tiene disponibles más de 40 parqueaderos, así como zonas verdes y amplias vías de acceso. Está dotado con modernos ascensores y excelentes acabados. Este consultorio reúne las mejores condiciones para el ejercicio de la medicina</p>
