{"id":284449,"date":"2026-02-13T08:06:59","date_gmt":"2026-02-13T13:06:59","guid":{"rendered":"https:\/\/arriendo.com\/co\/%es_type%\/%address_city%\/%neighborhood%\/ibague-salado-bodega-en-arriendo-en-30ba25\/"},"modified":"2026-02-13T08:06:59","modified_gmt":"2026-02-13T13:06:59","slug":"AR-284449","status":"publish","type":"properties","link":"https:\/\/arriendo.com\/co\/bodegas\/ibague\/salado\/AR-284449\/","title":{"rendered":"Bodega en Arriendo en Salado, Ibagu\u00e9"},"content":{"rendered":"<p>Descubra una oportunidad inigualable para su negocio con esta espaciosa bodega en arriendo, estrat\u00e9gicamente ubicada en el din\u00e1mico sector Salado. Este inmueble ha sido dise\u00f1ado pensando en la eficiencia y el crecimiento empresarial, ofreciendo una configuraci\u00f3n vers\u00e1til que se adapta a diversas necesidades operativas.<\/p>\n<p>La propiedad se distingue por su generosa \u00e1rea de almacenamiento y bodegaje, ideal para optimizar su log\u00edstica y gesti\u00f3n de inventario. Adem\u00e1s, cuenta con cuatro oficinas privadas, cada una ba\u00f1ada en luz natural, creando un ambiente de trabajo productivo y agradable. Para mayor comodidad, estas oficinas incluyen tres ba\u00f1os privados, garantizando privacidad y funcionalidad para su equipo.<\/p>\n<p>Pensando en el desarrollo de su personal y la interacci\u00f3n con clientes, la bodega incorpora un \u00e1rea de sal\u00f3n de capacitaci\u00f3n, perfecta para reuniones, presentaciones o formaciones. Complementando estas instalaciones, un pr\u00e1ctico mezanine ofrece espacio adicional que puede ser adaptado seg\u00fan sus requerimientos, ya sea para almacenamiento extra, una zona de descanso o incluso una oficina adicional.<\/p>\n<p>Esta bodega no es solo un espacio, es una soluci\u00f3n integral que potenciar\u00e1 la operatividad y la imagen de su empresa en una ubicaci\u00f3n privilegiada.<\/p>\n","protected":false},"excerpt":{"rendered":"Descubra una oportunidad inigualable para su negocio con esta espaciosa...","protected":false},"author":6981,"featured_media":284452,"template":"","es_locations":[337,3144,106],"es_categories":[124],"es_types":[121],"es_rent_periods":[],"es_labels":[],"es_statuses":[],"es_parkings":[],"es_roofs":[],"es_exterior_materials":[],"es_basements":[],"es_floor_coverings":[],"es_features":[2357,2337,2239],"es_amenities":[2362,2340,2256],"es_neighborhoods":[],"es_tags":[],"class_list":["post-284449","properties","type-properties","status-publish","has-post-thumbnail","hentry","es_location-ibague","es_location-salado","es_location-tolima","es_category-arriendo","es_type-bodegas","es_feature-parqueadero-interno","es_feature-piso-en-cemento","es_feature-sobre-via-secundaria","es_amenity-parqueadero-interno","es_amenity-piso-en-cemento","es_amenity-sobre-via-secundaria","es-post-entity"],"_links":{"self":[{"href":"https:\/\/arriendo.com\/co\/wp-json\/wp\/v2\/properties\/284449","targetHints":{"allow":["GET"]}}],"collection":[{"href":"https:\/\/arriendo.com\/co\/wp-json\/wp\/v2\/properties"}],"about":[{"href":"https:\/\/arriendo.com\/co\/wp-json\/wp\/v2\/types\/properties"}],"author":[{"embeddable":true,"href":"https:\/\/arriendo.com\/co\/wp-json\/wp\/v2\/users\/6981"}],"version-history":[{"count":0,"href":"https:\/\/arriendo.com\/co\/wp-json\/wp\/v2\/properties\/284449\/revisions"}],"wp:featuredmedia":[{"embeddable":true,"href":"https:\/\/arriendo.com\/co\/wp-json\/wp\/v2\/media\/284452"}],"wp:attachment":[{"href":"https:\/\/arriendo.com\/co\/wp-json\/wp\/v2\/media?parent=284449"}],"wp:term":[{"taxonomy":"es_location","embeddable":true,"href":"https:\/\/arriendo.com\/co\/wp-json\/wp\/v2\/es_locations?post=284449"},{"taxonomy":"es_category","embeddable":true,"href":"https:\/\/arriendo.com\/co\/wp-json\/wp\/v2\/es_categories?post=284449"},{"taxonomy":"es_type","embeddable":true,"href":"https:\/\/arriendo.com\/co\/wp-json\/wp\/v2\/es_types?post=284449"},{"taxonomy":"es_rent_period","embeddable":true,"href":"https:\/\/arriendo.com\/co\/wp-json\/wp\/v2\/es_rent_periods?post=284449"},{"taxonomy":"es_label","embeddable":true,"href":"https:\/\/arriendo.com\/co\/wp-json\/wp\/v2\/es_labels?post=284449"},{"taxonomy":"es_status","embeddable":true,"href":"https:\/\/arriendo.com\/co\/wp-json\/wp\/v2\/es_statuses?post=284449"},{"taxonomy":"es_parking","embeddable":true,"href":"https:\/\/arriendo.com\/co\/wp-json\/wp\/v2\/es_parkings?post=284449"},{"taxonomy":"es_roof","embeddable":true,"href":"https:\/\/arriendo.com\/co\/wp-json\/wp\/v2\/es_roofs?post=284449"},{"taxonomy":"es_exterior_material","embeddable":true,"href":"https:\/\/arriendo.com\/co\/wp-json\/wp\/v2\/es_exterior_materials?post=284449"},{"taxonomy":"es_basement","embeddable":true,"href":"https:\/\/arriendo.com\/co\/wp-json\/wp\/v2\/es_basements?post=284449"},{"taxonomy":"es_floor_covering","embeddable":true,"href":"https:\/\/arriendo.com\/co\/wp-json\/wp\/v2\/es_floor_coverings?post=284449"},{"taxonomy":"es_feature","embeddable":true,"href":"https:\/\/arriendo.com\/co\/wp-json\/wp\/v2\/es_features?post=284449"},{"taxonomy":"es_amenity","embeddable":true,"href":"https:\/\/arriendo.com\/co\/wp-json\/wp\/v2\/es_amenities?post=284449"},{"taxonomy":"es_neighborhood","embeddable":true,"href":"https:\/\/arriendo.com\/co\/wp-json\/wp\/v2\/es_neighborhoods?post=284449"},{"taxonomy":"es_tag","embeddable":true,"href":"https:\/\/arriendo.com\/co\/wp-json\/wp\/v2\/es_tags?post=284449"}],"curies":[{"name":"wp","href":"https:\/\/api.w.org\/{rel}","templated":true}]}}

Bodega en Arriendo en Salado, Ibagué

<p>Descubra una oportunidad inigualable para su negocio con esta espaciosa bodega en arriendo, estratégicamente ubicada en el dinámico sector Salado. Este inmueble ha sido diseñado pensando en la eficiencia y el crecimiento empresarial, ofreciendo una configuración versátil que se adapta a diversas necesidades operativas.</p>
<p>La propiedad se distingue por su generosa área de almacenamiento y bodegaje, ideal para optimizar su logística y gestión de inventario. Además, cuenta con cuatro oficinas privadas, cada una bañada en luz natural, creando un ambiente de trabajo productivo y agradable. Para mayor comodidad, estas oficinas incluyen tres baños privados, garantizando privacidad y funcionalidad para su equipo.</p>
<p>Pensando en el desarrollo de su personal y la interacción con clientes, la bodega incorpora un área de salón de capacitación, perfecta para reuniones, presentaciones o formaciones. Complementando estas instalaciones, un práctico mezanine ofrece espacio adicional que puede ser adaptado según sus requerimientos, ya sea para almacenamiento extra, una zona de descanso o incluso una oficina adicional.</p>
<p>Esta bodega no es solo un espacio, es una solución integral que potenciará la operatividad y la imagen de su empresa en una ubicación privilegiada.</p>
