{"id":283290,"date":"2026-02-12T11:53:11","date_gmt":"2026-02-12T16:53:11","guid":{"rendered":"https:\/\/arriendo.com\/co\/%es_type%\/%address_city%\/%neighborhood%\/madrid-san-pedro-apartamento-en-arriendo-en-78dedc\/"},"modified":"2026-02-12T11:53:11","modified_gmt":"2026-02-12T16:53:11","slug":"AR-283290","status":"publish","type":"properties","link":"https:\/\/arriendo.com\/co\/apartamentos\/madrid\/san-pedro\/AR-283290\/","title":{"rendered":"Apartamento en Arriendo en San pedro, Madrid"},"content":{"rendered":"<p>G.E.I. CALIFA  ARRIENDA ESPECTACULAR APARTAMENTO REMODELADO, EXCELENTE ILUMINACI\u00d3N, AMPLIO, EL APARTAMENTO CUENTA CON 3 HABITACIONES LA PRINCIPAL CON VESTIER Y BA\u00f1O PRIVADO, DOS HABITACIONES ADICIONALES CON CLOSET  Y UN BA\u00f1O COMPARTIDO, SALA &#8211; COMEDOR, CON PARED ADAPTADA PARA TELEVISOR,  ESTUDIO CON BIBLIOTECA, COCINA INTEGRAL ABIERTA, ZONA DE ROPAS. SUPER BUENA UBICACION, TRANSPORTE CERCANO. CON SALIDA A LA VARIANTE MADRID O PUEBLO, UBICADO EN EL BARRIO SAN PEDRO, CONJUNTO RESIDENCIAL LA FINCA. ***<\/p>\n","protected":false},"excerpt":{"rendered":"G.E.I. CALIFA ARRIENDA ESPECTACULAR APARTAMENTO REMODELADO, EXCELENTE ILUMINACI\u00d3N, AMPLIO, EL...","protected":false},"author":5799,"featured_media":283293,"template":"","es_locations":[91,182,841],"es_categories":[124],"es_types":[114],"es_rent_periods":[],"es_labels":[],"es_statuses":[],"es_parkings":[],"es_roofs":[],"es_exterior_materials":[],"es_basements":[],"es_floor_coverings":[],"es_features":[2230,2212,2275,2146,2148,2213,2196,2176,136,2202,2149,145,2216,2272,2182,2134,2227,2239,2150,2240,2136,2228,2241,2242,2151,2152,2204],"es_amenities":[2243,2217,2277,2155,2157,2218,2197,2191,2158,2207,2159,2160,156,2273,159,2141,2255,2256,2161,2257,2143,2258,2259,2260,162,2162,2209],"es_neighborhoods":[],"es_tags":[],"class_list":["post-283290","properties","type-properties","status-publish","has-post-thumbnail","hentry","es_location-cundinamarca","es_location-madrid","es_location-san-pedro","es_category-arriendo","es_type-apartamentos","es_feature-alcantarillado","es_feature-bano-auxiliar","es_feature-bombas-de-gasolina","es_feature-cocina-integral","es_feature-colegios-universidades","es_feature-comedor","es_feature-en-conjunto-cerrado","es_feature-en-zona-residencial","es_feature-estudio","es_feature-garaje-parqueaderos","es_feature-garajes","es_feature-instalacion-de-gas","es_feature-parqueadero-visitantes","es_feature-piso-en-baldosa-marmol","es_feature-salon-comunal","es_feature-servicios-publicos","es_feature-shut-de-basura","es_feature-sobre-via-secundaria","es_feature-supermercados-c-comerciales","es_feature-todos-los-servicios","es_feature-trans-publico-cercano","es_feature-ventilacion-natural","es_feature-vigilancia-24x7","es_feature-vigilancia-privada-247","es_feature-zona-de-lavanderia","es_feature-zona-residencial","es_feature-zonas-verdes","es_amenity-alcantarillado","es_amenity-bano-auxiliar","es_amenity-bombas-de-gasolina","es_amenity-cocina-integral","es_amenity-colegios-universidades","es_amenity-comedor","es_amenity-en-conjunto-cerrado","es_amenity-en-zona-residencial","es_amenity-estudio","es_amenity-garaje-parqueaderos","es_amenity-garajes","es_amenity-instalacion-de-gas","es_amenity-parqueadero-visitantes","es_amenity-piso-en-baldosa-marmol","es_amenity-salon-comunal","es_amenity-servicios-publicos","es_amenity-shut-de-basura","es_amenity-sobre-via-secundaria","es_amenity-supermercados-c-comerciales","es_amenity-todos-los-servicios","es_amenity-trans-publico-cercano","es_amenity-ventilacion-natural","es_amenity-vigilancia-24x7","es_amenity-vigilancia-privada-247","es_amenity-zona-de-lavanderia","es_amenity-zona-residencial","es_amenity-zonas-verdes","es-post-entity"],"_links":{"self":[{"href":"https:\/\/arriendo.com\/co\/wp-json\/wp\/v2\/properties\/283290","targetHints":{"allow":["GET"]}}],"collection":[{"href":"https:\/\/arriendo.com\/co\/wp-json\/wp\/v2\/properties"}],"about":[{"href":"https:\/\/arriendo.com\/co\/wp-json\/wp\/v2\/types\/properties"}],"author":[{"embeddable":true,"href":"https:\/\/arriendo.com\/co\/wp-json\/wp\/v2\/users\/5799"}],"version-history":[{"count":0,"href":"https:\/\/arriendo.com\/co\/wp-json\/wp\/v2\/properties\/283290\/revisions"}],"wp:featuredmedia":[{"embeddable":true,"href":"https:\/\/arriendo.com\/co\/wp-json\/wp\/v2\/media\/283293"}],"wp:attachment":[{"href":"https:\/\/arriendo.com\/co\/wp-json\/wp\/v2\/media?parent=283290"}],"wp:term":[{"taxonomy":"es_location","embeddable":true,"href":"https:\/\/arriendo.com\/co\/wp-json\/wp\/v2\/es_locations?post=283290"},{"taxonomy":"es_category","embeddable":true,"href":"https:\/\/arriendo.com\/co\/wp-json\/wp\/v2\/es_categories?post=283290"},{"taxonomy":"es_type","embeddable":true,"href":"https:\/\/arriendo.com\/co\/wp-json\/wp\/v2\/es_types?post=283290"},{"taxonomy":"es_rent_period","embeddable":true,"href":"https:\/\/arriendo.com\/co\/wp-json\/wp\/v2\/es_rent_periods?post=283290"},{"taxonomy":"es_label","embeddable":true,"href":"https:\/\/arriendo.com\/co\/wp-json\/wp\/v2\/es_labels?post=283290"},{"taxonomy":"es_status","embeddable":true,"href":"https:\/\/arriendo.com\/co\/wp-json\/wp\/v2\/es_statuses?post=283290"},{"taxonomy":"es_parking","embeddable":true,"href":"https:\/\/arriendo.com\/co\/wp-json\/wp\/v2\/es_parkings?post=283290"},{"taxonomy":"es_roof","embeddable":true,"href":"https:\/\/arriendo.com\/co\/wp-json\/wp\/v2\/es_roofs?post=283290"},{"taxonomy":"es_exterior_material","embeddable":true,"href":"https:\/\/arriendo.com\/co\/wp-json\/wp\/v2\/es_exterior_materials?post=283290"},{"taxonomy":"es_basement","embeddable":true,"href":"https:\/\/arriendo.com\/co\/wp-json\/wp\/v2\/es_basements?post=283290"},{"taxonomy":"es_floor_covering","embeddable":true,"href":"https:\/\/arriendo.com\/co\/wp-json\/wp\/v2\/es_floor_coverings?post=283290"},{"taxonomy":"es_feature","embeddable":true,"href":"https:\/\/arriendo.com\/co\/wp-json\/wp\/v2\/es_features?post=283290"},{"taxonomy":"es_amenity","embeddable":true,"href":"https:\/\/arriendo.com\/co\/wp-json\/wp\/v2\/es_amenities?post=283290"},{"taxonomy":"es_neighborhood","embeddable":true,"href":"https:\/\/arriendo.com\/co\/wp-json\/wp\/v2\/es_neighborhoods?post=283290"},{"taxonomy":"es_tag","embeddable":true,"href":"https:\/\/arriendo.com\/co\/wp-json\/wp\/v2\/es_tags?post=283290"}],"curies":[{"name":"wp","href":"https:\/\/api.w.org\/{rel}","templated":true}]}}

<p>G.E.I. CALIFA  ARRIENDA ESPECTACULAR APARTAMENTO REMODELADO, EXCELENTE ILUMINACIÓN, AMPLIO, EL APARTAMENTO CUENTA CON 3 HABITACIONES LA PRINCIPAL CON VESTIER Y BAñO PRIVADO, DOS HABITACIONES ADICIONALES CON CLOSET  Y UN BAñO COMPARTIDO, SALA &#8211; COMEDOR, CON PARED ADAPTADA PARA TELEVISOR,  ESTUDIO CON BIBLIOTECA, COCINA INTEGRAL ABIERTA, ZONA DE ROPAS. SUPER BUENA UBICACION, TRANSPORTE CERCANO. CON SALIDA A LA VARIANTE MADRID O PUEBLO, UBICADO EN EL BARRIO SAN PEDRO, CONJUNTO RESIDENCIAL LA FINCA. ***</p>

G.E.I. CALIFA ARRIENDA ESPECTACULAR APARTAMENTO REMODELADO, EXCELENTE ILUMINACIÓN, AMPLIO, EL...
