{"id":283266,"date":"2026-02-12T11:49:12","date_gmt":"2026-02-12T16:49:12","guid":{"rendered":"https:\/\/arriendo.com\/co\/%es_type%\/%address_city%\/%neighborhood%\/guatavita-chaleche-casa-en-arriendo-en-864730\/"},"modified":"2026-02-12T11:49:12","modified_gmt":"2026-02-12T16:49:12","slug":"AR-283266","status":"publish","type":"properties","link":"https:\/\/arriendo.com\/co\/casas\/guatavita\/chaleche\/AR-283266\/","title":{"rendered":"Casa en Arriendo en Chaleche, Guatavita"},"content":{"rendered":"<p>\u00a1GRAN OPORTUNIDAD! G.E.I. CALIFA ARRIENDA CASA RURAL PARA COMERCIO Y VIVIENDA A SOLO 5 MINUTOS DEL SECTOR TUR\u00cdSTICO DE GUATAVITA, UBICADA SOBRE LA V\u00cdA PRINCIPAL. ESPACIO IDEAL PARA NEGOCIOS GASTRON\u00d3MICOS, RESTAURANTES, CAFETER\u00cdAS O EMPRENDIMIENTOS COMERCIALES.CUENTA CON COCINA AMPLIA, 3 SALONES, 3 BA\u00d1OS Y UNA AMPLIA ZONA VERDE CON CAPACIDAD DE PARQUEO PARA 20 CARROS. ENTORNO NATURAL, ZONA DE ALTO FLUJO TUR\u00cdSTICO Y GRAN POTENCIAL COMERCIAL. ***<\/p>\n","protected":false},"excerpt":{"rendered":"\u00a1GRAN OPORTUNIDAD! G.E.I. CALIFA ARRIENDA CASA RURAL PARA COMERCIO Y...","protected":false},"author":5799,"featured_media":283269,"template":"","es_locations":[3034,91,951],"es_categories":[124],"es_types":[115],"es_rent_periods":[],"es_labels":[],"es_statuses":[],"es_parkings":[],"es_roofs":[],"es_exterior_materials":[],"es_basements":[],"es_floor_coverings":[],"es_features":[2230,2305,2407,2265,2212,2223,2472,2232,2302,2234,2176,2202,2149,2505,2238,2135,2462,2150,2228,2306,2137,2595,2204],"es_amenities":[2243,2309,2408,2268,2217,2245,2473,2246,2303,2249,2191,2207,2159,2506,2254,2142,2464,2161,2258,2308,2144,2596,2209],"es_neighborhoods":[],"es_tags":[],"class_list":["post-283266","properties","type-properties","status-publish","has-post-thumbnail","hentry","es_location-chaleche","es_location-cundinamarca","es_location-guatavita","es_category-arriendo","es_type-casas","es_feature-alcantarillado","es_feature-area-rural","es_feature-asador","es_feature-bahia-exterior-de-parqueo","es_feature-bano-auxiliar","es_feature-bano-compartido","es_feature-banos-publicos","es_feature-bosque-nativo","es_feature-cocineta","es_feature-comodas-vias-de-acceso","es_feature-en-zona-residencial","es_feature-garaje-parqueaderos","es_feature-garajes","es_feature-servicio-de-alimentacion","es_feature-servicios-independientes","es_feature-sobre-via-principal","es_feature-soporte-de-gruas","es_feature-supermercados-c-comerciales","es_feature-ventilacion-natural","es_feature-zona-campestre","es_feature-zona-comercial","es_feature-zona-de-camping","es_feature-zonas-verdes","es_amenity-alcantarillado","es_amenity-area-rural","es_amenity-asador","es_amenity-bahia-exterior-de-parqueo","es_amenity-bano-auxiliar","es_amenity-bano-compartido","es_amenity-banos-publicos","es_amenity-bosque-nativo","es_amenity-cocineta","es_amenity-comodas-vias-de-acceso","es_amenity-en-zona-residencial","es_amenity-garaje-parqueaderos","es_amenity-garajes","es_amenity-servicio-de-alimentacion","es_amenity-servicios-independientes","es_amenity-sobre-via-principal","es_amenity-soporte-de-gruas","es_amenity-supermercados-c-comerciales","es_amenity-ventilacion-natural","es_amenity-zona-campestre","es_amenity-zona-comercial","es_amenity-zona-de-camping","es_amenity-zonas-verdes","es-post-entity"],"_links":{"self":[{"href":"https:\/\/arriendo.com\/co\/wp-json\/wp\/v2\/properties\/283266","targetHints":{"allow":["GET"]}}],"collection":[{"href":"https:\/\/arriendo.com\/co\/wp-json\/wp\/v2\/properties"}],"about":[{"href":"https:\/\/arriendo.com\/co\/wp-json\/wp\/v2\/types\/properties"}],"author":[{"embeddable":true,"href":"https:\/\/arriendo.com\/co\/wp-json\/wp\/v2\/users\/5799"}],"version-history":[{"count":0,"href":"https:\/\/arriendo.com\/co\/wp-json\/wp\/v2\/properties\/283266\/revisions"}],"wp:featuredmedia":[{"embeddable":true,"href":"https:\/\/arriendo.com\/co\/wp-json\/wp\/v2\/media\/283269"}],"wp:attachment":[{"href":"https:\/\/arriendo.com\/co\/wp-json\/wp\/v2\/media?parent=283266"}],"wp:term":[{"taxonomy":"es_location","embeddable":true,"href":"https:\/\/arriendo.com\/co\/wp-json\/wp\/v2\/es_locations?post=283266"},{"taxonomy":"es_category","embeddable":true,"href":"https:\/\/arriendo.com\/co\/wp-json\/wp\/v2\/es_categories?post=283266"},{"taxonomy":"es_type","embeddable":true,"href":"https:\/\/arriendo.com\/co\/wp-json\/wp\/v2\/es_types?post=283266"},{"taxonomy":"es_rent_period","embeddable":true,"href":"https:\/\/arriendo.com\/co\/wp-json\/wp\/v2\/es_rent_periods?post=283266"},{"taxonomy":"es_label","embeddable":true,"href":"https:\/\/arriendo.com\/co\/wp-json\/wp\/v2\/es_labels?post=283266"},{"taxonomy":"es_status","embeddable":true,"href":"https:\/\/arriendo.com\/co\/wp-json\/wp\/v2\/es_statuses?post=283266"},{"taxonomy":"es_parking","embeddable":true,"href":"https:\/\/arriendo.com\/co\/wp-json\/wp\/v2\/es_parkings?post=283266"},{"taxonomy":"es_roof","embeddable":true,"href":"https:\/\/arriendo.com\/co\/wp-json\/wp\/v2\/es_roofs?post=283266"},{"taxonomy":"es_exterior_material","embeddable":true,"href":"https:\/\/arriendo.com\/co\/wp-json\/wp\/v2\/es_exterior_materials?post=283266"},{"taxonomy":"es_basement","embeddable":true,"href":"https:\/\/arriendo.com\/co\/wp-json\/wp\/v2\/es_basements?post=283266"},{"taxonomy":"es_floor_covering","embeddable":true,"href":"https:\/\/arriendo.com\/co\/wp-json\/wp\/v2\/es_floor_coverings?post=283266"},{"taxonomy":"es_feature","embeddable":true,"href":"https:\/\/arriendo.com\/co\/wp-json\/wp\/v2\/es_features?post=283266"},{"taxonomy":"es_amenity","embeddable":true,"href":"https:\/\/arriendo.com\/co\/wp-json\/wp\/v2\/es_amenities?post=283266"},{"taxonomy":"es_neighborhood","embeddable":true,"href":"https:\/\/arriendo.com\/co\/wp-json\/wp\/v2\/es_neighborhoods?post=283266"},{"taxonomy":"es_tag","embeddable":true,"href":"https:\/\/arriendo.com\/co\/wp-json\/wp\/v2\/es_tags?post=283266"}],"curies":[{"name":"wp","href":"https:\/\/api.w.org\/{rel}","templated":true}]}}

<p>¡GRAN OPORTUNIDAD! G.E.I. CALIFA ARRIENDA CASA RURAL PARA COMERCIO Y VIVIENDA A SOLO 5 MINUTOS DEL SECTOR TURÍSTICO DE GUATAVITA, UBICADA SOBRE LA VÍA PRINCIPAL. ESPACIO IDEAL PARA NEGOCIOS GASTRONÓMICOS, RESTAURANTES, CAFETERÍAS O EMPRENDIMIENTOS COMERCIALES.CUENTA CON COCINA AMPLIA, 3 SALONES, 3 BAÑOS Y UNA AMPLIA ZONA VERDE CON CAPACIDAD DE PARQUEO PARA 20 CARROS. ENTORNO NATURAL, ZONA DE ALTO FLUJO TURÍSTICO Y GRAN POTENCIAL COMERCIAL. ***</p>
