{"id":281230,"date":"2026-02-12T05:38:11","date_gmt":"2026-02-12T10:38:11","guid":{"rendered":"https:\/\/arriendo.com\/co\/%es_type%\/%address_city%\/%neighborhood%\/armenia-avenida-centenario-local-en-arriendo-en-333eae\/"},"modified":"2026-02-12T05:38:11","modified_gmt":"2026-02-12T10:38:11","slug":"AR-281230","status":"publish","type":"properties","link":"https:\/\/arriendo.com\/co\/locales\/armenia\/avenida-centenario\/AR-281230\/","title":{"rendered":"Local en Arriendo en Avenida Centenario, Armenia"},"content":{"rendered":"<p>? Local comercial en renta \u2013 Avenida Centenario, Armenia<\/p>\n<p>Se arrienda local de 92 m\u00b2 estrat\u00e9gicamente ubicado en el sector de la Polic\u00eda Nacional, una zona de alta circulaci\u00f3n, con mezcla de comercio y residencial.<\/p>\n<p>\u2728 Caracter\u00edsticas del local:<br \/>\n\u2705 \u00c1rea amplia de 92 m\u00b2<br \/>\n\u2705 Ba\u00f1o privado<br \/>\n\u2705 Entregado completamente terminado<br \/>\n\u2705 Bah\u00edas de parqueo cercanas para clientes<\/p>\n<p>? Ubicado en corredor comercial y residencial con excelente flujo de personas y veh\u00edculos.<br \/>\nIdeal para montar tu negocio, oficina o punto de atenci\u00f3n en una zona de gran proyecci\u00f3n.<\/p>\n<p>? Cont\u00e1ctanos y agenda tu visita.<br \/>\n\u00a1Haz crecer tu negocio en la mejor ubicaci\u00f3n del norte de Armenia!<\/p>\n","protected":false},"excerpt":{"rendered":"? Local comercial en renta \u2013 Avenida Centenario, Armenia Se...","protected":false},"author":7776,"featured_media":281232,"template":"","es_locations":[347,1333,101],"es_categories":[124],"es_types":[117],"es_rent_periods":[],"es_labels":[],"es_statuses":[],"es_parkings":[],"es_roofs":[],"es_exterior_materials":[],"es_basements":[],"es_floor_coverings":[],"es_features":[2265,2454,2296,2201,2149,2385,2216,2132,2272,2365,2283,2135,2228,2137,2152],"es_amenities":[2268,2456,2298,2206,2159,2386,156,2140,2273,2366,2288,2142,2258,2144,2162],"es_neighborhoods":[],"es_tags":[],"class_list":["post-281230","properties","type-properties","status-publish","has-post-thumbnail","hentry","es_location-armenia","es_location-avenida-centenario","es_location-quindio","es_category-arriendo","es_type-locales","es_feature-bahia-exterior-de-parqueo","es_feature-en-centro-comercial","es_feature-en-edificio","es_feature-en-zona-comercial","es_feature-garajes","es_feature-local-exterior","es_feature-parqueadero-visitantes","es_feature-parques-cercanos","es_feature-piso-en-baldosa-marmol","es_feature-planta-electrica","es_feature-servicio-de-internet","es_feature-sobre-via-principal","es_feature-ventilacion-natural","es_feature-zona-comercial","es_feature-zona-residencial","es_amenity-bahia-exterior-de-parqueo","es_amenity-en-centro-comercial","es_amenity-en-edificio","es_amenity-en-zona-comercial","es_amenity-garajes","es_amenity-local-exterior","es_amenity-parqueadero-visitantes","es_amenity-parques-cercanos","es_amenity-piso-en-baldosa-marmol","es_amenity-planta-electrica","es_amenity-servicio-de-internet","es_amenity-sobre-via-principal","es_amenity-ventilacion-natural","es_amenity-zona-comercial","es_amenity-zona-residencial","es-post-entity"],"_links":{"self":[{"href":"https:\/\/arriendo.com\/co\/wp-json\/wp\/v2\/properties\/281230","targetHints":{"allow":["GET"]}}],"collection":[{"href":"https:\/\/arriendo.com\/co\/wp-json\/wp\/v2\/properties"}],"about":[{"href":"https:\/\/arriendo.com\/co\/wp-json\/wp\/v2\/types\/properties"}],"author":[{"embeddable":true,"href":"https:\/\/arriendo.com\/co\/wp-json\/wp\/v2\/users\/7776"}],"version-history":[{"count":0,"href":"https:\/\/arriendo.com\/co\/wp-json\/wp\/v2\/properties\/281230\/revisions"}],"wp:featuredmedia":[{"embeddable":true,"href":"https:\/\/arriendo.com\/co\/wp-json\/wp\/v2\/media\/281232"}],"wp:attachment":[{"href":"https:\/\/arriendo.com\/co\/wp-json\/wp\/v2\/media?parent=281230"}],"wp:term":[{"taxonomy":"es_location","embeddable":true,"href":"https:\/\/arriendo.com\/co\/wp-json\/wp\/v2\/es_locations?post=281230"},{"taxonomy":"es_category","embeddable":true,"href":"https:\/\/arriendo.com\/co\/wp-json\/wp\/v2\/es_categories?post=281230"},{"taxonomy":"es_type","embeddable":true,"href":"https:\/\/arriendo.com\/co\/wp-json\/wp\/v2\/es_types?post=281230"},{"taxonomy":"es_rent_period","embeddable":true,"href":"https:\/\/arriendo.com\/co\/wp-json\/wp\/v2\/es_rent_periods?post=281230"},{"taxonomy":"es_label","embeddable":true,"href":"https:\/\/arriendo.com\/co\/wp-json\/wp\/v2\/es_labels?post=281230"},{"taxonomy":"es_status","embeddable":true,"href":"https:\/\/arriendo.com\/co\/wp-json\/wp\/v2\/es_statuses?post=281230"},{"taxonomy":"es_parking","embeddable":true,"href":"https:\/\/arriendo.com\/co\/wp-json\/wp\/v2\/es_parkings?post=281230"},{"taxonomy":"es_roof","embeddable":true,"href":"https:\/\/arriendo.com\/co\/wp-json\/wp\/v2\/es_roofs?post=281230"},{"taxonomy":"es_exterior_material","embeddable":true,"href":"https:\/\/arriendo.com\/co\/wp-json\/wp\/v2\/es_exterior_materials?post=281230"},{"taxonomy":"es_basement","embeddable":true,"href":"https:\/\/arriendo.com\/co\/wp-json\/wp\/v2\/es_basements?post=281230"},{"taxonomy":"es_floor_covering","embeddable":true,"href":"https:\/\/arriendo.com\/co\/wp-json\/wp\/v2\/es_floor_coverings?post=281230"},{"taxonomy":"es_feature","embeddable":true,"href":"https:\/\/arriendo.com\/co\/wp-json\/wp\/v2\/es_features?post=281230"},{"taxonomy":"es_amenity","embeddable":true,"href":"https:\/\/arriendo.com\/co\/wp-json\/wp\/v2\/es_amenities?post=281230"},{"taxonomy":"es_neighborhood","embeddable":true,"href":"https:\/\/arriendo.com\/co\/wp-json\/wp\/v2\/es_neighborhoods?post=281230"},{"taxonomy":"es_tag","embeddable":true,"href":"https:\/\/arriendo.com\/co\/wp-json\/wp\/v2\/es_tags?post=281230"}],"curies":[{"name":"wp","href":"https:\/\/api.w.org\/{rel}","templated":true}]}}

<p>? Local comercial en renta – Avenida Centenario, Armenia</p>
<p>Se arrienda local de 92 m² estratégicamente ubicado en el sector de la Policía Nacional, una zona de alta circulación, con mezcla de comercio y residencial.</p>
<p>✨ Características del local:<br />
✅ Área amplia de 92 m²<br />
✅ Baño privado<br />
✅ Entregado completamente terminado<br />
✅ Bahías de parqueo cercanas para clientes</p>
<p>? Ubicado en corredor comercial y residencial con excelente flujo de personas y vehículos.<br />
Ideal para montar tu negocio, oficina o punto de atención en una zona de gran proyección.</p>
<p>? Contáctanos y agenda tu visita.<br />
¡Haz crecer tu negocio en la mejor ubicación del norte de Armenia!</p>
