{"id":280961,"date":"2026-02-12T05:04:11","date_gmt":"2026-02-12T10:04:11","guid":{"rendered":"https:\/\/arriendo.com\/co\/%es_type%\/%address_city%\/%neighborhood%\/girardot-girardot-edificio-en-arriendo-en-b50cc0\/"},"modified":"2026-02-12T05:04:11","modified_gmt":"2026-02-12T10:04:11","slug":"AR-280961","status":"publish","type":"properties","link":"https:\/\/arriendo.com\/co\/edificios\/girardot\/girardot\/AR-280961\/","title":{"rendered":"Edificio en arriendo en Girardot"},"content":{"rendered":"<p>\u2728 INFINITY SABANA INMOBILIARIA ARRIENDA CENTRO COMERCIAL EN GIRARDOT, CUNDINAMARCA \u2728<\/p>\n<p>? \u00a1OPORTUNIDAD DE INVERSI\u00d3N INIGUALABLE! ?<\/p>\n<p>Te presentamos un espectacular Centro Comercial de 295.40 m\u00b2, ubicado en el coraz\u00f3n comercial del Barrio Buenos Aires, Girardot.<\/p>\n<p>? CARACTER\u00cdSTICAS DESTACADAS:<\/p>\n<p> 8 locales comerciales vers\u00e1tiles, ideales para diversos tipos de negocios.<\/p>\n<p> 6 ba\u00f1os distribuidos en todo el centro comercial, asegurando comodidad para clientes y comerciantes.<\/p>\n<p> Dise\u00f1o moderno con excelente iluminaci\u00f3n y ventilaci\u00f3n natural.<\/p>\n<p> Elegantes pisos de cer\u00e1mica, f\u00e1ciles de limpiar y mantener.<\/p>\n<p> 4 parqueaderos, ofreciendo comodidad a visitantes y propietarios.<\/p>\n<p> Seguridad garantizada, con circuito cerrado de TV y sistema de alarma 24\/7.<\/p>\n<p> Encantadora terraza, perfecta para momentos de descanso y esparcimiento.<\/p>\n<p>? UBICACI\u00d3N ESTRAT\u00c9GICA: Situado en una zona de alto tr\u00e1fico comercial, con f\u00e1cil acceso y rodeado de importantes establecimientos, este centro comercial ofrece el entorno perfecto para maximizar tu inversi\u00f3n.<\/p>\n<p>? GRAN POTENCIAL DE RENTABILIDAD: Ideal para emprendedores, comerciantes e inversionistas que buscan posicionarse en una de las zonas m\u00e1s prometedoras de Girardot.<\/p>\n<p>? \u00a1NO PIERDAS ESTA OPORTUNIDAD \u00danICA! Cont\u00e1ctanos ahora para recibir m\u00e1s informaci\u00f3n y agendar una visita.<\/p>\n<p>\u2728 Infinity Sabana Inmobiliaria &#8211; Tu mejor opci\u00f3n para crecer.<\/p>\n","protected":false},"excerpt":{"rendered":"\u2728 INFINITY SABANA INMOBILIARIA ARRIENDA CENTRO COMERCIAL EN GIRARDOT, CUNDINAMARCA...","protected":false},"author":7632,"featured_media":280964,"template":"","es_locations":[91,295],"es_categories":[124],"es_types":[122],"es_rent_periods":[],"es_labels":[],"es_statuses":[],"es_parkings":[],"es_roofs":[],"es_exterior_materials":[],"es_basements":[],"es_floor_coverings":[],"es_features":[150,132,2212,2233,2131,2149,2216,2132,2272,2135,2150,143,2136,2137],"es_amenities":[2387,2186,2217,2248,2139,2159,156,2140,2273,2142,2161,2290,2143,2144],"es_neighborhoods":[],"es_tags":[],"class_list":["post-280961","properties","type-properties","status-publish","has-post-thumbnail","hentry","es_location-cundinamarca","es_location-girardot","es_category-arriendo","es_type-edificios","es_feature-alarma","es_feature-balcon","es_feature-bano-auxiliar","es_feature-cerca-de-zona-urbana","es_feature-circuito-cerrado-de-tv","es_feature-garajes","es_feature-parqueadero-visitantes","es_feature-parques-cercanos","es_feature-piso-en-baldosa-marmol","es_feature-sobre-via-principal","es_feature-supermercados-c-comerciales","es_feature-terraza","es_feature-trans-publico-cercano","es_feature-zona-comercial","es_amenity-alarma","es_amenity-balcon","es_amenity-bano-auxiliar","es_amenity-cerca-de-zona-urbana","es_amenity-circuito-cerrado-de-tv","es_amenity-garajes","es_amenity-parqueadero-visitantes","es_amenity-parques-cercanos","es_amenity-piso-en-baldosa-marmol","es_amenity-sobre-via-principal","es_amenity-supermercados-c-comerciales","es_amenity-terraza","es_amenity-trans-publico-cercano","es_amenity-zona-comercial","es-post-entity"],"_links":{"self":[{"href":"https:\/\/arriendo.com\/co\/wp-json\/wp\/v2\/properties\/280961","targetHints":{"allow":["GET"]}}],"collection":[{"href":"https:\/\/arriendo.com\/co\/wp-json\/wp\/v2\/properties"}],"about":[{"href":"https:\/\/arriendo.com\/co\/wp-json\/wp\/v2\/types\/properties"}],"author":[{"embeddable":true,"href":"https:\/\/arriendo.com\/co\/wp-json\/wp\/v2\/users\/7632"}],"version-history":[{"count":0,"href":"https:\/\/arriendo.com\/co\/wp-json\/wp\/v2\/properties\/280961\/revisions"}],"wp:featuredmedia":[{"embeddable":true,"href":"https:\/\/arriendo.com\/co\/wp-json\/wp\/v2\/media\/280964"}],"wp:attachment":[{"href":"https:\/\/arriendo.com\/co\/wp-json\/wp\/v2\/media?parent=280961"}],"wp:term":[{"taxonomy":"es_location","embeddable":true,"href":"https:\/\/arriendo.com\/co\/wp-json\/wp\/v2\/es_locations?post=280961"},{"taxonomy":"es_category","embeddable":true,"href":"https:\/\/arriendo.com\/co\/wp-json\/wp\/v2\/es_categories?post=280961"},{"taxonomy":"es_type","embeddable":true,"href":"https:\/\/arriendo.com\/co\/wp-json\/wp\/v2\/es_types?post=280961"},{"taxonomy":"es_rent_period","embeddable":true,"href":"https:\/\/arriendo.com\/co\/wp-json\/wp\/v2\/es_rent_periods?post=280961"},{"taxonomy":"es_label","embeddable":true,"href":"https:\/\/arriendo.com\/co\/wp-json\/wp\/v2\/es_labels?post=280961"},{"taxonomy":"es_status","embeddable":true,"href":"https:\/\/arriendo.com\/co\/wp-json\/wp\/v2\/es_statuses?post=280961"},{"taxonomy":"es_parking","embeddable":true,"href":"https:\/\/arriendo.com\/co\/wp-json\/wp\/v2\/es_parkings?post=280961"},{"taxonomy":"es_roof","embeddable":true,"href":"https:\/\/arriendo.com\/co\/wp-json\/wp\/v2\/es_roofs?post=280961"},{"taxonomy":"es_exterior_material","embeddable":true,"href":"https:\/\/arriendo.com\/co\/wp-json\/wp\/v2\/es_exterior_materials?post=280961"},{"taxonomy":"es_basement","embeddable":true,"href":"https:\/\/arriendo.com\/co\/wp-json\/wp\/v2\/es_basements?post=280961"},{"taxonomy":"es_floor_covering","embeddable":true,"href":"https:\/\/arriendo.com\/co\/wp-json\/wp\/v2\/es_floor_coverings?post=280961"},{"taxonomy":"es_feature","embeddable":true,"href":"https:\/\/arriendo.com\/co\/wp-json\/wp\/v2\/es_features?post=280961"},{"taxonomy":"es_amenity","embeddable":true,"href":"https:\/\/arriendo.com\/co\/wp-json\/wp\/v2\/es_amenities?post=280961"},{"taxonomy":"es_neighborhood","embeddable":true,"href":"https:\/\/arriendo.com\/co\/wp-json\/wp\/v2\/es_neighborhoods?post=280961"},{"taxonomy":"es_tag","embeddable":true,"href":"https:\/\/arriendo.com\/co\/wp-json\/wp\/v2\/es_tags?post=280961"}],"curies":[{"name":"wp","href":"https:\/\/api.w.org\/{rel}","templated":true}]}}

<p>✨ INFINITY SABANA INMOBILIARIA ARRIENDA CENTRO COMERCIAL EN GIRARDOT, CUNDINAMARCA ✨</p>
<p>? ¡OPORTUNIDAD DE INVERSIÓN INIGUALABLE! ?</p>
<p>Te presentamos un espectacular Centro Comercial de 295.40 m², ubicado en el corazón comercial del Barrio Buenos Aires, Girardot.</p>
<p>? CARACTERÍSTICAS DESTACADAS:</p>
<p> 8 locales comerciales versátiles, ideales para diversos tipos de negocios.</p>
<p> 6 baños distribuidos en todo el centro comercial, asegurando comodidad para clientes y comerciantes.</p>
<p> Diseño moderno con excelente iluminación y ventilación natural.</p>
<p> Elegantes pisos de cerámica, fáciles de limpiar y mantener.</p>
<p> 4 parqueaderos, ofreciendo comodidad a visitantes y propietarios.</p>
<p> Seguridad garantizada, con circuito cerrado de TV y sistema de alarma 24/7.</p>
<p> Encantadora terraza, perfecta para momentos de descanso y esparcimiento.</p>
<p>? UBICACIÓN ESTRATÉGICA: Situado en una zona de alto tráfico comercial, con fácil acceso y rodeado de importantes establecimientos, este centro comercial ofrece el entorno perfecto para maximizar tu inversión.</p>
<p>? GRAN POTENCIAL DE RENTABILIDAD: Ideal para emprendedores, comerciantes e inversionistas que buscan posicionarse en una de las zonas más prometedoras de Girardot.</p>
<p>? ¡NO PIERDAS ESTA OPORTUNIDAD ÚnICA! Contáctanos ahora para recibir más información y agendar una visita.</p>
<p>✨ Infinity Sabana Inmobiliaria &#8211; Tu mejor opción para crecer.</p>
