{"id":280950,"date":"2026-02-12T05:02:11","date_gmt":"2026-02-12T10:02:11","guid":{"rendered":"https:\/\/arriendo.com\/co\/%es_type%\/%address_city%\/%neighborhood%\/tenjo-tenjo-lote-en-arriendo-en-36b126\/"},"modified":"2026-02-12T05:02:11","modified_gmt":"2026-02-12T10:02:11","slug":"AR-280950","status":"publish","type":"properties","link":"https:\/\/arriendo.com\/co\/lotes\/tenjo\/tenjo\/AR-280950\/","title":{"rendered":"Lote en Arriendo en Tenjo"},"content":{"rendered":"<p>? \u00a1Oportunidad \u00danica en el Coraz\u00f3n Campestre de Tenjo! ?<\/p>\n<p>ARRIENDO LOTE COMERCIAL \u2013 CHURUGUACO BAJO, TENJO<\/p>\n<p>Si sue\u00f1as con emprender un negocio rodeado de naturaleza, aire puro y el encanto campestre de Tenjo, este lote es el escenario perfecto para hacerlo realidad.<\/p>\n<p>Ubicado sobre v\u00eda principal pavimentada, en una de las zonas m\u00e1s visitadas por el turismo rural y gastron\u00f3mico de Cundinamarca, este terreno ofrece alta visibilidad, f\u00e1cil acceso y un flujo constante de visitantes durante fines de semana y festivos.<\/p>\n<p>\u2728 Caracter\u00edsticas destacadas:<\/p>\n<p> ? Ubicaci\u00f3n privilegiada: Churuguaco Bajo, Tenjo<\/p>\n<p> ? \u00c1rea total: 2.000 m\u00b2 completamente utilizables<\/p>\n<p> ?\ufe0f Acceso directo por v\u00eda principal pavimentada<\/p>\n<p> ? Entorno rodeado de reconocidos restaurantes campestres y atractivos tur\u00edsticos<\/p>\n<p> ? Espacio ideal para: restaurante campestre, caf\u00e9 boutique, centro de eventos o cualquier proyecto con visi\u00f3n comercial.<\/p>\n<p>Imagina un restaurante de autor con vista a las monta\u00f1as, un espacio para eventos inolvidables o un emprendimiento tur\u00edstico con identidad propia, en medio de uno de los sectores m\u00e1s buscados de Tenjo.<\/p>\n<p>? Haz realidad tu proyecto en un entorno que inspira y atrae!<\/p>\n","protected":false},"excerpt":{"rendered":"? \u00a1Oportunidad \u00danica en el Coraz\u00f3n Campestre de Tenjo! ?...","protected":false},"author":7632,"featured_media":280953,"template":"","es_locations":[91,570],"es_categories":[124],"es_types":[120],"es_rent_periods":[],"es_labels":[],"es_statuses":[],"es_parkings":[],"es_roofs":[],"es_exterior_materials":[],"es_basements":[],"es_floor_coverings":[],"es_features":[2292,2233,2203,2135,2136,2306,2204],"es_amenities":[2294,2248,2208,2142,2143,2308,2209],"es_neighborhoods":[],"es_tags":[],"class_list":["post-280950","properties","type-properties","status-publish","has-post-thumbnail","hentry","es_location-cundinamarca","es_location-tenjo","es_category-arriendo","es_type-lotes","es_feature-acceso-pavimentado","es_feature-cerca-de-zona-urbana","es_feature-jardines-exteriores","es_feature-sobre-via-principal","es_feature-trans-publico-cercano","es_feature-zona-campestre","es_feature-zonas-verdes","es_amenity-acceso-pavimentado","es_amenity-cerca-de-zona-urbana","es_amenity-jardines-exteriores","es_amenity-sobre-via-principal","es_amenity-trans-publico-cercano","es_amenity-zona-campestre","es_amenity-zonas-verdes","es-post-entity"],"_links":{"self":[{"href":"https:\/\/arriendo.com\/co\/wp-json\/wp\/v2\/properties\/280950","targetHints":{"allow":["GET"]}}],"collection":[{"href":"https:\/\/arriendo.com\/co\/wp-json\/wp\/v2\/properties"}],"about":[{"href":"https:\/\/arriendo.com\/co\/wp-json\/wp\/v2\/types\/properties"}],"author":[{"embeddable":true,"href":"https:\/\/arriendo.com\/co\/wp-json\/wp\/v2\/users\/7632"}],"version-history":[{"count":0,"href":"https:\/\/arriendo.com\/co\/wp-json\/wp\/v2\/properties\/280950\/revisions"}],"wp:featuredmedia":[{"embeddable":true,"href":"https:\/\/arriendo.com\/co\/wp-json\/wp\/v2\/media\/280953"}],"wp:attachment":[{"href":"https:\/\/arriendo.com\/co\/wp-json\/wp\/v2\/media?parent=280950"}],"wp:term":[{"taxonomy":"es_location","embeddable":true,"href":"https:\/\/arriendo.com\/co\/wp-json\/wp\/v2\/es_locations?post=280950"},{"taxonomy":"es_category","embeddable":true,"href":"https:\/\/arriendo.com\/co\/wp-json\/wp\/v2\/es_categories?post=280950"},{"taxonomy":"es_type","embeddable":true,"href":"https:\/\/arriendo.com\/co\/wp-json\/wp\/v2\/es_types?post=280950"},{"taxonomy":"es_rent_period","embeddable":true,"href":"https:\/\/arriendo.com\/co\/wp-json\/wp\/v2\/es_rent_periods?post=280950"},{"taxonomy":"es_label","embeddable":true,"href":"https:\/\/arriendo.com\/co\/wp-json\/wp\/v2\/es_labels?post=280950"},{"taxonomy":"es_status","embeddable":true,"href":"https:\/\/arriendo.com\/co\/wp-json\/wp\/v2\/es_statuses?post=280950"},{"taxonomy":"es_parking","embeddable":true,"href":"https:\/\/arriendo.com\/co\/wp-json\/wp\/v2\/es_parkings?post=280950"},{"taxonomy":"es_roof","embeddable":true,"href":"https:\/\/arriendo.com\/co\/wp-json\/wp\/v2\/es_roofs?post=280950"},{"taxonomy":"es_exterior_material","embeddable":true,"href":"https:\/\/arriendo.com\/co\/wp-json\/wp\/v2\/es_exterior_materials?post=280950"},{"taxonomy":"es_basement","embeddable":true,"href":"https:\/\/arriendo.com\/co\/wp-json\/wp\/v2\/es_basements?post=280950"},{"taxonomy":"es_floor_covering","embeddable":true,"href":"https:\/\/arriendo.com\/co\/wp-json\/wp\/v2\/es_floor_coverings?post=280950"},{"taxonomy":"es_feature","embeddable":true,"href":"https:\/\/arriendo.com\/co\/wp-json\/wp\/v2\/es_features?post=280950"},{"taxonomy":"es_amenity","embeddable":true,"href":"https:\/\/arriendo.com\/co\/wp-json\/wp\/v2\/es_amenities?post=280950"},{"taxonomy":"es_neighborhood","embeddable":true,"href":"https:\/\/arriendo.com\/co\/wp-json\/wp\/v2\/es_neighborhoods?post=280950"},{"taxonomy":"es_tag","embeddable":true,"href":"https:\/\/arriendo.com\/co\/wp-json\/wp\/v2\/es_tags?post=280950"}],"curies":[{"name":"wp","href":"https:\/\/api.w.org\/{rel}","templated":true}]}}

<p>? ¡Oportunidad Única en el Corazón Campestre de Tenjo! ?</p>
<p>ARRIENDO LOTE COMERCIAL – CHURUGUACO BAJO, TENJO</p>
<p>Si sueñas con emprender un negocio rodeado de naturaleza, aire puro y el encanto campestre de Tenjo, este lote es el escenario perfecto para hacerlo realidad.</p>
<p>Ubicado sobre vía principal pavimentada, en una de las zonas más visitadas por el turismo rural y gastronómico de Cundinamarca, este terreno ofrece alta visibilidad, fácil acceso y un flujo constante de visitantes durante fines de semana y festivos.</p>
<p>✨ Características destacadas:</p>
<p> ? Ubicación privilegiada: Churuguaco Bajo, Tenjo</p>
<p> ? Área total: 2.000 m² completamente utilizables</p>
<p> ?️ Acceso directo por vía principal pavimentada</p>
<p> ? Entorno rodeado de reconocidos restaurantes campestres y atractivos turísticos</p>
<p> ? Espacio ideal para: restaurante campestre, café boutique, centro de eventos o cualquier proyecto con visión comercial.</p>
<p>Imagina un restaurante de autor con vista a las montañas, un espacio para eventos inolvidables o un emprendimiento turístico con identidad propia, en medio de uno de los sectores más buscados de Tenjo.</p>
<p>? Haz realidad tu proyecto en un entorno que inspira y atrae!</p>

? ¡Oportunidad Única en el Corazón Campestre de Tenjo! ?...
