{"id":280918,"date":"2026-02-12T04:58:10","date_gmt":"2026-02-12T09:58:10","guid":{"rendered":"https:\/\/arriendo.com\/co\/%es_type%\/%address_city%\/%neighborhood%\/madrid-madrid-apartamento-en-arriendo-en-2f1c06\/"},"modified":"2026-02-12T04:58:11","modified_gmt":"2026-02-12T09:58:11","slug":"AR-280918","status":"publish","type":"properties","link":"https:\/\/arriendo.com\/co\/apartamentos\/madrid\/madrid\/AR-280918\/","title":{"rendered":"Apartamento en Arriendo en Madrid"},"content":{"rendered":"<p>INFINITY SABANA INMOBILIARIA ARRIENDA APARTAMENTO EN CONJUNTO OLIVA \u2013 MADRID, CUNDINAMARCA<\/p>\n<p>Tu nuevo hogar en las alturas te est\u00e1 esperando. Vive en un espacio moderno, funcional y rodeado de zonas verdes en uno de los sectores m\u00e1s tranquilos y de mayor proyecci\u00f3n de Madrid, Cundinamarca.<\/p>\n<p>Ubicaci\u00f3n:<br \/>\nEn el Conjunto Oliva, este apartamento se encuentra en un piso 12 con ascensor, lo que te permite disfrutar de una vista despejada, luz natural durante el d\u00eda y una excelente ventilaci\u00f3n.<\/p>\n<p>Distribuci\u00f3n y caracter\u00edsticas del apartamento:<\/p>\n<p> Sala-comedor amplia e iluminada, perfecta para compartir momentos en familia o con amigos.<\/p>\n<p> Cocina integral equipada, con suficiente espacio de almacenamiento y zona de ropas independiente.<\/p>\n<p> Sala de estar o zona de TV, ideal para el descanso y entretenimiento.<\/p>\n<p> 2 habitaciones acogedoras:<\/p>\n<p>  La principal con cl\u00f3set y ba\u00f1o privado.<\/p>\n<p>  La segunda habitaci\u00f3n con f\u00e1cil acceso al ba\u00f1o auxiliar, moderno y completamente enchapado.<\/p>\n<p> Pisos en cer\u00e1mica, ventanales que favorecen la entrada de luz natural y un ambiente c\u00e1lido y confortable en cada espacio.<\/p>\n<p>Zonas comunes y servicios del conjunto:<\/p>\n<p> Parqueaderos para residentes, visitantes y motos.<\/p>\n<p> Parque infantil y parque para mascotas.<\/p>\n<p> Gimnasio al aire libre y canchas m\u00faltiples.<\/p>\n<p> Sal\u00f3n social para reuniones y eventos.<\/p>\n<p> Zonas BBQ para disfrutar al aire libre.<\/p>\n<p> Vigilancia privada 24\/7 y sistema de ingreso controlado que garantiza<\/p>\n","protected":false},"excerpt":{"rendered":"INFINITY SABANA INMOBILIARIA ARRIENDA APARTAMENTO EN CONJUNTO OLIVA \u2013 MADRID,...","protected":false},"author":7632,"featured_media":280921,"template":"","es_locations":[91,182],"es_categories":[124],"es_types":[114],"es_rent_periods":[],"es_labels":[],"es_statuses":[],"es_parkings":[],"es_roofs":[],"es_exterior_materials":[],"es_basements":[],"es_floor_coverings":[],"es_features":[2292,131,2212,2164,2233,2131,2166,2146,2196,136,2179,145,2216,2132,2272,2365,2133,2181,2182,2135,2136,144,2151,2185,2152,2204],"es_amenities":[2294,152,2217,2187,2248,2139,2189,2155,2197,2158,154,2160,156,2140,2273,2366,158,159,2142,2143,161,2289,162,2173,2162,2209],"es_neighborhoods":[],"es_tags":[],"class_list":["post-280918","properties","type-properties","status-publish","has-post-thumbnail","hentry","es_location-cundinamarca","es_location-madrid","es_category-arriendo","es_type-apartamentos","es_feature-acceso-pavimentado","es_feature-ascensor","es_feature-bano-auxiliar","es_feature-bano-independiente","es_feature-cerca-de-zona-urbana","es_feature-circuito-cerrado-de-tv","es_feature-closet","es_feature-cocina-integral","es_feature-en-conjunto-cerrado","es_feature-estudio","es_feature-gimnasio","es_feature-instalacion-de-gas","es_feature-parqueadero-visitantes","es_feature-parques-cercanos","es_feature-piso-en-baldosa-marmol","es_feature-planta-electrica","es_feature-porteria-recepcion","es_feature-porteria-vigilancia","es_feature-salon-comunal","es_feature-sobre-via-principal","es_feature-trans-publico-cercano","es_feature-vista-panoramica","es_feature-zona-de-lavanderia","es_feature-zona-infantil","es_feature-zona-residencial","es_feature-zonas-verdes","es_amenity-acceso-pavimentado","es_amenity-ascensor-privado","es_amenity-bano-auxiliar","es_amenity-bano-independiente","es_amenity-cerca-de-zona-urbana","es_amenity-circuito-cerrado-de-tv","es_amenity-closet","es_amenity-cocina-integral","es_amenity-en-conjunto-cerrado","es_amenity-estudio","es_amenity-gimnasio","es_amenity-instalacion-de-gas","es_amenity-parqueadero-visitantes","es_amenity-parques-cercanos","es_amenity-piso-en-baldosa-marmol","es_amenity-planta-electrica","es_amenity-porteria-recepcion","es_amenity-salon-comunal","es_amenity-sobre-via-principal","es_amenity-trans-publico-cercano","es_amenity-vigilancia-24-7","es_amenity-vista-panoramica","es_amenity-zona-de-lavanderia","es_amenity-zona-infantil","es_amenity-zona-residencial","es_amenity-zonas-verdes","es-post-entity"],"_links":{"self":[{"href":"https:\/\/arriendo.com\/co\/wp-json\/wp\/v2\/properties\/280918","targetHints":{"allow":["GET"]}}],"collection":[{"href":"https:\/\/arriendo.com\/co\/wp-json\/wp\/v2\/properties"}],"about":[{"href":"https:\/\/arriendo.com\/co\/wp-json\/wp\/v2\/types\/properties"}],"author":[{"embeddable":true,"href":"https:\/\/arriendo.com\/co\/wp-json\/wp\/v2\/users\/7632"}],"version-history":[{"count":0,"href":"https:\/\/arriendo.com\/co\/wp-json\/wp\/v2\/properties\/280918\/revisions"}],"wp:featuredmedia":[{"embeddable":true,"href":"https:\/\/arriendo.com\/co\/wp-json\/wp\/v2\/media\/280921"}],"wp:attachment":[{"href":"https:\/\/arriendo.com\/co\/wp-json\/wp\/v2\/media?parent=280918"}],"wp:term":[{"taxonomy":"es_location","embeddable":true,"href":"https:\/\/arriendo.com\/co\/wp-json\/wp\/v2\/es_locations?post=280918"},{"taxonomy":"es_category","embeddable":true,"href":"https:\/\/arriendo.com\/co\/wp-json\/wp\/v2\/es_categories?post=280918"},{"taxonomy":"es_type","embeddable":true,"href":"https:\/\/arriendo.com\/co\/wp-json\/wp\/v2\/es_types?post=280918"},{"taxonomy":"es_rent_period","embeddable":true,"href":"https:\/\/arriendo.com\/co\/wp-json\/wp\/v2\/es_rent_periods?post=280918"},{"taxonomy":"es_label","embeddable":true,"href":"https:\/\/arriendo.com\/co\/wp-json\/wp\/v2\/es_labels?post=280918"},{"taxonomy":"es_status","embeddable":true,"href":"https:\/\/arriendo.com\/co\/wp-json\/wp\/v2\/es_statuses?post=280918"},{"taxonomy":"es_parking","embeddable":true,"href":"https:\/\/arriendo.com\/co\/wp-json\/wp\/v2\/es_parkings?post=280918"},{"taxonomy":"es_roof","embeddable":true,"href":"https:\/\/arriendo.com\/co\/wp-json\/wp\/v2\/es_roofs?post=280918"},{"taxonomy":"es_exterior_material","embeddable":true,"href":"https:\/\/arriendo.com\/co\/wp-json\/wp\/v2\/es_exterior_materials?post=280918"},{"taxonomy":"es_basement","embeddable":true,"href":"https:\/\/arriendo.com\/co\/wp-json\/wp\/v2\/es_basements?post=280918"},{"taxonomy":"es_floor_covering","embeddable":true,"href":"https:\/\/arriendo.com\/co\/wp-json\/wp\/v2\/es_floor_coverings?post=280918"},{"taxonomy":"es_feature","embeddable":true,"href":"https:\/\/arriendo.com\/co\/wp-json\/wp\/v2\/es_features?post=280918"},{"taxonomy":"es_amenity","embeddable":true,"href":"https:\/\/arriendo.com\/co\/wp-json\/wp\/v2\/es_amenities?post=280918"},{"taxonomy":"es_neighborhood","embeddable":true,"href":"https:\/\/arriendo.com\/co\/wp-json\/wp\/v2\/es_neighborhoods?post=280918"},{"taxonomy":"es_tag","embeddable":true,"href":"https:\/\/arriendo.com\/co\/wp-json\/wp\/v2\/es_tags?post=280918"}],"curies":[{"name":"wp","href":"https:\/\/api.w.org\/{rel}","templated":true}]}}

<p>INFINITY SABANA INMOBILIARIA ARRIENDA APARTAMENTO EN CONJUNTO OLIVA – MADRID, CUNDINAMARCA</p>
<p>Tu nuevo hogar en las alturas te está esperando. Vive en un espacio moderno, funcional y rodeado de zonas verdes en uno de los sectores más tranquilos y de mayor proyección de Madrid, Cundinamarca.</p>
<p>Ubicación:<br />
En el Conjunto Oliva, este apartamento se encuentra en un piso 12 con ascensor, lo que te permite disfrutar de una vista despejada, luz natural durante el día y una excelente ventilación.</p>
<p>Distribución y características del apartamento:</p>
<p> Sala-comedor amplia e iluminada, perfecta para compartir momentos en familia o con amigos.</p>
<p> Cocina integral equipada, con suficiente espacio de almacenamiento y zona de ropas independiente.</p>
<p> Sala de estar o zona de TV, ideal para el descanso y entretenimiento.</p>
<p> 2 habitaciones acogedoras:</p>
<p>  La principal con clóset y baño privado.</p>
<p>  La segunda habitación con fácil acceso al baño auxiliar, moderno y completamente enchapado.</p>
<p> Pisos en cerámica, ventanales que favorecen la entrada de luz natural y un ambiente cálido y confortable en cada espacio.</p>
<p>Zonas comunes y servicios del conjunto:</p>
<p> Parqueaderos para residentes, visitantes y motos.</p>
<p> Parque infantil y parque para mascotas.</p>
<p> Gimnasio al aire libre y canchas múltiples.</p>
<p> Salón social para reuniones y eventos.</p>
<p> Zonas BBQ para disfrutar al aire libre.</p>
<p> Vigilancia privada 24/7 y sistema de ingreso controlado que garantiza</p>
