{"id":280901,"date":"2026-02-12T04:56:10","date_gmt":"2026-02-12T09:56:10","guid":{"rendered":"https:\/\/arriendo.com\/co\/%es_type%\/%address_city%\/%neighborhood%\/tenjo-tenjo-apartamento-en-arriendo-en-ae242f\/"},"modified":"2026-02-12T04:56:11","modified_gmt":"2026-02-12T09:56:11","slug":"AR-280901","status":"publish","type":"properties","link":"https:\/\/arriendo.com\/co\/apartamentos\/tenjo\/tenjo\/AR-280901\/","title":{"rendered":"Apartamento en Arriendo en Tenjo"},"content":{"rendered":"<p>INFINITY SABANA INMOBILIARIA  ARRIENDA  APARTAMENTO HACIENDA EL RECREO, TENJO, CUNDINAMARCA.<\/p>\n<p>Este hermoso apartamento en arriendo, ubicado en el primer piso, te ofrece todo lo que necesitas para disfrutar de una vida c\u00f3moda y tranquila. La sala-comedor es amplia y luminosa, con acceso a un balc\u00f3n ideal para relajarte al aire libre. Tambi\u00e9n cuenta con una acogedora sala de estar para momentos de descanso.<\/p>\n<p>La alcoba principal incluye un amplio closet y ba\u00f1o privado, mientras que la alcoba secundaria tambi\u00e9n cuenta con closet. Ambas habitaciones tienen elegantes pisos laminados, a\u00f1adiendo un toque de calidez. La cocina, tipo americano, est\u00e1 equipada con gas natural y se conecta con una zona de ropas independiente. Adem\u00e1s, cuenta con un parqueadero cubierto.<\/p>\n<p>El conjunto residencial ofrece excelentes amenidades, incluyendo porter\u00eda-recepci\u00f3n, administraci\u00f3n, sal\u00f3n social, sal\u00f3n de juegos, coworking y zona de estudio, parque biosaludable, parque infantil, bicicletero, parqueadero por niveles, cuarto de basuras, cuarto de bombas y tanque de agua, as\u00ed como una subestaci\u00f3n el\u00e9ctrica.<\/p>\n<p>Vive en un entorno sereno y bien equipado, perfecto para disfrutar de la vida en familia. \u00a1No pierdas esta oportunidad! Cont\u00e1ctanos para m\u00e1s detalles y para agendar una visita.<\/p>\n","protected":false},"excerpt":{"rendered":"INFINITY SABANA INMOBILIARIA ARRIENDA APARTAMENTO HACIENDA EL RECREO, TENJO, CUNDINAMARCA....","protected":false},"author":7632,"featured_media":280904,"template":"","es_locations":[91,570],"es_categories":[124],"es_types":[114],"es_rent_periods":[],"es_labels":[],"es_statuses":[],"es_parkings":[],"es_roofs":[],"es_exterior_materials":[],"es_basements":[],"es_floor_coverings":[],"es_features":[2292,132,2164,2145,2233,2131,2166,2147,2148,2196,2149,2282,145,2203,2216,2132,2272,2133,2181,2182,2136,2306,2151,2185,2152,2204],"es_amenities":[2294,2186,2187,2153,2248,2139,2189,2156,2157,2197,2159,2287,2160,2208,156,2140,2273,158,159,2143,161,2308,162,2173,2162,2209],"es_neighborhoods":[],"es_tags":[],"class_list":["post-280901","properties","type-properties","status-publish","has-post-thumbnail","hentry","es_location-cundinamarca","es_location-tenjo","es_category-arriendo","es_type-apartamentos","es_feature-acceso-pavimentado","es_feature-balcon","es_feature-bano-independiente","es_feature-calentador","es_feature-cerca-de-zona-urbana","es_feature-circuito-cerrado-de-tv","es_feature-closet","es_feature-cocina-tipo-americano","es_feature-colegios-universidades","es_feature-en-conjunto-cerrado","es_feature-garajes","es_feature-hall-de-alcobas","es_feature-instalacion-de-gas","es_feature-jardines-exteriores","es_feature-parqueadero-visitantes","es_feature-parques-cercanos","es_feature-piso-en-baldosa-marmol","es_feature-porteria-recepcion","es_feature-porteria-vigilancia","es_feature-salon-comunal","es_feature-trans-publico-cercano","es_feature-zona-campestre","es_feature-zona-de-lavanderia","es_feature-zona-infantil","es_feature-zona-residencial","es_feature-zonas-verdes","es_amenity-acceso-pavimentado","es_amenity-balcon","es_amenity-bano-independiente","es_amenity-calentador","es_amenity-cerca-de-zona-urbana","es_amenity-circuito-cerrado-de-tv","es_amenity-closet","es_amenity-cocina-tipo-americano","es_amenity-colegios-universidades","es_amenity-en-conjunto-cerrado","es_amenity-garajes","es_amenity-hall-de-alcobas","es_amenity-instalacion-de-gas","es_amenity-jardines-exteriores","es_amenity-parqueadero-visitantes","es_amenity-parques-cercanos","es_amenity-piso-en-baldosa-marmol","es_amenity-porteria-recepcion","es_amenity-salon-comunal","es_amenity-trans-publico-cercano","es_amenity-vigilancia-24-7","es_amenity-zona-campestre","es_amenity-zona-de-lavanderia","es_amenity-zona-infantil","es_amenity-zona-residencial","es_amenity-zonas-verdes","es-post-entity"],"_links":{"self":[{"href":"https:\/\/arriendo.com\/co\/wp-json\/wp\/v2\/properties\/280901","targetHints":{"allow":["GET"]}}],"collection":[{"href":"https:\/\/arriendo.com\/co\/wp-json\/wp\/v2\/properties"}],"about":[{"href":"https:\/\/arriendo.com\/co\/wp-json\/wp\/v2\/types\/properties"}],"author":[{"embeddable":true,"href":"https:\/\/arriendo.com\/co\/wp-json\/wp\/v2\/users\/7632"}],"version-history":[{"count":0,"href":"https:\/\/arriendo.com\/co\/wp-json\/wp\/v2\/properties\/280901\/revisions"}],"wp:featuredmedia":[{"embeddable":true,"href":"https:\/\/arriendo.com\/co\/wp-json\/wp\/v2\/media\/280904"}],"wp:attachment":[{"href":"https:\/\/arriendo.com\/co\/wp-json\/wp\/v2\/media?parent=280901"}],"wp:term":[{"taxonomy":"es_location","embeddable":true,"href":"https:\/\/arriendo.com\/co\/wp-json\/wp\/v2\/es_locations?post=280901"},{"taxonomy":"es_category","embeddable":true,"href":"https:\/\/arriendo.com\/co\/wp-json\/wp\/v2\/es_categories?post=280901"},{"taxonomy":"es_type","embeddable":true,"href":"https:\/\/arriendo.com\/co\/wp-json\/wp\/v2\/es_types?post=280901"},{"taxonomy":"es_rent_period","embeddable":true,"href":"https:\/\/arriendo.com\/co\/wp-json\/wp\/v2\/es_rent_periods?post=280901"},{"taxonomy":"es_label","embeddable":true,"href":"https:\/\/arriendo.com\/co\/wp-json\/wp\/v2\/es_labels?post=280901"},{"taxonomy":"es_status","embeddable":true,"href":"https:\/\/arriendo.com\/co\/wp-json\/wp\/v2\/es_statuses?post=280901"},{"taxonomy":"es_parking","embeddable":true,"href":"https:\/\/arriendo.com\/co\/wp-json\/wp\/v2\/es_parkings?post=280901"},{"taxonomy":"es_roof","embeddable":true,"href":"https:\/\/arriendo.com\/co\/wp-json\/wp\/v2\/es_roofs?post=280901"},{"taxonomy":"es_exterior_material","embeddable":true,"href":"https:\/\/arriendo.com\/co\/wp-json\/wp\/v2\/es_exterior_materials?post=280901"},{"taxonomy":"es_basement","embeddable":true,"href":"https:\/\/arriendo.com\/co\/wp-json\/wp\/v2\/es_basements?post=280901"},{"taxonomy":"es_floor_covering","embeddable":true,"href":"https:\/\/arriendo.com\/co\/wp-json\/wp\/v2\/es_floor_coverings?post=280901"},{"taxonomy":"es_feature","embeddable":true,"href":"https:\/\/arriendo.com\/co\/wp-json\/wp\/v2\/es_features?post=280901"},{"taxonomy":"es_amenity","embeddable":true,"href":"https:\/\/arriendo.com\/co\/wp-json\/wp\/v2\/es_amenities?post=280901"},{"taxonomy":"es_neighborhood","embeddable":true,"href":"https:\/\/arriendo.com\/co\/wp-json\/wp\/v2\/es_neighborhoods?post=280901"},{"taxonomy":"es_tag","embeddable":true,"href":"https:\/\/arriendo.com\/co\/wp-json\/wp\/v2\/es_tags?post=280901"}],"curies":[{"name":"wp","href":"https:\/\/api.w.org\/{rel}","templated":true}]}}

<p>INFINITY SABANA INMOBILIARIA  ARRIENDA  APARTAMENTO HACIENDA EL RECREO, TENJO, CUNDINAMARCA.</p>
<p>Este hermoso apartamento en arriendo, ubicado en el primer piso, te ofrece todo lo que necesitas para disfrutar de una vida cómoda y tranquila. La sala-comedor es amplia y luminosa, con acceso a un balcón ideal para relajarte al aire libre. También cuenta con una acogedora sala de estar para momentos de descanso.</p>
<p>La alcoba principal incluye un amplio closet y baño privado, mientras que la alcoba secundaria también cuenta con closet. Ambas habitaciones tienen elegantes pisos laminados, añadiendo un toque de calidez. La cocina, tipo americano, está equipada con gas natural y se conecta con una zona de ropas independiente. Además, cuenta con un parqueadero cubierto.</p>
<p>El conjunto residencial ofrece excelentes amenidades, incluyendo portería-recepción, administración, salón social, salón de juegos, coworking y zona de estudio, parque biosaludable, parque infantil, bicicletero, parqueadero por niveles, cuarto de basuras, cuarto de bombas y tanque de agua, así como una subestación eléctrica.</p>
<p>Vive en un entorno sereno y bien equipado, perfecto para disfrutar de la vida en familia. ¡No pierdas esta oportunidad! Contáctanos para más detalles y para agendar una visita.</p>
