{"id":280799,"date":"2026-02-12T04:44:10","date_gmt":"2026-02-12T09:44:10","guid":{"rendered":"https:\/\/arriendo.com\/co\/%es_type%\/%address_city%\/%neighborhood%\/el-rosal-el-rosal-local-en-arriendo-ae5f3e\/"},"modified":"2026-02-12T04:44:11","modified_gmt":"2026-02-12T09:44:11","slug":"AR-280799","status":"publish","type":"properties","link":"https:\/\/arriendo.com\/co\/locales\/el-rosal\/el-rosal\/AR-280799\/","title":{"rendered":"Local en  Arriendo en El rosal"},"content":{"rendered":"<p>INFINITY SABANA INMOBILIARIA OFRECE \u00a1Oportunidad de Arriendo en El Edificio Cencer! <\/p>\n<p>\u00a1Descubre el lugar ideal para tu negocio en El Rosal, Cundinamarca! Te presentamos 12 locales\/oficinas disponibles en un edificio moderno y exclusivo, con \u00e1reas que van desde 39.31 m\u00b2 hasta 166.63 m\u00b2 y c\u00e1nones de arrendamiento desde $1.000.000 hasta $12.000.000.<\/p>\n<p>Caracter\u00edsticas Destacadas:<\/p>\n<p> Ubicaci\u00f3n Estrat\u00e9gica: Excelente accesibilidad y visibilidad.<br \/>\n Construcci\u00f3n Moderna: Dise\u00f1o \u00fanico en la regi\u00f3n.<br \/>\n Comodidades Inigualables:<\/p>\n<p>  Ascensor para f\u00e1cil acceso.<br \/>\n  Bater\u00eda de ba\u00f1o privada en cada local.<br \/>\n  Planta de suplencia el\u00e9ctrica con transferencia autom\u00e1tica.<br \/>\n  Tanques de reserva de agua potable y agua lluvia.<br \/>\n  Sistema contra incendio para tu tranquilidad.<br \/>\n  Bah\u00edas de parqueo para mayor comodidad.<br \/>\n  Amplias zonas de circulaci\u00f3n y balcones con vistas panor\u00e1micas.<br \/>\n  Circuito cerrado de TV para mayor seguridad.<\/p>\n<p>Este local est\u00e1 disponible para una amplia variedad de actividades institucionales, ofreciendo un entorno adecuado y flexible para distintos tipos de uso. Algunos de los usos permitidos son: <\/p>\n<p> Asistenciales: Perfecto para centros de salud, peque\u00f1as cl\u00ednicas, hospitales, espacio adecuado para el cuidado y atenci\u00f3n de las personas.<\/p>\n<p> Educativos: Ideal para establecimientos de educaci\u00f3n e institutos de capacitaci\u00f3n t\u00e9cnica. Este espacio tambi\u00e9n puede ser utilizado para actividades recreativas, combinando aprendizaje y esparcimiento.<\/p>\n<p> Administrat<\/p>\n","protected":false},"excerpt":{"rendered":"INFINITY SABANA INMOBILIARIA OFRECE \u00a1Oportunidad de Arriendo en El Edificio...","protected":false},"author":7632,"featured_media":280802,"template":"","es_locations":[91,2788],"es_categories":[124],"es_types":[117],"es_rent_periods":[],"es_labels":[],"es_statuses":[],"es_parkings":[],"es_roofs":[],"es_exterior_materials":[],"es_basements":[],"es_floor_coverings":[],"es_features":[150,131,2131,2216,2272,2365,2135,143,2137],"es_amenities":[2387,152,2139,156,2273,2366,2142,2290,2144],"es_neighborhoods":[],"es_tags":[],"class_list":["post-280799","properties","type-properties","status-publish","has-post-thumbnail","hentry","es_location-cundinamarca","es_location-el-rosal","es_category-arriendo","es_type-locales","es_feature-alarma","es_feature-ascensor","es_feature-circuito-cerrado-de-tv","es_feature-parqueadero-visitantes","es_feature-piso-en-baldosa-marmol","es_feature-planta-electrica","es_feature-sobre-via-principal","es_feature-terraza","es_feature-zona-comercial","es_amenity-alarma","es_amenity-ascensor-privado","es_amenity-circuito-cerrado-de-tv","es_amenity-parqueadero-visitantes","es_amenity-piso-en-baldosa-marmol","es_amenity-planta-electrica","es_amenity-sobre-via-principal","es_amenity-terraza","es_amenity-zona-comercial","es-post-entity"],"_links":{"self":[{"href":"https:\/\/arriendo.com\/co\/wp-json\/wp\/v2\/properties\/280799","targetHints":{"allow":["GET"]}}],"collection":[{"href":"https:\/\/arriendo.com\/co\/wp-json\/wp\/v2\/properties"}],"about":[{"href":"https:\/\/arriendo.com\/co\/wp-json\/wp\/v2\/types\/properties"}],"author":[{"embeddable":true,"href":"https:\/\/arriendo.com\/co\/wp-json\/wp\/v2\/users\/7632"}],"version-history":[{"count":0,"href":"https:\/\/arriendo.com\/co\/wp-json\/wp\/v2\/properties\/280799\/revisions"}],"wp:featuredmedia":[{"embeddable":true,"href":"https:\/\/arriendo.com\/co\/wp-json\/wp\/v2\/media\/280802"}],"wp:attachment":[{"href":"https:\/\/arriendo.com\/co\/wp-json\/wp\/v2\/media?parent=280799"}],"wp:term":[{"taxonomy":"es_location","embeddable":true,"href":"https:\/\/arriendo.com\/co\/wp-json\/wp\/v2\/es_locations?post=280799"},{"taxonomy":"es_category","embeddable":true,"href":"https:\/\/arriendo.com\/co\/wp-json\/wp\/v2\/es_categories?post=280799"},{"taxonomy":"es_type","embeddable":true,"href":"https:\/\/arriendo.com\/co\/wp-json\/wp\/v2\/es_types?post=280799"},{"taxonomy":"es_rent_period","embeddable":true,"href":"https:\/\/arriendo.com\/co\/wp-json\/wp\/v2\/es_rent_periods?post=280799"},{"taxonomy":"es_label","embeddable":true,"href":"https:\/\/arriendo.com\/co\/wp-json\/wp\/v2\/es_labels?post=280799"},{"taxonomy":"es_status","embeddable":true,"href":"https:\/\/arriendo.com\/co\/wp-json\/wp\/v2\/es_statuses?post=280799"},{"taxonomy":"es_parking","embeddable":true,"href":"https:\/\/arriendo.com\/co\/wp-json\/wp\/v2\/es_parkings?post=280799"},{"taxonomy":"es_roof","embeddable":true,"href":"https:\/\/arriendo.com\/co\/wp-json\/wp\/v2\/es_roofs?post=280799"},{"taxonomy":"es_exterior_material","embeddable":true,"href":"https:\/\/arriendo.com\/co\/wp-json\/wp\/v2\/es_exterior_materials?post=280799"},{"taxonomy":"es_basement","embeddable":true,"href":"https:\/\/arriendo.com\/co\/wp-json\/wp\/v2\/es_basements?post=280799"},{"taxonomy":"es_floor_covering","embeddable":true,"href":"https:\/\/arriendo.com\/co\/wp-json\/wp\/v2\/es_floor_coverings?post=280799"},{"taxonomy":"es_feature","embeddable":true,"href":"https:\/\/arriendo.com\/co\/wp-json\/wp\/v2\/es_features?post=280799"},{"taxonomy":"es_amenity","embeddable":true,"href":"https:\/\/arriendo.com\/co\/wp-json\/wp\/v2\/es_amenities?post=280799"},{"taxonomy":"es_neighborhood","embeddable":true,"href":"https:\/\/arriendo.com\/co\/wp-json\/wp\/v2\/es_neighborhoods?post=280799"},{"taxonomy":"es_tag","embeddable":true,"href":"https:\/\/arriendo.com\/co\/wp-json\/wp\/v2\/es_tags?post=280799"}],"curies":[{"name":"wp","href":"https:\/\/api.w.org\/{rel}","templated":true}]}}

<p>INFINITY SABANA INMOBILIARIA OFRECE ¡Oportunidad de Arriendo en El Edificio Cencer! </p>
<p>¡Descubre el lugar ideal para tu negocio en El Rosal, Cundinamarca! Te presentamos 12 locales/oficinas disponibles en un edificio moderno y exclusivo, con áreas que van desde 39.31 m² hasta 166.63 m² y cánones de arrendamiento desde $1.000.000 hasta $12.000.000.</p>
<p>Características Destacadas:</p>
<p> Ubicación Estratégica: Excelente accesibilidad y visibilidad.<br />
 Construcción Moderna: Diseño único en la región.<br />
 Comodidades Inigualables:</p>
<p>  Ascensor para fácil acceso.<br />
  Batería de baño privada en cada local.<br />
  Planta de suplencia eléctrica con transferencia automática.<br />
  Tanques de reserva de agua potable y agua lluvia.<br />
  Sistema contra incendio para tu tranquilidad.<br />
  Bahías de parqueo para mayor comodidad.<br />
  Amplias zonas de circulación y balcones con vistas panorámicas.<br />
  Circuito cerrado de TV para mayor seguridad.</p>
<p>Este local está disponible para una amplia variedad de actividades institucionales, ofreciendo un entorno adecuado y flexible para distintos tipos de uso. Algunos de los usos permitidos son: </p>
<p> Asistenciales: Perfecto para centros de salud, pequeñas clínicas, hospitales, espacio adecuado para el cuidado y atención de las personas.</p>
<p> Educativos: Ideal para establecimientos de educación e institutos de capacitación técnica. Este espacio también puede ser utilizado para actividades recreativas, combinando aprendizaje y esparcimiento.</p>
<p> Administrat</p>
