{"id":277392,"date":"2026-02-11T22:24:09","date_gmt":"2026-02-12T03:24:09","guid":{"rendered":"https:\/\/arriendo.com\/co\/%es_type%\/%address_city%\/%neighborhood%\/la-ceja-la-ceja-casa-en-arriendo-en-9e42b8\/"},"modified":"2026-02-11T22:24:10","modified_gmt":"2026-02-12T03:24:10","slug":"AR-277392","status":"publish","type":"properties","link":"https:\/\/arriendo.com\/co\/casas\/la-ceja\/la-ceja\/AR-277392\/","title":{"rendered":"Casa en Arriendo en La ceja"},"content":{"rendered":"<p>Se arrienda amplia y c\u00f3moda casa medianera de dos niveles, ubicada en una zona estrat\u00e9gica y tranquila, cerca del centro comercial Viva La Ceja y rodeada de zonas verdes.<\/p>\n<p>Primer Nivel:<\/p>\n<p> Cocina integral moderna<\/p>\n<p> Sala &#8211; comedor con excelente iluminaci\u00f3n natural<\/p>\n<p> Ba\u00f1o social<\/p>\n<p> Zona de ropas cubierta<\/p>\n<p> Garaje con motor el\u00e9ctrico<\/p>\n<p>Segundo Nivel:<\/p>\n<p> 3 habitaciones:<\/p>\n<p>  Habitaci\u00f3n principal con vestier, ba\u00f1o privado y balc\u00f3n<\/p>\n<p>  Segunda habitaci\u00f3n con cl\u00f3set y balc\u00f3n<\/p>\n<p>  Tercera habitaci\u00f3n con cl\u00f3set<\/p>\n<p> Ba\u00f1o social completo con ducha<\/p>\n<p>Ubicaci\u00f3n privilegiada, con f\u00e1cil acceso a servicios, comercio y espacios naturales.<\/p>\n<p>\u00a1Ideal para familias que buscan confort, seguridad y cercan\u00eda a todo!<\/p>\n","protected":false},"excerpt":{"rendered":"Se arrienda amplia y c\u00f3moda casa medianera de dos niveles,...","protected":false},"author":8408,"featured_media":277395,"template":"","es_locations":[79,634],"es_categories":[124],"es_types":[115],"es_rent_periods":[],"es_labels":[],"es_statuses":[],"es_parkings":[],"es_roofs":[],"es_exterior_materials":[],"es_basements":[],"es_floor_coverings":[],"es_features":[132,2212,2164,2145,2166,2175,2146,2132,2220,2150,2136,144,2204],"es_amenities":[2186,2217,2187,2153,2189,2190,2155,2140,2221,2161,2143,2289,2209],"es_neighborhoods":[],"es_tags":[],"class_list":["post-277392","properties","type-properties","status-publish","has-post-thumbnail","hentry","es_location-antioquia","es_location-la-ceja","es_category-arriendo","es_type-casas","es_feature-balcon","es_feature-bano-auxiliar","es_feature-bano-independiente","es_feature-calentador","es_feature-closet","es_feature-cochera","es_feature-cocina-integral","es_feature-parques-cercanos","es_feature-patio","es_feature-supermercados-c-comerciales","es_feature-trans-publico-cercano","es_feature-vista-panoramica","es_feature-zonas-verdes","es_amenity-balcon","es_amenity-bano-auxiliar","es_amenity-bano-independiente","es_amenity-calentador","es_amenity-closet","es_amenity-cochera","es_amenity-cocina-integral","es_amenity-parques-cercanos","es_amenity-patio","es_amenity-supermercados-c-comerciales","es_amenity-trans-publico-cercano","es_amenity-vista-panoramica","es_amenity-zonas-verdes","es-post-entity"],"_links":{"self":[{"href":"https:\/\/arriendo.com\/co\/wp-json\/wp\/v2\/properties\/277392","targetHints":{"allow":["GET"]}}],"collection":[{"href":"https:\/\/arriendo.com\/co\/wp-json\/wp\/v2\/properties"}],"about":[{"href":"https:\/\/arriendo.com\/co\/wp-json\/wp\/v2\/types\/properties"}],"author":[{"embeddable":true,"href":"https:\/\/arriendo.com\/co\/wp-json\/wp\/v2\/users\/8408"}],"version-history":[{"count":0,"href":"https:\/\/arriendo.com\/co\/wp-json\/wp\/v2\/properties\/277392\/revisions"}],"wp:featuredmedia":[{"embeddable":true,"href":"https:\/\/arriendo.com\/co\/wp-json\/wp\/v2\/media\/277395"}],"wp:attachment":[{"href":"https:\/\/arriendo.com\/co\/wp-json\/wp\/v2\/media?parent=277392"}],"wp:term":[{"taxonomy":"es_location","embeddable":true,"href":"https:\/\/arriendo.com\/co\/wp-json\/wp\/v2\/es_locations?post=277392"},{"taxonomy":"es_category","embeddable":true,"href":"https:\/\/arriendo.com\/co\/wp-json\/wp\/v2\/es_categories?post=277392"},{"taxonomy":"es_type","embeddable":true,"href":"https:\/\/arriendo.com\/co\/wp-json\/wp\/v2\/es_types?post=277392"},{"taxonomy":"es_rent_period","embeddable":true,"href":"https:\/\/arriendo.com\/co\/wp-json\/wp\/v2\/es_rent_periods?post=277392"},{"taxonomy":"es_label","embeddable":true,"href":"https:\/\/arriendo.com\/co\/wp-json\/wp\/v2\/es_labels?post=277392"},{"taxonomy":"es_status","embeddable":true,"href":"https:\/\/arriendo.com\/co\/wp-json\/wp\/v2\/es_statuses?post=277392"},{"taxonomy":"es_parking","embeddable":true,"href":"https:\/\/arriendo.com\/co\/wp-json\/wp\/v2\/es_parkings?post=277392"},{"taxonomy":"es_roof","embeddable":true,"href":"https:\/\/arriendo.com\/co\/wp-json\/wp\/v2\/es_roofs?post=277392"},{"taxonomy":"es_exterior_material","embeddable":true,"href":"https:\/\/arriendo.com\/co\/wp-json\/wp\/v2\/es_exterior_materials?post=277392"},{"taxonomy":"es_basement","embeddable":true,"href":"https:\/\/arriendo.com\/co\/wp-json\/wp\/v2\/es_basements?post=277392"},{"taxonomy":"es_floor_covering","embeddable":true,"href":"https:\/\/arriendo.com\/co\/wp-json\/wp\/v2\/es_floor_coverings?post=277392"},{"taxonomy":"es_feature","embeddable":true,"href":"https:\/\/arriendo.com\/co\/wp-json\/wp\/v2\/es_features?post=277392"},{"taxonomy":"es_amenity","embeddable":true,"href":"https:\/\/arriendo.com\/co\/wp-json\/wp\/v2\/es_amenities?post=277392"},{"taxonomy":"es_neighborhood","embeddable":true,"href":"https:\/\/arriendo.com\/co\/wp-json\/wp\/v2\/es_neighborhoods?post=277392"},{"taxonomy":"es_tag","embeddable":true,"href":"https:\/\/arriendo.com\/co\/wp-json\/wp\/v2\/es_tags?post=277392"}],"curies":[{"name":"wp","href":"https:\/\/api.w.org\/{rel}","templated":true}]}}

<p>Se arrienda amplia y cómoda casa medianera de dos niveles, ubicada en una zona estratégica y tranquila, cerca del centro comercial Viva La Ceja y rodeada de zonas verdes.</p>
<p>Primer Nivel:</p>
<p> Cocina integral moderna</p>
<p> Sala &#8211; comedor con excelente iluminación natural</p>
<p> Baño social</p>
<p> Zona de ropas cubierta</p>
<p> Garaje con motor eléctrico</p>
<p>Segundo Nivel:</p>
<p> 3 habitaciones:</p>
<p>  Habitación principal con vestier, baño privado y balcón</p>
<p>  Segunda habitación con clóset y balcón</p>
<p>  Tercera habitación con clóset</p>
<p> Baño social completo con ducha</p>
<p>Ubicación privilegiada, con fácil acceso a servicios, comercio y espacios naturales.</p>
<p>¡Ideal para familias que buscan confort, seguridad y cercanía a todo!</p>

Se arrienda amplia y cómoda casa medianera de dos niveles,...
