{"id":274274,"date":"2026-02-11T15:35:10","date_gmt":"2026-02-11T20:35:10","guid":{"rendered":"https:\/\/arriendo.com\/co\/%es_type%\/%address_city%\/%neighborhood%\/floridablanca-canaveral-apartamento-en-arriendo-en-e394c5\/"},"modified":"2026-02-11T15:35:10","modified_gmt":"2026-02-11T20:35:10","slug":"AR-274274","status":"publish","type":"properties","link":"https:\/\/arriendo.com\/co\/apartamentos\/floridablanca\/canaveral\/AR-274274\/","title":{"rendered":"Apartamento en Arriendo en Ca\u00f1averal, Floridablanca"},"content":{"rendered":"<p>Se arrienda hermoso apartamento  para estrenar ubicado sobre la v\u00eda principal de ca\u00f1averal , con un \u00e1rea de 72 metros. Cuenta con  3 habitaciones dos de ellas con closet (Habitaci\u00f3n principal con ba\u00f1o privado y balc\u00f3n),  1 ba\u00f1o social completo, sala comedor con balc\u00f3n,  Cocina integral,  zona de ropas apartamento  y parqueadero cubierto, el apartamento cuenta con bodega vigilancia las 24 horas ,a\u00fan no se cancela administraci\u00f3n<\/p>\n","protected":false},"excerpt":{"rendered":"Se arrienda hermoso apartamento para estrenar ubicado sobre la v\u00eda...","protected":false},"author":6622,"featured_media":274277,"template":"","es_locations":[1670,317,104],"es_categories":[124],"es_types":[114],"es_rent_periods":[],"es_labels":[],"es_statuses":[],"es_parkings":[],"es_roofs":[],"es_exterior_materials":[],"es_basements":[],"es_floor_coverings":[],"es_features":[131,132,2212,133,2146,2148,151,136,145,2272,2365,2181,2135,2136,2151],"es_amenities":[152,2186,2217,2154,2155,2157,2270,2158,2160,2273,2366,2142,2143,161,162],"es_neighborhoods":[],"es_tags":[],"class_list":["post-274274","properties","type-properties","status-publish","has-post-thumbnail","hentry","es_location-canaveral","es_location-floridablanca","es_location-santander","es_category-arriendo","es_type-apartamentos","es_feature-ascensor","es_feature-balcon","es_feature-bano-auxiliar","es_feature-citofono","es_feature-cocina-integral","es_feature-colegios-universidades","es_feature-deposito-bodega","es_feature-estudio","es_feature-instalacion-de-gas","es_feature-piso-en-baldosa-marmol","es_feature-planta-electrica","es_feature-porteria-vigilancia","es_feature-sobre-via-principal","es_feature-trans-publico-cercano","es_feature-zona-de-lavanderia","es_amenity-ascensor-privado","es_amenity-balcon","es_amenity-bano-auxiliar","es_amenity-citofono","es_amenity-cocina-integral","es_amenity-colegios-universidades","es_amenity-deposito-bodega","es_amenity-estudio","es_amenity-instalacion-de-gas","es_amenity-piso-en-baldosa-marmol","es_amenity-planta-electrica","es_amenity-sobre-via-principal","es_amenity-trans-publico-cercano","es_amenity-vigilancia-24-7","es_amenity-zona-de-lavanderia","es-post-entity"],"_links":{"self":[{"href":"https:\/\/arriendo.com\/co\/wp-json\/wp\/v2\/properties\/274274","targetHints":{"allow":["GET"]}}],"collection":[{"href":"https:\/\/arriendo.com\/co\/wp-json\/wp\/v2\/properties"}],"about":[{"href":"https:\/\/arriendo.com\/co\/wp-json\/wp\/v2\/types\/properties"}],"author":[{"embeddable":true,"href":"https:\/\/arriendo.com\/co\/wp-json\/wp\/v2\/users\/6622"}],"version-history":[{"count":0,"href":"https:\/\/arriendo.com\/co\/wp-json\/wp\/v2\/properties\/274274\/revisions"}],"wp:featuredmedia":[{"embeddable":true,"href":"https:\/\/arriendo.com\/co\/wp-json\/wp\/v2\/media\/274277"}],"wp:attachment":[{"href":"https:\/\/arriendo.com\/co\/wp-json\/wp\/v2\/media?parent=274274"}],"wp:term":[{"taxonomy":"es_location","embeddable":true,"href":"https:\/\/arriendo.com\/co\/wp-json\/wp\/v2\/es_locations?post=274274"},{"taxonomy":"es_category","embeddable":true,"href":"https:\/\/arriendo.com\/co\/wp-json\/wp\/v2\/es_categories?post=274274"},{"taxonomy":"es_type","embeddable":true,"href":"https:\/\/arriendo.com\/co\/wp-json\/wp\/v2\/es_types?post=274274"},{"taxonomy":"es_rent_period","embeddable":true,"href":"https:\/\/arriendo.com\/co\/wp-json\/wp\/v2\/es_rent_periods?post=274274"},{"taxonomy":"es_label","embeddable":true,"href":"https:\/\/arriendo.com\/co\/wp-json\/wp\/v2\/es_labels?post=274274"},{"taxonomy":"es_status","embeddable":true,"href":"https:\/\/arriendo.com\/co\/wp-json\/wp\/v2\/es_statuses?post=274274"},{"taxonomy":"es_parking","embeddable":true,"href":"https:\/\/arriendo.com\/co\/wp-json\/wp\/v2\/es_parkings?post=274274"},{"taxonomy":"es_roof","embeddable":true,"href":"https:\/\/arriendo.com\/co\/wp-json\/wp\/v2\/es_roofs?post=274274"},{"taxonomy":"es_exterior_material","embeddable":true,"href":"https:\/\/arriendo.com\/co\/wp-json\/wp\/v2\/es_exterior_materials?post=274274"},{"taxonomy":"es_basement","embeddable":true,"href":"https:\/\/arriendo.com\/co\/wp-json\/wp\/v2\/es_basements?post=274274"},{"taxonomy":"es_floor_covering","embeddable":true,"href":"https:\/\/arriendo.com\/co\/wp-json\/wp\/v2\/es_floor_coverings?post=274274"},{"taxonomy":"es_feature","embeddable":true,"href":"https:\/\/arriendo.com\/co\/wp-json\/wp\/v2\/es_features?post=274274"},{"taxonomy":"es_amenity","embeddable":true,"href":"https:\/\/arriendo.com\/co\/wp-json\/wp\/v2\/es_amenities?post=274274"},{"taxonomy":"es_neighborhood","embeddable":true,"href":"https:\/\/arriendo.com\/co\/wp-json\/wp\/v2\/es_neighborhoods?post=274274"},{"taxonomy":"es_tag","embeddable":true,"href":"https:\/\/arriendo.com\/co\/wp-json\/wp\/v2\/es_tags?post=274274"}],"curies":[{"name":"wp","href":"https:\/\/api.w.org\/{rel}","templated":true}]}}

Apartamento en Arriendo en Cañaveral, Floridablanca

<p>Se arrienda hermoso apartamento  para estrenar ubicado sobre la vía principal de cañaveral , con un área de 72 metros. Cuenta con  3 habitaciones dos de ellas con closet (Habitación principal con baño privado y balcón),  1 baño social completo, sala comedor con balcón,  Cocina integral,  zona de ropas apartamento  y parqueadero cubierto, el apartamento cuenta con bodega vigilancia las 24 horas ,aún no se cancela administración</p>

Se arrienda hermoso apartamento para estrenar ubicado sobre la vía...
