{"id":273588,"date":"2026-02-11T13:59:09","date_gmt":"2026-02-11T18:59:09","guid":{"rendered":"https:\/\/arriendo.com\/co\/%es_type%\/%address_city%\/%neighborhood%\/armenia-fundadores-local-en-arriendo-en-d383c3\/"},"modified":"2026-02-11T13:59:09","modified_gmt":"2026-02-11T18:59:09","slug":"AR-273588","status":"publish","type":"properties","link":"https:\/\/arriendo.com\/co\/locales\/armenia\/fundadores\/AR-273588\/","title":{"rendered":"Local en Arriendo en Fundadores, Armenia"},"content":{"rendered":"<p>Arriendo  Local Cl\u00ednico \u2013 Sector Fundadores, Armenia Quind\u00edo <\/p>\n<p> Ubicado en la exclusiva zona de cl\u00ednicas del sector Fundadores, \u00e1rea de alto flujo m\u00e9dico y gran proyecci\u00f3n.<\/p>\n<p> Amplio local de 300 m\u00b2, ideal para servicios de salud.<\/p>\n<p> Dotado con instalaciones odontol\u00f3gicas, adaptable para otras especialidades m\u00e9dicas.<\/p>\n<p> Cuenta con 7 consultorios independientes y funcionales.<\/p>\n<p> Recepci\u00f3n amplia para atenci\u00f3n de pacientes.<\/p>\n<p> Sala de espera c\u00f3moda con excelente distribuci\u00f3n.<\/p>\n<p> Sala de radiolog\u00eda instalada.<\/p>\n<p> Dos ba\u00f1os de f\u00e1cil acceso para usuarios y personal.<\/p>\n<p> Local adicional para almacenamiento, con entrada independiente.<\/p>\n<p> Cocineta funcional, ideal para uso del personal de salud.<\/p>\n<p> Espacios iluminados, ventilados y aptos para adecuaciones adicionales seg\u00fan la necesidad.<\/p>\n<p> Se arrienda Amoblado $20.000.000<\/p>\n<p>Para m\u00e1s informaci\u00f3n o agendar una visita, cont\u00e1ctanos. Estaremos encantados de atenderte.<\/p>\n","protected":false},"excerpt":{"rendered":"Arriendo Local Cl\u00ednico \u2013 Sector Fundadores, Armenia Quind\u00edo Ubicado en...","protected":false},"author":6081,"featured_media":273591,"template":"","es_locations":[347,1325,101],"es_categories":[124],"es_types":[117],"es_rent_periods":[],"es_labels":[],"es_statuses":[],"es_parkings":[],"es_roofs":[],"es_exterior_materials":[],"es_basements":[],"es_floor_coverings":[],"es_features":[2292,2212,2370,2272,2135,2136,144,2137],"es_amenities":[2294,2217,2371,2273,2142,2143,2289,2144],"es_neighborhoods":[],"es_tags":[],"class_list":["post-273588","properties","type-properties","status-publish","has-post-thumbnail","hentry","es_location-armenia","es_location-fundadores","es_location-quindio","es_category-arriendo","es_type-locales","es_feature-acceso-pavimentado","es_feature-bano-auxiliar","es_feature-oficina-de-negocios","es_feature-piso-en-baldosa-marmol","es_feature-sobre-via-principal","es_feature-trans-publico-cercano","es_feature-vista-panoramica","es_feature-zona-comercial","es_amenity-acceso-pavimentado","es_amenity-bano-auxiliar","es_amenity-oficina-de-negocios","es_amenity-piso-en-baldosa-marmol","es_amenity-sobre-via-principal","es_amenity-trans-publico-cercano","es_amenity-vista-panoramica","es_amenity-zona-comercial","es-post-entity"],"_links":{"self":[{"href":"https:\/\/arriendo.com\/co\/wp-json\/wp\/v2\/properties\/273588","targetHints":{"allow":["GET"]}}],"collection":[{"href":"https:\/\/arriendo.com\/co\/wp-json\/wp\/v2\/properties"}],"about":[{"href":"https:\/\/arriendo.com\/co\/wp-json\/wp\/v2\/types\/properties"}],"author":[{"embeddable":true,"href":"https:\/\/arriendo.com\/co\/wp-json\/wp\/v2\/users\/6081"}],"version-history":[{"count":0,"href":"https:\/\/arriendo.com\/co\/wp-json\/wp\/v2\/properties\/273588\/revisions"}],"wp:featuredmedia":[{"embeddable":true,"href":"https:\/\/arriendo.com\/co\/wp-json\/wp\/v2\/media\/273591"}],"wp:attachment":[{"href":"https:\/\/arriendo.com\/co\/wp-json\/wp\/v2\/media?parent=273588"}],"wp:term":[{"taxonomy":"es_location","embeddable":true,"href":"https:\/\/arriendo.com\/co\/wp-json\/wp\/v2\/es_locations?post=273588"},{"taxonomy":"es_category","embeddable":true,"href":"https:\/\/arriendo.com\/co\/wp-json\/wp\/v2\/es_categories?post=273588"},{"taxonomy":"es_type","embeddable":true,"href":"https:\/\/arriendo.com\/co\/wp-json\/wp\/v2\/es_types?post=273588"},{"taxonomy":"es_rent_period","embeddable":true,"href":"https:\/\/arriendo.com\/co\/wp-json\/wp\/v2\/es_rent_periods?post=273588"},{"taxonomy":"es_label","embeddable":true,"href":"https:\/\/arriendo.com\/co\/wp-json\/wp\/v2\/es_labels?post=273588"},{"taxonomy":"es_status","embeddable":true,"href":"https:\/\/arriendo.com\/co\/wp-json\/wp\/v2\/es_statuses?post=273588"},{"taxonomy":"es_parking","embeddable":true,"href":"https:\/\/arriendo.com\/co\/wp-json\/wp\/v2\/es_parkings?post=273588"},{"taxonomy":"es_roof","embeddable":true,"href":"https:\/\/arriendo.com\/co\/wp-json\/wp\/v2\/es_roofs?post=273588"},{"taxonomy":"es_exterior_material","embeddable":true,"href":"https:\/\/arriendo.com\/co\/wp-json\/wp\/v2\/es_exterior_materials?post=273588"},{"taxonomy":"es_basement","embeddable":true,"href":"https:\/\/arriendo.com\/co\/wp-json\/wp\/v2\/es_basements?post=273588"},{"taxonomy":"es_floor_covering","embeddable":true,"href":"https:\/\/arriendo.com\/co\/wp-json\/wp\/v2\/es_floor_coverings?post=273588"},{"taxonomy":"es_feature","embeddable":true,"href":"https:\/\/arriendo.com\/co\/wp-json\/wp\/v2\/es_features?post=273588"},{"taxonomy":"es_amenity","embeddable":true,"href":"https:\/\/arriendo.com\/co\/wp-json\/wp\/v2\/es_amenities?post=273588"},{"taxonomy":"es_neighborhood","embeddable":true,"href":"https:\/\/arriendo.com\/co\/wp-json\/wp\/v2\/es_neighborhoods?post=273588"},{"taxonomy":"es_tag","embeddable":true,"href":"https:\/\/arriendo.com\/co\/wp-json\/wp\/v2\/es_tags?post=273588"}],"curies":[{"name":"wp","href":"https:\/\/api.w.org\/{rel}","templated":true}]}}

<p>Arriendo  Local Clínico – Sector Fundadores, Armenia Quindío </p>
<p> Ubicado en la exclusiva zona de clínicas del sector Fundadores, área de alto flujo médico y gran proyección.</p>
<p> Amplio local de 300 m², ideal para servicios de salud.</p>
<p> Dotado con instalaciones odontológicas, adaptable para otras especialidades médicas.</p>
<p> Cuenta con 7 consultorios independientes y funcionales.</p>
<p> Recepción amplia para atención de pacientes.</p>
<p> Sala de espera cómoda con excelente distribución.</p>
<p> Sala de radiología instalada.</p>
<p> Dos baños de fácil acceso para usuarios y personal.</p>
<p> Local adicional para almacenamiento, con entrada independiente.</p>
<p> Cocineta funcional, ideal para uso del personal de salud.</p>
<p> Espacios iluminados, ventilados y aptos para adecuaciones adicionales según la necesidad.</p>
<p> Se arrienda Amoblado $20.000.000</p>
<p>Para más información o agendar una visita, contáctanos. Estaremos encantados de atenderte.</p>

Arriendo Local Clínico – Sector Fundadores, Armenia Quindío Ubicado en...
