{"id":272461,"date":"2026-02-11T11:31:08","date_gmt":"2026-02-11T16:31:08","guid":{"rendered":"https:\/\/arriendo.com\/co\/%es_type%\/%address_city%\/%neighborhood%\/chia-la-primavera-local-en-arriendo-en-cb4157\/"},"modified":"2026-02-11T11:31:08","modified_gmt":"2026-02-11T16:31:08","slug":"AR-272461","status":"publish","type":"properties","link":"https:\/\/arriendo.com\/co\/locales\/chia\/la-primavera\/AR-272461\/","title":{"rendered":"Local en Arriendo en La primavera, Ch\u00eda"},"content":{"rendered":"<p>LOCAL COMERCIAL ARRIENDO SEGUNDO PISO 160M2 (100 DE \u00c1REA LIBRE Y 60M2 DE APARTAMENTO PARA USO DE OFICINAS LOCKERS U OTROS AFINES)<\/p>\n<p>En la misma calle del gal\u00e1pago campestre &#8211; cerca a la avenida Chilacos<\/p>\n<p>Sector residencial, el local est\u00e1 en una calle donde est\u00e1 el comercio de conveniencia del \u00e1rea (droguer\u00edas, supermercados, fruver, papeler\u00eda y centro de pagos entre otras opciones)<\/p>\n<p>Es un local en segundo piso con acceso por escaleras, ubicado en edificio comercial <\/p>\n<p>Tiene balc\u00f3n, zona de ba\u00f1os, vestier y\/o oficina.<br \/>\n Pisos en porcelanato.<\/p>\n<p>Ideal para oficinas, centros de educaci\u00f3n formal y no formal, transformaci\u00f3n textil, etc.<br \/>\nCuenta con sal\u00f3n principal, espacio para recepci\u00f3n, zona de venstier y ba\u00f1os.<br \/>\nSe puede arrendar apartamento como espacio de oficinas adicional (por un valor adicional)<\/p>\n<p>Cont\u00e1ctanos para m\u00e1s informaci\u00f3n (57)  *** (Colombia)<\/p>\n","protected":false},"excerpt":{"rendered":"LOCAL COMERCIAL ARRIENDO SEGUNDO PISO 160M2 (100 DE \u00c1REA LIBRE...","protected":false},"author":4102,"featured_media":272464,"template":"","es_locations":[203,91,892],"es_categories":[124],"es_types":[117],"es_rent_periods":[],"es_labels":[],"es_statuses":[],"es_parkings":[],"es_roofs":[],"es_exterior_materials":[],"es_basements":[],"es_floor_coverings":[],"es_features":[2201,2272,2135,2137,2152],"es_amenities":[2206,2273,2142,2144,2162],"es_neighborhoods":[],"es_tags":[],"class_list":["post-272461","properties","type-properties","status-publish","has-post-thumbnail","hentry","es_location-chia","es_location-cundinamarca","es_location-la-primavera","es_category-arriendo","es_type-locales","es_feature-en-zona-comercial","es_feature-piso-en-baldosa-marmol","es_feature-sobre-via-principal","es_feature-zona-comercial","es_feature-zona-residencial","es_amenity-en-zona-comercial","es_amenity-piso-en-baldosa-marmol","es_amenity-sobre-via-principal","es_amenity-zona-comercial","es_amenity-zona-residencial","es-post-entity"],"_links":{"self":[{"href":"https:\/\/arriendo.com\/co\/wp-json\/wp\/v2\/properties\/272461","targetHints":{"allow":["GET"]}}],"collection":[{"href":"https:\/\/arriendo.com\/co\/wp-json\/wp\/v2\/properties"}],"about":[{"href":"https:\/\/arriendo.com\/co\/wp-json\/wp\/v2\/types\/properties"}],"author":[{"embeddable":true,"href":"https:\/\/arriendo.com\/co\/wp-json\/wp\/v2\/users\/4102"}],"version-history":[{"count":0,"href":"https:\/\/arriendo.com\/co\/wp-json\/wp\/v2\/properties\/272461\/revisions"}],"wp:featuredmedia":[{"embeddable":true,"href":"https:\/\/arriendo.com\/co\/wp-json\/wp\/v2\/media\/272464"}],"wp:attachment":[{"href":"https:\/\/arriendo.com\/co\/wp-json\/wp\/v2\/media?parent=272461"}],"wp:term":[{"taxonomy":"es_location","embeddable":true,"href":"https:\/\/arriendo.com\/co\/wp-json\/wp\/v2\/es_locations?post=272461"},{"taxonomy":"es_category","embeddable":true,"href":"https:\/\/arriendo.com\/co\/wp-json\/wp\/v2\/es_categories?post=272461"},{"taxonomy":"es_type","embeddable":true,"href":"https:\/\/arriendo.com\/co\/wp-json\/wp\/v2\/es_types?post=272461"},{"taxonomy":"es_rent_period","embeddable":true,"href":"https:\/\/arriendo.com\/co\/wp-json\/wp\/v2\/es_rent_periods?post=272461"},{"taxonomy":"es_label","embeddable":true,"href":"https:\/\/arriendo.com\/co\/wp-json\/wp\/v2\/es_labels?post=272461"},{"taxonomy":"es_status","embeddable":true,"href":"https:\/\/arriendo.com\/co\/wp-json\/wp\/v2\/es_statuses?post=272461"},{"taxonomy":"es_parking","embeddable":true,"href":"https:\/\/arriendo.com\/co\/wp-json\/wp\/v2\/es_parkings?post=272461"},{"taxonomy":"es_roof","embeddable":true,"href":"https:\/\/arriendo.com\/co\/wp-json\/wp\/v2\/es_roofs?post=272461"},{"taxonomy":"es_exterior_material","embeddable":true,"href":"https:\/\/arriendo.com\/co\/wp-json\/wp\/v2\/es_exterior_materials?post=272461"},{"taxonomy":"es_basement","embeddable":true,"href":"https:\/\/arriendo.com\/co\/wp-json\/wp\/v2\/es_basements?post=272461"},{"taxonomy":"es_floor_covering","embeddable":true,"href":"https:\/\/arriendo.com\/co\/wp-json\/wp\/v2\/es_floor_coverings?post=272461"},{"taxonomy":"es_feature","embeddable":true,"href":"https:\/\/arriendo.com\/co\/wp-json\/wp\/v2\/es_features?post=272461"},{"taxonomy":"es_amenity","embeddable":true,"href":"https:\/\/arriendo.com\/co\/wp-json\/wp\/v2\/es_amenities?post=272461"},{"taxonomy":"es_neighborhood","embeddable":true,"href":"https:\/\/arriendo.com\/co\/wp-json\/wp\/v2\/es_neighborhoods?post=272461"},{"taxonomy":"es_tag","embeddable":true,"href":"https:\/\/arriendo.com\/co\/wp-json\/wp\/v2\/es_tags?post=272461"}],"curies":[{"name":"wp","href":"https:\/\/api.w.org\/{rel}","templated":true}]}}

Local en Arriendo en La primavera, Chía

<p>LOCAL COMERCIAL ARRIENDO SEGUNDO PISO 160M2 (100 DE ÁREA LIBRE Y 60M2 DE APARTAMENTO PARA USO DE OFICINAS LOCKERS U OTROS AFINES)</p>
<p>En la misma calle del galápago campestre &#8211; cerca a la avenida Chilacos</p>
<p>Sector residencial, el local está en una calle donde está el comercio de conveniencia del área (droguerías, supermercados, fruver, papelería y centro de pagos entre otras opciones)</p>
<p>Es un local en segundo piso con acceso por escaleras, ubicado en edificio comercial </p>
<p>Tiene balcón, zona de baños, vestier y/o oficina.<br />
 Pisos en porcelanato.</p>
<p>Ideal para oficinas, centros de educación formal y no formal, transformación textil, etc.<br />
Cuenta con salón principal, espacio para recepción, zona de venstier y baños.<br />
Se puede arrendar apartamento como espacio de oficinas adicional (por un valor adicional)</p>
<p>Contáctanos para más información (57)  *** (Colombia)</p>

LOCAL COMERCIAL ARRIENDO SEGUNDO PISO 160M2 (100 DE ÁREA LIBRE...
