{"id":271579,"date":"2026-02-11T01:51:08","date_gmt":"2026-02-11T06:51:08","guid":{"rendered":"https:\/\/arriendo.com\/co\/%es_type%\/%address_city%\/%neighborhood%\/bogota-antiguo-country-oficina-en-arriendo-en-c11e53\/"},"modified":"2026-02-11T01:51:08","modified_gmt":"2026-02-11T06:51:08","slug":"AR-271579","status":"publish","type":"properties","link":"https:\/\/arriendo.com\/co\/oficinas\/bogota\/antiguo-country\/AR-271579\/","title":{"rendered":"Oficina en Arriendo en Antiguo country, Bogot\u00e1"},"content":{"rendered":"<p>Establezca su negocio en este estrat\u00e9gico espacio, ideal para oficinas o consultorios, dise\u00f1ado con amplias \u00e1reas abiertas que fomentan la productividad y la colaboraci\u00f3n. Disfrute de la tranquilidad y seguridad que ofrece la vigilancia 24\/7 y la continuidad operativa garantizada por una planta el\u00e9ctrica. Su ubicaci\u00f3n privilegiada, a pasos de la estaci\u00f3n H\u00e9roes de Transmilenio, asegura una conectividad inigualable y un acceso equidistante a los principales centros comerciales y distritos de negocios de la capital, maximizando la visibilidad y el potencial de crecimiento de su empresa.<\/p>\n","protected":false},"excerpt":{"rendered":"Establezca su negocio en este estrat\u00e9gico espacio, ideal para oficinas...","protected":false},"author":4102,"featured_media":271582,"template":"","es_locations":[1143,110,77],"es_categories":[124],"es_types":[116],"es_rent_periods":[],"es_labels":[],"es_statuses":[],"es_parkings":[],"es_roofs":[],"es_exterior_materials":[],"es_basements":[],"es_floor_coverings":[],"es_features":[131,2130,2328,2131,2178,2132,2418,2133,2134,2239,2136,2297,2137],"es_amenities":[152,2138,2330,2139,2193,2140,2419,158,2141,2256,2143,2299,2144],"es_neighborhoods":[],"es_tags":[],"class_list":["post-271579","properties","type-properties","status-publish","has-post-thumbnail","hentry","es_location-antiguo-country","es_location-bogota","es_location-bogota-d-c","es_category-arriendo","es_type-oficinas","es_feature-ascensor","es_feature-banos-comunales","es_feature-banos-mixtos","es_feature-circuito-cerrado-de-tv","es_feature-garaje-cubierto","es_feature-parques-cercanos","es_feature-piso-en-madera","es_feature-porteria-recepcion","es_feature-servicios-publicos","es_feature-sobre-via-secundaria","es_feature-trans-publico-cercano","es_feature-ubicada-en-edificio","es_feature-zona-comercial","es_amenity-ascensor-privado","es_amenity-banos-comunales","es_amenity-banos-mixtos","es_amenity-circuito-cerrado-de-tv","es_amenity-garaje-cubierto","es_amenity-parques-cercanos","es_amenity-piso-en-madera","es_amenity-porteria-recepcion","es_amenity-servicios-publicos","es_amenity-sobre-via-secundaria","es_amenity-trans-publico-cercano","es_amenity-ubicada-en-edificio","es_amenity-zona-comercial","es-post-entity"],"_links":{"self":[{"href":"https:\/\/arriendo.com\/co\/wp-json\/wp\/v2\/properties\/271579","targetHints":{"allow":["GET"]}}],"collection":[{"href":"https:\/\/arriendo.com\/co\/wp-json\/wp\/v2\/properties"}],"about":[{"href":"https:\/\/arriendo.com\/co\/wp-json\/wp\/v2\/types\/properties"}],"author":[{"embeddable":true,"href":"https:\/\/arriendo.com\/co\/wp-json\/wp\/v2\/users\/4102"}],"version-history":[{"count":0,"href":"https:\/\/arriendo.com\/co\/wp-json\/wp\/v2\/properties\/271579\/revisions"}],"wp:featuredmedia":[{"embeddable":true,"href":"https:\/\/arriendo.com\/co\/wp-json\/wp\/v2\/media\/271582"}],"wp:attachment":[{"href":"https:\/\/arriendo.com\/co\/wp-json\/wp\/v2\/media?parent=271579"}],"wp:term":[{"taxonomy":"es_location","embeddable":true,"href":"https:\/\/arriendo.com\/co\/wp-json\/wp\/v2\/es_locations?post=271579"},{"taxonomy":"es_category","embeddable":true,"href":"https:\/\/arriendo.com\/co\/wp-json\/wp\/v2\/es_categories?post=271579"},{"taxonomy":"es_type","embeddable":true,"href":"https:\/\/arriendo.com\/co\/wp-json\/wp\/v2\/es_types?post=271579"},{"taxonomy":"es_rent_period","embeddable":true,"href":"https:\/\/arriendo.com\/co\/wp-json\/wp\/v2\/es_rent_periods?post=271579"},{"taxonomy":"es_label","embeddable":true,"href":"https:\/\/arriendo.com\/co\/wp-json\/wp\/v2\/es_labels?post=271579"},{"taxonomy":"es_status","embeddable":true,"href":"https:\/\/arriendo.com\/co\/wp-json\/wp\/v2\/es_statuses?post=271579"},{"taxonomy":"es_parking","embeddable":true,"href":"https:\/\/arriendo.com\/co\/wp-json\/wp\/v2\/es_parkings?post=271579"},{"taxonomy":"es_roof","embeddable":true,"href":"https:\/\/arriendo.com\/co\/wp-json\/wp\/v2\/es_roofs?post=271579"},{"taxonomy":"es_exterior_material","embeddable":true,"href":"https:\/\/arriendo.com\/co\/wp-json\/wp\/v2\/es_exterior_materials?post=271579"},{"taxonomy":"es_basement","embeddable":true,"href":"https:\/\/arriendo.com\/co\/wp-json\/wp\/v2\/es_basements?post=271579"},{"taxonomy":"es_floor_covering","embeddable":true,"href":"https:\/\/arriendo.com\/co\/wp-json\/wp\/v2\/es_floor_coverings?post=271579"},{"taxonomy":"es_feature","embeddable":true,"href":"https:\/\/arriendo.com\/co\/wp-json\/wp\/v2\/es_features?post=271579"},{"taxonomy":"es_amenity","embeddable":true,"href":"https:\/\/arriendo.com\/co\/wp-json\/wp\/v2\/es_amenities?post=271579"},{"taxonomy":"es_neighborhood","embeddable":true,"href":"https:\/\/arriendo.com\/co\/wp-json\/wp\/v2\/es_neighborhoods?post=271579"},{"taxonomy":"es_tag","embeddable":true,"href":"https:\/\/arriendo.com\/co\/wp-json\/wp\/v2\/es_tags?post=271579"}],"curies":[{"name":"wp","href":"https:\/\/api.w.org\/{rel}","templated":true}]}}

Oficina en Arriendo en Antiguo country, Bogotá

<p>Establezca su negocio en este estratégico espacio, ideal para oficinas o consultorios, diseñado con amplias áreas abiertas que fomentan la productividad y la colaboración. Disfrute de la tranquilidad y seguridad que ofrece la vigilancia 24/7 y la continuidad operativa garantizada por una planta eléctrica. Su ubicación privilegiada, a pasos de la estación Héroes de Transmilenio, asegura una conectividad inigualable y un acceso equidistante a los principales centros comerciales y distritos de negocios de la capital, maximizando la visibilidad y el potencial de crecimiento de su empresa.</p>

Establezca su negocio en este estratégico espacio, ideal para oficinas...
