{"id":270794,"date":"2026-02-11T00:09:08","date_gmt":"2026-02-11T05:09:08","guid":{"rendered":"https:\/\/arriendo.com\/co\/%es_type%\/%address_city%\/%neighborhood%\/bogota-colina-campestre-apartamento-en-arriendo-419cac\/"},"modified":"2026-02-11T00:09:08","modified_gmt":"2026-02-11T05:09:08","slug":"AR-270794","status":"publish","type":"properties","link":"https:\/\/arriendo.com\/co\/apartamentos\/bogota\/colina-campestre\/AR-270794\/","title":{"rendered":"Apartamento en  Arriendo en Colina Campestre, Bogot\u00e1"},"content":{"rendered":"<p>Para relocation apartamento amoblado con decoraci\u00f3n sobria y elegante. Muebles y electrodom\u00e9sticos en perfecto estado. Alcoba principal con cama doble y ba\u00f1o privado; segunda alcoba tiene cama doble y ba\u00f1o externo; estudio con escritorio y biblioteca. Cocina amplia con menaje completo y patio de ropas con lavadora. Ubicaci\u00f3n central cerca de Centro Comercial Parque Colina, colegios, supermercados y avenidas. El arriendo incluye la administraci\u00f3n y servicio completo de aseo cada dos semanas. El conjunto cuenta con vigilancia 24 horas-<\/p>\n","protected":false},"excerpt":{"rendered":"Para relocation apartamento amoblado con decoraci\u00f3n sobria y elegante. Muebles...","protected":false},"author":1755,"featured_media":270797,"template":"","es_locations":[110,77,554],"es_categories":[124],"es_types":[114],"es_rent_periods":[],"es_labels":[],"es_statuses":[],"es_parkings":[],"es_roofs":[],"es_exterior_materials":[],"es_basements":[],"es_floor_coverings":[],"es_features":[2262,2145,133,2146,136,2179,2282,145,2181,2151,2185],"es_amenities":[2267,2153,2154,2155,2158,154,2287,2160,161,162,2173],"es_neighborhoods":[],"es_tags":[],"class_list":["post-270794","properties","type-properties","status-publish","has-post-thumbnail","hentry","es_location-bogota","es_location-bogota-d-c","es_location-colina-campestre","es_category-arriendo","es_type-apartamentos","es_feature-amoblado","es_feature-calentador","es_feature-citofono","es_feature-cocina-integral","es_feature-estudio","es_feature-gimnasio","es_feature-hall-de-alcobas","es_feature-instalacion-de-gas","es_feature-porteria-vigilancia","es_feature-zona-de-lavanderia","es_feature-zona-infantil","es_amenity-amoblado","es_amenity-calentador","es_amenity-citofono","es_amenity-cocina-integral","es_amenity-estudio","es_amenity-gimnasio","es_amenity-hall-de-alcobas","es_amenity-instalacion-de-gas","es_amenity-vigilancia-24-7","es_amenity-zona-de-lavanderia","es_amenity-zona-infantil","es-post-entity"],"_links":{"self":[{"href":"https:\/\/arriendo.com\/co\/wp-json\/wp\/v2\/properties\/270794","targetHints":{"allow":["GET"]}}],"collection":[{"href":"https:\/\/arriendo.com\/co\/wp-json\/wp\/v2\/properties"}],"about":[{"href":"https:\/\/arriendo.com\/co\/wp-json\/wp\/v2\/types\/properties"}],"author":[{"embeddable":true,"href":"https:\/\/arriendo.com\/co\/wp-json\/wp\/v2\/users\/1755"}],"version-history":[{"count":0,"href":"https:\/\/arriendo.com\/co\/wp-json\/wp\/v2\/properties\/270794\/revisions"}],"wp:featuredmedia":[{"embeddable":true,"href":"https:\/\/arriendo.com\/co\/wp-json\/wp\/v2\/media\/270797"}],"wp:attachment":[{"href":"https:\/\/arriendo.com\/co\/wp-json\/wp\/v2\/media?parent=270794"}],"wp:term":[{"taxonomy":"es_location","embeddable":true,"href":"https:\/\/arriendo.com\/co\/wp-json\/wp\/v2\/es_locations?post=270794"},{"taxonomy":"es_category","embeddable":true,"href":"https:\/\/arriendo.com\/co\/wp-json\/wp\/v2\/es_categories?post=270794"},{"taxonomy":"es_type","embeddable":true,"href":"https:\/\/arriendo.com\/co\/wp-json\/wp\/v2\/es_types?post=270794"},{"taxonomy":"es_rent_period","embeddable":true,"href":"https:\/\/arriendo.com\/co\/wp-json\/wp\/v2\/es_rent_periods?post=270794"},{"taxonomy":"es_label","embeddable":true,"href":"https:\/\/arriendo.com\/co\/wp-json\/wp\/v2\/es_labels?post=270794"},{"taxonomy":"es_status","embeddable":true,"href":"https:\/\/arriendo.com\/co\/wp-json\/wp\/v2\/es_statuses?post=270794"},{"taxonomy":"es_parking","embeddable":true,"href":"https:\/\/arriendo.com\/co\/wp-json\/wp\/v2\/es_parkings?post=270794"},{"taxonomy":"es_roof","embeddable":true,"href":"https:\/\/arriendo.com\/co\/wp-json\/wp\/v2\/es_roofs?post=270794"},{"taxonomy":"es_exterior_material","embeddable":true,"href":"https:\/\/arriendo.com\/co\/wp-json\/wp\/v2\/es_exterior_materials?post=270794"},{"taxonomy":"es_basement","embeddable":true,"href":"https:\/\/arriendo.com\/co\/wp-json\/wp\/v2\/es_basements?post=270794"},{"taxonomy":"es_floor_covering","embeddable":true,"href":"https:\/\/arriendo.com\/co\/wp-json\/wp\/v2\/es_floor_coverings?post=270794"},{"taxonomy":"es_feature","embeddable":true,"href":"https:\/\/arriendo.com\/co\/wp-json\/wp\/v2\/es_features?post=270794"},{"taxonomy":"es_amenity","embeddable":true,"href":"https:\/\/arriendo.com\/co\/wp-json\/wp\/v2\/es_amenities?post=270794"},{"taxonomy":"es_neighborhood","embeddable":true,"href":"https:\/\/arriendo.com\/co\/wp-json\/wp\/v2\/es_neighborhoods?post=270794"},{"taxonomy":"es_tag","embeddable":true,"href":"https:\/\/arriendo.com\/co\/wp-json\/wp\/v2\/es_tags?post=270794"}],"curies":[{"name":"wp","href":"https:\/\/api.w.org\/{rel}","templated":true}]}}

Apartamento en  Arriendo en Colina Campestre, Bogotá

<p>Para relocation apartamento amoblado con decoración sobria y elegante. Muebles y electrodomésticos en perfecto estado. Alcoba principal con cama doble y baño privado; segunda alcoba tiene cama doble y baño externo; estudio con escritorio y biblioteca. Cocina amplia con menaje completo y patio de ropas con lavadora. Ubicación central cerca de Centro Comercial Parque Colina, colegios, supermercados y avenidas. El arriendo incluye la administración y servicio completo de aseo cada dos semanas. El conjunto cuenta con vigilancia 24 horas-</p>

Para relocation apartamento amoblado con decoración sobria y elegante. Muebles...
